{"id":120,"date":"2019-06-12T09:36:29","date_gmt":"2019-06-12T09:36:29","guid":{"rendered":"https:\/\/blogsaverroes.juntadeandalucia.es\/miniempresatalme\/?page_id=120"},"modified":"2022-04-19T12:21:14","modified_gmt":"2022-04-19T12:21:14","slug":"quienes-somos","status":"publish","type":"page","link":"https:\/\/blogsaverroes.juntadeandalucia.es\/miniempresatalme\/quienes-somos\/","title":{"rendered":"Nuestros comienzos"},"content":{"rendered":"<p>&nbsp;<\/p>\n<p><img fetchpriority=\"high\" decoding=\"async\" class=\"aligncenter\" src=\"https:\/\/blogsaverroes.juntadeandalucia.es\/miniempresatalme\/files\/2019\/06\/recorte-talme.png\" width=\"607\" height=\"308\"><\/p>\n<hr>\n<p style=\"text-align: justify\"><span style=\"font-size: 14pt;font-family: 'book antiqua', palatino, serif\">Comenzamos con la mini-empresa \u00abTalme\u00bb hace ya siete a\u00f1os. La idea surgi\u00f3 para dar dinamismo al aula de educaci\u00f3n especial en un instituto de secundaria, de las que somos tutoras. Los alumnos\/as necesitaban unos contenidos m\u00e1s ajustados al mundo cotidiano que les rodea y que por otra parte, pudieran servirles en un futuro para desempe\u00f1ar un trabajo. A trav\u00e9s del proyecto INNICIA pudimos crear una mini-empresa que abordara nuestros contenidos curriculares con una aplicaci\u00f3n pr\u00e1ctica: lectoescrituta, c\u00e1lculo b\u00e1sico, manejo del dinero, expresi\u00f3n oral y escrita, mejora de la motricidad fina, habilidades sociales, emprendimiento, creatividad, y muchas otras m\u00e1s.<\/span><\/p>\n<p style=\"text-align: justify\">&nbsp;<\/p>\n<p style=\"text-align: justify\"><span style=\"font-size: 14pt;font-family: 'book antiqua', palatino, serif\">&nbsp;<img decoding=\"async\" class=\"alignleft\" src=\"https:\/\/blogsaverroes.juntadeandalucia.es\/miniempresatalme\/files\/2019\/06\/20160314_130718.jpg\" width=\"349\" height=\"262\"><img decoding=\"async\" class=\"alignright\" src=\"https:\/\/blogsaverroes.juntadeandalucia.es\/miniempresatalme\/files\/2019\/06\/20160310_100626.jpg\" width=\"363\" height=\"272\"><\/span><\/p>\n<p style=\"text-align: justify\">&nbsp;<\/p>\n<p style=\"text-align: justify\">&nbsp;<\/p>\n<p style=\"text-align: justify\">&nbsp;<\/p>\n<p style=\"text-align: justify\">&nbsp;<\/p>\n<p style=\"text-align: justify\">&nbsp;<\/p>\n<p style=\"text-align: justify\">&nbsp;<\/p>\n<p style=\"text-align: justify\">&nbsp;<\/p>\n<p style=\"text-align: justify\"><span style=\"font-size: 14pt;font-family: 'book antiqua', palatino, serif\">Aunque los comienzos fueron complicados, el planteamiento fue todo un \u00e9xito. Los alumnos estaban entusiasmados de poder aprender de una manera m\u00e1s divertida.<\/span><\/p>\n<p style=\"text-align: justify\"><span style=\"font-size: 14pt;font-family: 'book antiqua', palatino, serif\"><img decoding=\"async\" src=\"https:\/\/blogsaverroes.juntadeandalucia.es\/miniempresatalme\/files\/2019\/06\/20151103_120455.jpg\"><\/span><\/p>\n<p style=\"text-align: justify\"><span style=\"font-size: 14pt;font-family: 'book antiqua', palatino, serif\">Lo primero que hicimos fue pensar qu\u00e9 quer\u00edamos hacer y nos planteamos la creaci\u00f3n de peque\u00f1as manualidades con materiales de reciclaje y art\u00edculos de reposter\u00eda que elabor\u00e1bamos en nuestro taller de cocina.<\/span><\/p>\n<p style=\"text-align: justify\"><span style=\"font-size: 14pt;font-family: 'book antiqua', palatino, serif\">M\u00e1s tarde creamos nuestros estatutos con las funciones de cada uno, los d\u00edas de venta y, por supuesto, el nombre y el logo de la empresa. Despu\u00e9s de mucho pensar el resultado fue \u00abTALME\u00bb, que se forma con las iniciales de nuestros nombres: Marcos, Trini, Ana, Ester, Marcos, Espe y Lina, que aparecen en la foto siguiente.<\/span><\/p>\n<p style=\"text-align: justify\">&nbsp;<\/p>\n<p style=\"text-align: justify\"><span style=\"font-size: 14pt;font-family: 'book antiqua', palatino, serif\"><img decoding=\"async\" src=\"https:\/\/blogsaverroes.juntadeandalucia.es\/miniempresatalme\/files\/2019\/06\/IMG-20160603-WA0001.jpg\"><\/span><\/p>\n<p style=\"text-align: justify\"><span style=\"font-size: 14pt;font-family: 'book antiqua', palatino, serif\">Los alumnos disfrutaban con el trabajo de la mini-empresa ya que era una aplicaci\u00f3n m\u00e1s pr\u00e1ctica de todo lo que aprend\u00edan en el aula de educaci\u00f3n especial, adem\u00e1s de suponer una integraci\u00f3n m\u00e1s efectiva con el resto de compa\u00f1eros y profesores del instituto.<\/span><\/p>\n<p style=\"text-align: justify\"><span style=\"font-size: 14pt;font-family: 'book antiqua', palatino, serif\">El dinero recogido en las ventas lo empleamos para financiar nuestras salidas y excursiones y para colaborar en el apadrinamiento de un ni\u00f1o con \u00abAyuda en Acci\u00f3n\u00bb con el que manten\u00edamos contacto por correo.<\/span><\/p>\n<p style=\"text-align: justify\">&nbsp;<\/p>\n<p style=\"text-align: justify\">&nbsp;<\/p>\n<p style=\"text-align: justify\">&nbsp;<\/p>\n<p>&nbsp;<\/p>\n<p>&nbsp;<\/p>\n<p>&nbsp;<\/p>\n<p>&nbsp;<\/p>\n<p>&nbsp;<\/p>\n<p>&nbsp;<\/p>\n","protected":false},"excerpt":{"rendered":"<p>&nbsp; Comenzamos con la mini-empresa \u00abTalme\u00bb hace ya siete a\u00f1os. La idea surgi\u00f3 para dar dinamismo al aula de educaci\u00f3n especial en un instituto de secundaria, de las que somos tutoras. Los alumnos\/as necesitaban&#46;&#46;&#46;<\/p>\n","protected":false},"author":7130,"featured_media":0,"parent":0,"menu_order":0,"comment_status":"closed","ping_status":"closed","template":"","meta":{"ngg_post_thumbnail":0,"footnotes":""},"aioseo_notices":[],"_links":{"self":[{"href":"https:\/\/blogsaverroes.juntadeandalucia.es\/miniempresatalme\/wp-json\/wp\/v2\/pages\/120"}],"collection":[{"href":"https:\/\/blogsaverroes.juntadeandalucia.es\/miniempresatalme\/wp-json\/wp\/v2\/pages"}],"about":[{"href":"https:\/\/blogsaverroes.juntadeandalucia.es\/miniempresatalme\/wp-json\/wp\/v2\/types\/page"}],"author":[{"embeddable":true,"href":"https:\/\/blogsaverroes.juntadeandalucia.es\/miniempresatalme\/wp-json\/wp\/v2\/users\/7130"}],"replies":[{"embeddable":true,"href":"https:\/\/blogsaverroes.juntadeandalucia.es\/miniempresatalme\/wp-json\/wp\/v2\/comments?post=120"}],"version-history":[{"count":14,"href":"https:\/\/blogsaverroes.juntadeandalucia.es\/miniempresatalme\/wp-json\/wp\/v2\/pages\/120\/revisions"}],"predecessor-version":[{"id":711,"href":"https:\/\/blogsaverroes.juntadeandalucia.es\/miniempresatalme\/wp-json\/wp\/v2\/pages\/120\/revisions\/711"}],"wp:attachment":[{"href":"https:\/\/blogsaverroes.juntadeandalucia.es\/miniempresatalme\/wp-json\/wp\/v2\/media?parent=120"}],"curies":[{"name":"wp","href":"https:\/\/api.w.org\/{rel}","templated":true}]}}

<p>&nbsp;</p>
<p><img fetchpriority="high" decoding="async" class="aligncenter" src="https://blogsaverroes.juntadeandalucia.es/miniempresatalme/files/2019/06/recorte-talme.png" width="607" height="308"></p>
<hr>
<p style="text-align: justify"><span style="font-size: 14pt;font-family: 'book antiqua', palatino, serif">Comenzamos con la mini-empresa «Talme» hace ya siete años. La idea surgió para dar dinamismo al aula de educación especial en un instituto de secundaria, de las que somos tutoras. Los alumnos/as necesitaban unos contenidos más ajustados al mundo cotidiano que les rodea y que por otra parte, pudieran servirles en un futuro para desempeñar un trabajo. A través del proyecto INNICIA pudimos crear una mini-empresa que abordara nuestros contenidos curriculares con una aplicación práctica: lectoescrituta, cálculo básico, manejo del dinero, expresión oral y escrita, mejora de la motricidad fina, habilidades sociales, emprendimiento, creatividad, y muchas otras más.</span></p>
<p style="text-align: justify">&nbsp;</p>
<p style="text-align: justify"><span style="font-size: 14pt;font-family: 'book antiqua', palatino, serif">&nbsp;<img decoding="async" class="alignleft" src="https://blogsaverroes.juntadeandalucia.es/miniempresatalme/files/2019/06/20160314_130718.jpg" width="349" height="262"><img decoding="async" class="alignright" src="https://blogsaverroes.juntadeandalucia.es/miniempresatalme/files/2019/06/20160310_100626.jpg" width="363" height="272"></span></p>
<p style="text-align: justify">&nbsp;</p>
<p style="text-align: justify">&nbsp;</p>
<p style="text-align: justify">&nbsp;</p>
<p style="text-align: justify">&nbsp;</p>
<p style="text-align: justify">&nbsp;</p>
<p style="text-align: justify">&nbsp;</p>
<p style="text-align: justify">&nbsp;</p>
<p style="text-align: justify"><span style="font-size: 14pt;font-family: 'book antiqua', palatino, serif">Aunque los comienzos fueron complicados, el planteamiento fue todo un éxito. Los alumnos estaban entusiasmados de poder aprender de una manera más divertida.</span></p>
<p style="text-align: justify"><span style="font-size: 14pt;font-family: 'book antiqua', palatino, serif"><img decoding="async" src="https://blogsaverroes.juntadeandalucia.es/miniempresatalme/files/2019/06/20151103_120455.jpg"></span></p>
<p style="text-align: justify"><span style="font-size: 14pt;font-family: 'book antiqua', palatino, serif">Lo primero que hicimos fue pensar qué queríamos hacer y nos planteamos la creación de pequeñas manualidades con materiales de reciclaje y artículos de repostería que elaborábamos en nuestro taller de cocina.</span></p>
<p style="text-align: justify"><span style="font-size: 14pt;font-family: 'book antiqua', palatino, serif">Más tarde creamos nuestros estatutos con las funciones de cada uno, los días de venta y, por supuesto, el nombre y el logo de la empresa. Después de mucho pensar el resultado fue «TALME», que se forma con las iniciales de nuestros nombres: Marcos, Trini, Ana, Ester, Marcos, Espe y Lina, que aparecen en la foto siguiente.</span></p>
<p style="text-align: justify">&nbsp;</p>
<p style="text-align: justify"><span style="font-size: 14pt;font-family: 'book antiqua', palatino, serif"><img decoding="async" src="https://blogsaverroes.juntadeandalucia.es/miniempresatalme/files/2019/06/IMG-20160603-WA0001.jpg"></span></p>
<p style="text-align: justify"><span style="font-size: 14pt;font-family: 'book antiqua', palatino, serif">Los alumnos disfrutaban con el trabajo de la mini-empresa ya que era una aplicación más práctica de todo lo que aprendían en el aula de educación especial, además de suponer una integración más efectiva con el resto de compañeros y profesores del instituto.</span></p>
<p style="text-align: justify"><span style="font-size: 14pt;font-family: 'book antiqua', palatino, serif">El dinero recogido en las ventas lo empleamos para financiar nuestras salidas y excursiones y para colaborar en el apadrinamiento de un niño con «Ayuda en Acción» con el que manteníamos contacto por correo.</span></p>
<p style="text-align: justify">&nbsp;</p>
<p style="text-align: justify">&nbsp;</p>
<p style="text-align: justify">&nbsp;</p>
<p>&nbsp;</p>
<p>&nbsp;</p>
<p>&nbsp;</p>
<p>&nbsp;</p>
<p>&nbsp;</p>
<p>&nbsp;</p>

<p>&nbsp; Comenzamos con la mini-empresa «Talme» hace ya siete años. La idea surgió para dar dinamismo al aula de educación especial en un instituto de secundaria, de las que somos tutoras. Los alumnos/as necesitaban&#46;&#46;&#46;</p>
