{"id":164,"date":"2019-06-18T19:00:53","date_gmt":"2019-06-18T19:00:53","guid":{"rendered":"https:\/\/blogsaverroes.juntadeandalucia.es\/miniempresatalme\/?page_id=164"},"modified":"2023-06-12T10:20:44","modified_gmt":"2023-06-12T10:20:44","slug":"nuestro-proyecto-actual","status":"publish","type":"page","link":"https:\/\/blogsaverroes.juntadeandalucia.es\/miniempresatalme\/nuestro-proyecto-actual\/","title":{"rendered":"Nuestro proyecto actual"},"content":{"rendered":"\t\t<div data-elementor-type=\"wp-page\" data-elementor-id=\"164\" class=\"elementor elementor-164\">\n\t\t\t\t\t\t<section class=\"elementor-section elementor-top-section elementor-element elementor-element-74081056 elementor-section-boxed elementor-section-height-default elementor-section-height-default\" data-id=\"74081056\" data-element_type=\"section\">\n\t\t\t\t\t\t<div class=\"elementor-container elementor-column-gap-default\">\n\t\t\t\t\t<div class=\"elementor-column elementor-col-100 elementor-top-column elementor-element elementor-element-280f9e80\" data-id=\"280f9e80\" data-element_type=\"column\">\n\t\t\t<div class=\"elementor-widget-wrap elementor-element-populated\">\n\t\t\t\t\t\t<div class=\"elementor-element elementor-element-39d900d elementor-widget elementor-widget-image\" data-id=\"39d900d\" data-element_type=\"widget\" data-widget_type=\"image.default\">\n\t\t\t\t<div class=\"elementor-widget-container\">\n\t\t\t\t\t\t\t\t\t\t\t\t\t\t\t\t<a href=\"https:\/\/blogsaverroes.juntadeandalucia.es\/miniempresatalme\/files\/2023\/02\/IMG_20230113_1131361-scaled.jpg\" data-elementor-open-lightbox=\"yes\" data-elementor-lightbox-title=\"IMG_20230113_113136(1)\" data-e-action-hash=\"#elementor-action%3Aaction%3Dlightbox%26settings%3DeyJpZCI6IjEwNDciLCJ1cmwiOiJodHRwczpcL1wvYmxvZ3NhdmVycm9lcy5qdW50YWRlYW5kYWx1Y2lhLmVzXC9taW5pZW1wcmVzYXRhbG1lXC9maWxlc1wvMjAyM1wvMDJcL0lNR18yMDIzMDExM18xMTMxMzYxLXNjYWxlZC5qcGcifQ%3D%3D\">\n\t\t\t\t\t\t\t<img fetchpriority=\"high\" decoding=\"async\" width=\"1024\" height=\"461\" src=\"https:\/\/blogsaverroes.juntadeandalucia.es\/miniempresatalme\/files\/2023\/02\/IMG_20230113_1131361-1024x461.jpg\" class=\"attachment-large size-large wp-image-1047\" alt=\"\" srcset=\"https:\/\/blogsaverroes.juntadeandalucia.es\/miniempresatalme\/files\/2023\/02\/IMG_20230113_1131361-1024x461.jpg 1024w, https:\/\/blogsaverroes.juntadeandalucia.es\/miniempresatalme\/files\/2023\/02\/IMG_20230113_1131361-300x135.jpg 300w, https:\/\/blogsaverroes.juntadeandalucia.es\/miniempresatalme\/files\/2023\/02\/IMG_20230113_1131361-768x345.jpg 768w, https:\/\/blogsaverroes.juntadeandalucia.es\/miniempresatalme\/files\/2023\/02\/IMG_20230113_1131361-1536x691.jpg 1536w, https:\/\/blogsaverroes.juntadeandalucia.es\/miniempresatalme\/files\/2023\/02\/IMG_20230113_1131361-2048x921.jpg 2048w, https:\/\/blogsaverroes.juntadeandalucia.es\/miniempresatalme\/files\/2023\/02\/IMG_20230113_1131361-scaled.jpg 1600w\" sizes=\"(max-width: 1024px) 100vw, 1024px\" \/>\t\t\t\t\t\t\t\t<\/a>\n\t\t\t\t\t\t\t\t\t\t\t\t\t\t\t<\/div>\n\t\t\t\t<\/div>\n\t\t\t\t<div class=\"elementor-element elementor-element-563b1fd0 elementor-widget elementor-widget-text-editor\" data-id=\"563b1fd0\" data-element_type=\"widget\" data-widget_type=\"text-editor.default\">\n\t\t\t\t<div class=\"elementor-widget-container\">\n\t\t\t\t\t\t\t\t\t<p style=\"text-align: center\"><span style=\"font-size: 36pt\"><strong><span style=\"color: #ff0000\"><br><\/span><\/strong><\/span><\/p><p style=\"text-align: center\"><span style=\"font-size: 36pt\"><strong><span style=\"color: #ff0000\">T<\/span><span style=\"color: #00ff00\">A<\/span><span style=\"color: #ffff00\">L<\/span><span style=\"color: #00ccff\">M<\/span><span style=\"color: #ff00ff\">E<\/span> <span style=\"color: #ff6600\">&amp;<\/span> <span style=\"color: #ff0000\">C<\/span><span style=\"color: #00ff00\">O<\/span><span style=\"color: #ffff00\">N<\/span><\/strong><\/span><\/p>\n<p style=\"text-align: center\"><span style=\"font-size: 12pt;font-family: 'book antiqua', palatino, serif\"><em><strong>Mini-empresa solidaria de manualidades<\/strong><\/em><\/span><\/p>\n<p style=\"text-align: center\"><span style=\"font-size: 12pt;font-family: 'book antiqua', palatino, serif\"><em><strong>I.E.S. Pe\u00f1a del \u00c1guila<\/strong><\/em><\/span><\/p>\n<p>&nbsp;<\/p>\n<p style=\"text-align: justify\"><span style=\"font-size: 14pt;font-family: 'book antiqua', palatino, serif\">En el presente curso nuestros objetivos mantienen el esp\u00edritu emprendedor y solidario que la mini-empresa ha tenido hasta ahora. Contamos con un equipo de trabajo principal formado por alumnos de 2\u00ba, 3\u00ba de ESO, una alumna del Ciclo Gesti\u00f3n y Administraci\u00f3n y la colaboraci\u00f3n de los alumnos del Ciclo de Carpinter\u00eda.&nbsp;<\/span><\/p>\n<p style=\"text-align: justify\"><span style=\"font-size: 14pt;font-family: 'book antiqua', palatino, serif\">Una de sus primeras actuaciones ha sido actualizar el nombre de la mini-empresa a Talme &amp; con, para comprender las iniciales de los componentes actuales.<\/span><\/p>\n<p style=\"text-align: justify\"><span style=\"font-size: 14pt;font-family: 'book antiqua', palatino, serif\">Con ellos hemos realizado actividades de creaci\u00f3n de regalos con materiales de reciclaje principalmente para las fechas especiales: Navidad, d\u00eda de los enamorados, d\u00eda de la familia, etc. Tambi\u00e9n charlas informativas para dar difusi\u00f3n a la actividad de la protectora de animales con la que colaboramos y campa\u00f1as de recogida de alimentos, mantas y otros \u00fatiles que ser\u00e1n usados en el refugio de la protectora.<\/span><\/p>\n<p style=\"text-align: justify\"><span style=\"font-size: 14pt;font-family: 'book antiqua', palatino, serif\">Sin duda, nuestras actividades preferidas son el aprendizaje servicios que realizamos con APROMPSI, la asociaci\u00f3n de personas con diversidad funcional de Mancha Real. Con sus usuarios tenemos planificado el intercambio de talleres y la realizaci\u00f3n de gymkanas de juegos populares y de feria, que venimos realizando en a\u00f1os anteriores. Debido a los rebrotes de covid, hemos tenido que aplazar dichas actividades hasta el tercer trimestre.<\/span><\/p>\n<p>&nbsp;<\/p>\n<p style=\"text-align: center\"><span style=\"font-size: 14pt;font-family: 'book antiqua', palatino, serif\"><img decoding=\"async\" class=\"alignnone wp-image-317\" src=\"https:\/\/blogsaverroes.juntadeandalucia.es\/miniempresatalme\/files\/2022\/04\/cabezas-b-300x171.jpg\" alt=\"\" width=\"357\" height=\"203\" srcset=\"https:\/\/blogsaverroes.juntadeandalucia.es\/miniempresatalme\/files\/2022\/04\/cabezas-b-300x171.jpg 300w, https:\/\/blogsaverroes.juntadeandalucia.es\/miniempresatalme\/files\/2022\/04\/cabezas-b-1024x583.jpg 1024w, https:\/\/blogsaverroes.juntadeandalucia.es\/miniempresatalme\/files\/2022\/04\/cabezas-b-768x437.jpg 768w, https:\/\/blogsaverroes.juntadeandalucia.es\/miniempresatalme\/files\/2022\/04\/cabezas-b.jpg 1263w\" sizes=\"(max-width: 357px) 100vw, 357px\" \/><\/span><\/p>\n<p><span style=\"font-size: 14pt;font-family: 'book antiqua', palatino, serif\">En la foto aparecen, de izquierda y hacia abajo, Manuel, Mar\u00eda, Nerea, \u00c1frica, Trini, Pedro, Carolina y Saray (alumnos de 2\u00baESO A y B)<\/span><\/p>\t\t\t\t\t\t\t\t<\/div>\n\t\t\t\t<\/div>\n\t\t\t\t\t<\/div>\n\t\t<\/div>\n\t\t\t\t\t<\/div>\n\t\t<\/section>\n\t\t\t\t<section class=\"elementor-section elementor-top-section elementor-element elementor-element-9c2d122 elementor-section-boxed elementor-section-height-default elementor-section-height-default\" data-id=\"9c2d122\" data-element_type=\"section\">\n\t\t\t\t\t\t<div class=\"elementor-container elementor-column-gap-default\">\n\t\t\t\t\t<div class=\"elementor-column elementor-col-100 elementor-top-column elementor-element elementor-element-5c16d19\" data-id=\"5c16d19\" data-element_type=\"column\">\n\t\t\t<div class=\"elementor-widget-wrap elementor-element-populated\">\n\t\t\t\t\t\t<div class=\"elementor-element elementor-element-3bfcebf elementor-widget elementor-widget-image\" data-id=\"3bfcebf\" data-element_type=\"widget\" data-widget_type=\"image.default\">\n\t\t\t\t<div class=\"elementor-widget-container\">\n\t\t\t\t\t\t\t\t\t\t\t\t<figure class=\"wp-caption\">\n\t\t\t\t\t\t\t\t\t\t\t<a href=\"https:\/\/blogsaverroes.juntadeandalucia.es\/miniempresatalme\/files\/2023\/02\/IMG_20230113_1130461-scaled.jpg\" data-elementor-open-lightbox=\"yes\" data-elementor-lightbox-title=\"IMG_20230113_113046(1)\" data-e-action-hash=\"#elementor-action%3Aaction%3Dlightbox%26settings%3DeyJpZCI6IjEwNTAiLCJ1cmwiOiJodHRwczpcL1wvYmxvZ3NhdmVycm9lcy5qdW50YWRlYW5kYWx1Y2lhLmVzXC9taW5pZW1wcmVzYXRhbG1lXC9maWxlc1wvMjAyM1wvMDJcL0lNR18yMDIzMDExM18xMTMwNDYxLXNjYWxlZC5qcGcifQ%3D%3D\">\n\t\t\t\t\t\t\t<img decoding=\"async\" width=\"1024\" height=\"461\" src=\"https:\/\/blogsaverroes.juntadeandalucia.es\/miniempresatalme\/files\/2023\/02\/IMG_20230113_1130461-1024x461.jpg\" class=\"attachment-large size-large wp-image-1050\" alt=\"Parte del equipo 2022\/23\" srcset=\"https:\/\/blogsaverroes.juntadeandalucia.es\/miniempresatalme\/files\/2023\/02\/IMG_20230113_1130461-1024x461.jpg 1024w, https:\/\/blogsaverroes.juntadeandalucia.es\/miniempresatalme\/files\/2023\/02\/IMG_20230113_1130461-300x135.jpg 300w, https:\/\/blogsaverroes.juntadeandalucia.es\/miniempresatalme\/files\/2023\/02\/IMG_20230113_1130461-768x345.jpg 768w, https:\/\/blogsaverroes.juntadeandalucia.es\/miniempresatalme\/files\/2023\/02\/IMG_20230113_1130461-1536x691.jpg 1536w, https:\/\/blogsaverroes.juntadeandalucia.es\/miniempresatalme\/files\/2023\/02\/IMG_20230113_1130461-2048x921.jpg 2048w, https:\/\/blogsaverroes.juntadeandalucia.es\/miniempresatalme\/files\/2023\/02\/IMG_20230113_1130461-scaled.jpg 1600w\" sizes=\"(max-width: 1024px) 100vw, 1024px\" \/>\t\t\t\t\t\t\t\t<\/a>\n\t\t\t\t\t\t\t\t\t\t\t<figcaption class=\"widget-image-caption wp-caption-text\">Foto del curso 2022-23<\/figcaption>\n\t\t\t\t\t\t\t\t\t\t<\/figure>\n\t\t\t\t\t\t\t\t\t<\/div>\n\t\t\t\t<\/div>\n\t\t\t\t\t<\/div>\n\t\t<\/div>\n\t\t\t\t\t<\/div>\n\t\t<\/section>\n\t\t\t\t<section class=\"elementor-section elementor-top-section elementor-element elementor-element-1163fdd elementor-section-boxed elementor-section-height-default elementor-section-height-default\" data-id=\"1163fdd\" data-element_type=\"section\">\n\t\t\t\t\t\t<div class=\"elementor-container elementor-column-gap-default\">\n\t\t\t\t\t<div class=\"elementor-column elementor-col-100 elementor-top-column elementor-element elementor-element-47368a6\" data-id=\"47368a6\" data-element_type=\"column\">\n\t\t\t<div class=\"elementor-widget-wrap\">\n\t\t\t\t\t\t\t<\/div>\n\t\t<\/div>\n\t\t\t\t\t<\/div>\n\t\t<\/section>\n\t\t\t\t<\/div>\n\t\t","protected":false},"excerpt":{"rendered":"<p>TALME &amp; CON Mini-empresa solidaria de manualidades I.E.S. Pe\u00f1a del \u00c1guila &nbsp; En el presente curso nuestros objetivos mantienen el esp\u00edritu emprendedor y solidario que la mini-empresa ha tenido hasta ahora. Contamos con un&#46;&#46;&#46;<\/p>\n","protected":false},"author":7130,"featured_media":0,"parent":0,"menu_order":0,"comment_status":"closed","ping_status":"closed","template":"","meta":{"ngg_post_thumbnail":0,"footnotes":""},"aioseo_notices":[],"_links":{"self":[{"href":"https:\/\/blogsaverroes.juntadeandalucia.es\/miniempresatalme\/wp-json\/wp\/v2\/pages\/164"}],"collection":[{"href":"https:\/\/blogsaverroes.juntadeandalucia.es\/miniempresatalme\/wp-json\/wp\/v2\/pages"}],"about":[{"href":"https:\/\/blogsaverroes.juntadeandalucia.es\/miniempresatalme\/wp-json\/wp\/v2\/types\/page"}],"author":[{"embeddable":true,"href":"https:\/\/blogsaverroes.juntadeandalucia.es\/miniempresatalme\/wp-json\/wp\/v2\/users\/7130"}],"replies":[{"embeddable":true,"href":"https:\/\/blogsaverroes.juntadeandalucia.es\/miniempresatalme\/wp-json\/wp\/v2\/comments?post=164"}],"version-history":[{"count":20,"href":"https:\/\/blogsaverroes.juntadeandalucia.es\/miniempresatalme\/wp-json\/wp\/v2\/pages\/164\/revisions"}],"predecessor-version":[{"id":1139,"href":"https:\/\/blogsaverroes.juntadeandalucia.es\/miniempresatalme\/wp-json\/wp\/v2\/pages\/164\/revisions\/1139"}],"wp:attachment":[{"href":"https:\/\/blogsaverroes.juntadeandalucia.es\/miniempresatalme\/wp-json\/wp\/v2\/media?parent=164"}],"curies":[{"name":"wp","href":"https:\/\/api.w.org\/{rel}","templated":true}]}}

<div data-elementor-type="wp-page" data-elementor-id="164" class="elementor elementor-164">
						<section class="elementor-section elementor-top-section elementor-element elementor-element-74081056 elementor-section-boxed elementor-section-height-default elementor-section-height-default" data-id="74081056" data-element_type="section">
						<div class="elementor-container elementor-column-gap-default">
					<div class="elementor-column elementor-col-100 elementor-top-column elementor-element elementor-element-280f9e80" data-id="280f9e80" data-element_type="column">
			<div class="elementor-widget-wrap elementor-element-populated">
						<div class="elementor-element elementor-element-39d900d elementor-widget elementor-widget-image" data-id="39d900d" data-element_type="widget" data-widget_type="image.default">
				<div class="elementor-widget-container">
																<a href="https://blogsaverroes.juntadeandalucia.es/miniempresatalme/files/2023/02/IMG_20230113_1131361-scaled.jpg" data-elementor-open-lightbox="yes" data-elementor-lightbox-title="IMG_20230113_113136(1)" data-e-action-hash="#elementor-action%3Aaction%3Dlightbox%26settings%3DeyJpZCI6IjEwNDciLCJ1cmwiOiJodHRwczpcL1wvYmxvZ3NhdmVycm9lcy5qdW50YWRlYW5kYWx1Y2lhLmVzXC9taW5pZW1wcmVzYXRhbG1lXC9maWxlc1wvMjAyM1wvMDJcL0lNR18yMDIzMDExM18xMTMxMzYxLXNjYWxlZC5qcGcifQ%3D%3D">
							<img fetchpriority="high" decoding="async" width="1024" height="461" src="https://blogsaverroes.juntadeandalucia.es/miniempresatalme/files/2023/02/IMG_20230113_1131361-1024x461.jpg" class="attachment-large size-large wp-image-1047" alt="" srcset="https://blogsaverroes.juntadeandalucia.es/miniempresatalme/files/2023/02/IMG_20230113_1131361-1024x461.jpg 1024w, https://blogsaverroes.juntadeandalucia.es/miniempresatalme/files/2023/02/IMG_20230113_1131361-300x135.jpg 300w, https://blogsaverroes.juntadeandalucia.es/miniempresatalme/files/2023/02/IMG_20230113_1131361-768x345.jpg 768w, https://blogsaverroes.juntadeandalucia.es/miniempresatalme/files/2023/02/IMG_20230113_1131361-1536x691.jpg 1536w, https://blogsaverroes.juntadeandalucia.es/miniempresatalme/files/2023/02/IMG_20230113_1131361-2048x921.jpg 2048w, https://blogsaverroes.juntadeandalucia.es/miniempresatalme/files/2023/02/IMG_20230113_1131361-scaled.jpg 1600w" sizes="(max-width: 1024px) 100vw, 1024px" />								</a>
															</div>
				</div>
				<div class="elementor-element elementor-element-563b1fd0 elementor-widget elementor-widget-text-editor" data-id="563b1fd0" data-element_type="widget" data-widget_type="text-editor.default">
				<div class="elementor-widget-container">
									<p style="text-align: center"><span style="font-size: 36pt"><strong><span style="color: #ff0000"><br></span></strong></span></p><p style="text-align: center"><span style="font-size: 36pt"><strong><span style="color: #ff0000">T</span><span style="color: #00ff00">A</span><span style="color: #ffff00">L</span><span style="color: #00ccff">M</span><span style="color: #ff00ff">E</span> <span style="color: #ff6600">&amp;</span> <span style="color: #ff0000">C</span><span style="color: #00ff00">O</span><span style="color: #ffff00">N</span></strong></span></p>
<p style="text-align: center"><span style="font-size: 12pt;font-family: 'book antiqua', palatino, serif"><em><strong>Mini-empresa solidaria de manualidades</strong></em></span></p>
<p style="text-align: center"><span style="font-size: 12pt;font-family: 'book antiqua', palatino, serif"><em><strong>I.E.S. Peña del Águila</strong></em></span></p>
<p>&nbsp;</p>
<p style="text-align: justify"><span style="font-size: 14pt;font-family: 'book antiqua', palatino, serif">En el presente curso nuestros objetivos mantienen el espíritu emprendedor y solidario que la mini-empresa ha tenido hasta ahora. Contamos con un equipo de trabajo principal formado por alumnos de 2º, 3º de ESO, una alumna del Ciclo Gestión y Administración y la colaboración de los alumnos del Ciclo de Carpintería.&nbsp;</span></p>
<p style="text-align: justify"><span style="font-size: 14pt;font-family: 'book antiqua', palatino, serif">Una de sus primeras actuaciones ha sido actualizar el nombre de la mini-empresa a Talme &amp; con, para comprender las iniciales de los componentes actuales.</span></p>
<p style="text-align: justify"><span style="font-size: 14pt;font-family: 'book antiqua', palatino, serif">Con ellos hemos realizado actividades de creación de regalos con materiales de reciclaje principalmente para las fechas especiales: Navidad, día de los enamorados, día de la familia, etc. También charlas informativas para dar difusión a la actividad de la protectora de animales con la que colaboramos y campañas de recogida de alimentos, mantas y otros útiles que serán usados en el refugio de la protectora.</span></p>
<p style="text-align: justify"><span style="font-size: 14pt;font-family: 'book antiqua', palatino, serif">Sin duda, nuestras actividades preferidas son el aprendizaje servicios que realizamos con APROMPSI, la asociación de personas con diversidad funcional de Mancha Real. Con sus usuarios tenemos planificado el intercambio de talleres y la realización de gymkanas de juegos populares y de feria, que venimos realizando en años anteriores. Debido a los rebrotes de covid, hemos tenido que aplazar dichas actividades hasta el tercer trimestre.</span></p>
<p>&nbsp;</p>
<p style="text-align: center"><span style="font-size: 14pt;font-family: 'book antiqua', palatino, serif"><img decoding="async" class="alignnone wp-image-317" src="https://blogsaverroes.juntadeandalucia.es/miniempresatalme/files/2022/04/cabezas-b-300x171.jpg" alt="" width="357" height="203" srcset="https://blogsaverroes.juntadeandalucia.es/miniempresatalme/files/2022/04/cabezas-b-300x171.jpg 300w, https://blogsaverroes.juntadeandalucia.es/miniempresatalme/files/2022/04/cabezas-b-1024x583.jpg 1024w, https://blogsaverroes.juntadeandalucia.es/miniempresatalme/files/2022/04/cabezas-b-768x437.jpg 768w, https://blogsaverroes.juntadeandalucia.es/miniempresatalme/files/2022/04/cabezas-b.jpg 1263w" sizes="(max-width: 357px) 100vw, 357px" /></span></p>
<p><span style="font-size: 14pt;font-family: 'book antiqua', palatino, serif">En la foto aparecen, de izquierda y hacia abajo, Manuel, María, Nerea, África, Trini, Pedro, Carolina y Saray (alumnos de 2ºESO A y B)</span></p>								</div>
				</div>
					</div>
		</div>
					</div>
		</section>
				<section class="elementor-section elementor-top-section elementor-element elementor-element-9c2d122 elementor-section-boxed elementor-section-height-default elementor-section-height-default" data-id="9c2d122" data-element_type="section">
						<div class="elementor-container elementor-column-gap-default">
					<div class="elementor-column elementor-col-100 elementor-top-column elementor-element elementor-element-5c16d19" data-id="5c16d19" data-element_type="column">
			<div class="elementor-widget-wrap elementor-element-populated">
						<div class="elementor-element elementor-element-3bfcebf elementor-widget elementor-widget-image" data-id="3bfcebf" data-element_type="widget" data-widget_type="image.default">
				<div class="elementor-widget-container">
												<figure class="wp-caption">
											<a href="https://blogsaverroes.juntadeandalucia.es/miniempresatalme/files/2023/02/IMG_20230113_1130461-scaled.jpg" data-elementor-open-lightbox="yes" data-elementor-lightbox-title="IMG_20230113_113046(1)" data-e-action-hash="#elementor-action%3Aaction%3Dlightbox%26settings%3DeyJpZCI6IjEwNTAiLCJ1cmwiOiJodHRwczpcL1wvYmxvZ3NhdmVycm9lcy5qdW50YWRlYW5kYWx1Y2lhLmVzXC9taW5pZW1wcmVzYXRhbG1lXC9maWxlc1wvMjAyM1wvMDJcL0lNR18yMDIzMDExM18xMTMwNDYxLXNjYWxlZC5qcGcifQ%3D%3D">
							<img decoding="async" width="1024" height="461" src="https://blogsaverroes.juntadeandalucia.es/miniempresatalme/files/2023/02/IMG_20230113_1130461-1024x461.jpg" class="attachment-large size-large wp-image-1050" alt="Parte del equipo 2022/23" srcset="https://blogsaverroes.juntadeandalucia.es/miniempresatalme/files/2023/02/IMG_20230113_1130461-1024x461.jpg 1024w, https://blogsaverroes.juntadeandalucia.es/miniempresatalme/files/2023/02/IMG_20230113_1130461-300x135.jpg 300w, https://blogsaverroes.juntadeandalucia.es/miniempresatalme/files/2023/02/IMG_20230113_1130461-768x345.jpg 768w, https://blogsaverroes.juntadeandalucia.es/miniempresatalme/files/2023/02/IMG_20230113_1130461-1536x691.jpg 1536w, https://blogsaverroes.juntadeandalucia.es/miniempresatalme/files/2023/02/IMG_20230113_1130461-2048x921.jpg 2048w, https://blogsaverroes.juntadeandalucia.es/miniempresatalme/files/2023/02/IMG_20230113_1130461-scaled.jpg 1600w" sizes="(max-width: 1024px) 100vw, 1024px" />								</a>
											<figcaption class="widget-image-caption wp-caption-text">Foto del curso 2022-23</figcaption>
										</figure>
									</div>
				</div>
					</div>
		</div>
					</div>
		</section>
				<section class="elementor-section elementor-top-section elementor-element elementor-element-1163fdd elementor-section-boxed elementor-section-height-default elementor-section-height-default" data-id="1163fdd" data-element_type="section">
						<div class="elementor-container elementor-column-gap-default">
					<div class="elementor-column elementor-col-100 elementor-top-column elementor-element elementor-element-47368a6" data-id="47368a6" data-element_type="column">
			<div class="elementor-widget-wrap">
							</div>
		</div>
					</div>
		</section>
				</div>

<p>TALME &amp; CON Mini-empresa solidaria de manualidades I.E.S. Peña del Águila &nbsp; En el presente curso nuestros objetivos mantienen el espíritu emprendedor y solidario que la mini-empresa ha tenido hasta ahora. Contamos con un&#46;&#46;&#46;</p>
