{"id":2,"date":"2019-02-05T15:55:19","date_gmt":"2019-02-05T15:55:19","guid":{"rendered":"https:\/\/blogsaverroes.juntadeandalucia.es\/miniempresatalme\/?page_id=2"},"modified":"2022-04-19T12:26:13","modified_gmt":"2022-04-19T12:26:13","slug":"pagina-ejemplo","status":"publish","type":"page","link":"https:\/\/blogsaverroes.juntadeandalucia.es\/miniempresatalme\/","title":{"rendered":"\u00bfQu\u00e9 es TALME?"},"content":{"rendered":"<p style=\"text-align: justify\"><span style=\"font-family: georgia, palatino, serif\"><span style=\"font-size: 14pt\">Dentro del Plan de Fomento de Cultura Emprendedora se establece la creaci\u00f3n de un itinerario de proyectos educativos para fomentar la educaci\u00f3n emprendedora a trav\u00e9s de la generaci\u00f3n de mini-empresas y otras propuestas did\u00e1cticas de generaci\u00f3n de valor, impulsando la colaboraci\u00f3n de los equipos docentes, la dinamizaci\u00f3n de la comunidad educativa y la <\/span><span style=\"font-size: 14pt\">conexi\u00f3n con el entorno, todo ello potenciando las competencias profesionales<\/span><span style=\"font-size: 14pt\">&nbsp;y personales del alumnado.&nbsp;&nbsp;<\/span><\/span><\/p>\n<p style=\"text-align: justify\"><span style=\"font-family: georgia, palatino, serif\"><span style=\"font-size: 14pt\">Se pretende fomentar activamente la cr<\/span><span style=\"font-size: 14pt\">eaci\u00f3n de mini-empresas educativas y otras propuestas did\u00e1cticas de generaci\u00f3n de valor en los centros escolares con la posibilidad de&nbsp;desarrollar al final de curso encuentros denominados&nbsp;Ferias de Emprendimiento.<\/span><\/span><\/p>\n<p style=\"text-align: justify\"><span style=\"font-family: georgia, palatino, serif\"><span style=\"font-size: 14pt\">Bajo este marco la mini-empresa TALME &amp; CON empez\u00f3 para dar una respuesta educativa m\u00e1s ajustada a nuestro alumnado escolarizado en un aula espec\u00edfica dentro de un instituto de ense\u00f1anza secundaria. E<\/span><span style=\"font-size: 14pt\">stos alumnos necesitaban <\/span><span style=\"font-size: 14pt\">aprendizajes funcionales y situados en contextos naturales que les permitieran desarrollar habilidades sociales y comunicativas, aspectos cognitivos de planificaci\u00f3n, organizaci\u00f3n, autonom\u00eda y formaci\u00f3n para una futura salida laboral,\u2026 as\u00ed como lograr aprendizajes curriculares b\u00e1sicos (lectura, c\u00e1lculo, razonamiento matem\u00e1tico, etc).<\/span><\/span><\/p>\n<p>&nbsp;<\/p>\n<div id=\"attachment_398\" style=\"width: 310px\" class=\"wp-caption aligncenter\"><img fetchpriority=\"high\" decoding=\"async\" aria-describedby=\"caption-attachment-398\" class=\"size-medium wp-image-398\" src=\"https:\/\/blogsaverroes.juntadeandalucia.es\/miniempresatalme\/files\/2022\/04\/20151120_110130-300x225.jpg\" alt=\"\" width=\"300\" height=\"225\" srcset=\"https:\/\/blogsaverroes.juntadeandalucia.es\/miniempresatalme\/files\/2022\/04\/20151120_110130-300x225.jpg 300w, https:\/\/blogsaverroes.juntadeandalucia.es\/miniempresatalme\/files\/2022\/04\/20151120_110130-1024x768.jpg 1024w, https:\/\/blogsaverroes.juntadeandalucia.es\/miniempresatalme\/files\/2022\/04\/20151120_110130-768x576.jpg 768w, https:\/\/blogsaverroes.juntadeandalucia.es\/miniempresatalme\/files\/2022\/04\/20151120_110130-1536x1152.jpg 1536w, https:\/\/blogsaverroes.juntadeandalucia.es\/miniempresatalme\/files\/2022\/04\/20151120_110130-2048x1536.jpg 2048w, https:\/\/blogsaverroes.juntadeandalucia.es\/miniempresatalme\/files\/2022\/04\/20151120_110130-scaled.jpg 1600w\" sizes=\"(max-width: 300px) 100vw, 300px\" \/><p id=\"caption-attachment-398\" class=\"wp-caption-text\"><span style=\"font-family: georgia, palatino, serif\">Primer mercado solidario<\/span><\/p><\/div>\n<p style=\"text-align: justify\"><span style=\"font-family: georgia, palatino, serif\"><span style=\"font-size: 14pt\">El planteamiento de la mini-empresa educativa iba m\u00e1s all\u00e1 del cuadernillo de trabajo y ofrec\u00eda a los alumnos oportunidades de aprendizaje funcional, as\u00ed como la posibilidad de abrir nuevas formas de relaci\u00f3n con el resto de alumnado del centro y el entorno (el proceso de creaci\u00f3n de los productos y venta reun\u00eda muchas habilidades de desarrollo para ell<\/span><span style=\"font-size: 14pt\">os). La idea era un proyecto que naciera de ellos y para ellos y as\u00ed lo hemos mantenido.<\/span><\/span><\/p>\n<p style=\"text-align: justify\"><span style=\"font-family: georgia, palatino, serif\"><span style=\"font-size: 14pt\">Una curiosidad de la misma es su nom<\/span><span style=\"font-size: 14pt\">bre; proc<\/span><span style=\"font-size: 14pt\">ede de las iniciales de los alumnos que la dirigen, antiguos y nuevos: Marcos, Espe, Lina, Ana, Ester, Trini, Myrian, \u00c0frica, Carolina, Cristian, Nerea, Alba, Mar\u00eda y Manuel.<\/span><\/span><\/p>\n<p style=\"text-align: justify\"><span style=\"font-size: 14pt;font-family: georgia, palatino, serif\">Tambi\u00e9n destacar que el dinero que recaudamos est\u00e1 \u00edntegramente destinado a diferentes labores ben\u00e9ficas: apadrinamiento de un ni\u00f1o a trav\u00e9s de Ayuda en Acci\u00f3n, colaboraci\u00f3n con diferentes Protectoras de animales y la asociaci\u00f3n del hospital de Ja\u00e9n \u201cP\u00eddeme la Luna\u201d.<\/span><\/p>\n<p style=\"text-align: justify\"><span style=\"font-family: georgia, palatino, serif\"><span style=\"font-size: 14pt\">En la actualidad la mini-empresa est\u00e1 <\/span><span style=\"font-size: 14pt\">en su&nbsp;s\u00e9ptimo curso. Nuestros objetivos se han ido ampliando y adaptando a los alumnos con los que trabajamos. Entre ellos se encuentran el trabajo en equipo, la ayuda mutua, la creatividad, la solidaridad, etc, con una metodolog\u00eda de trabajo basada en <\/span><em style=\"font-size: 14pt\">proyectos<\/em><span style=\"font-size: 14pt\"> y el <\/span><em style=\"font-size: 14pt\">aprendizaje servicios<\/em><span style=\"font-size: 14pt\">. Contamos con la colaboraci\u00f3n de la asociaci\u00f3n de nuestra localidad APROMSI, de personas con diversidad funcional, para realizar actividades de acompa\u00f1amiento a actos, gymkanas de juegos populares y otras actividades de enriquecimiento mutuo.<\/span><img decoding=\"async\" class=\"size-medium wp-image-602 alignleft\" style=\"font-size: 18.6667px\" src=\"https:\/\/blogsaverroes.juntadeandalucia.es\/miniempresatalme\/files\/2022\/04\/actual-1-300x194.jpg\" alt=\"\" width=\"300\" height=\"194\" srcset=\"https:\/\/blogsaverroes.juntadeandalucia.es\/miniempresatalme\/files\/2022\/04\/actual-1-300x194.jpg 300w, https:\/\/blogsaverroes.juntadeandalucia.es\/miniempresatalme\/files\/2022\/04\/actual-1-1024x662.jpg 1024w, https:\/\/blogsaverroes.juntadeandalucia.es\/miniempresatalme\/files\/2022\/04\/actual-1-768x497.jpg 768w, https:\/\/blogsaverroes.juntadeandalucia.es\/miniempresatalme\/files\/2022\/04\/actual-1.jpg 1030w\" sizes=\"(max-width: 300px) 100vw, 300px\" \/><\/span><\/p>\n<p><span style=\"font-family: georgia, palatino, serif\">&nbsp; &nbsp; &nbsp; &nbsp; &nbsp; &nbsp; &nbsp; &nbsp; &nbsp; &nbsp; &nbsp; &nbsp; &nbsp; &nbsp; &nbsp; &nbsp; &nbsp; &nbsp; &nbsp; &nbsp; &nbsp; &nbsp; &nbsp; &nbsp; &nbsp; &nbsp; &nbsp; &nbsp; &nbsp; &nbsp; &nbsp; &nbsp; &nbsp; &nbsp;&nbsp;<\/span><\/p>\n<p style=\"text-align: justify\"><span style=\"font-size: 14pt;font-family: georgia, palatino, serif\">&nbsp;TALME &amp; CON se ha convertido en una empresa <em>solidaria<\/em> y <em>social<\/em> que realiza actividades, talleres y ventas encaminados al desarrollo de los valores anteriores y que cuenta con el apoyo, la ilusi\u00f3n y el trabajo de compa\u00f1eros, alumnos de nuestro centro e instituciones de nuestro municipio.<\/span><\/p>\n<p>&nbsp;<\/p>\n<p style=\"text-align: center\"><img decoding=\"async\" class=\"alignnone  wp-image-713\" src=\"https:\/\/blogsaverroes.juntadeandalucia.es\/miniempresatalme\/files\/2022\/04\/IMG_20220419_111248-300x135.jpg\" alt=\"\" width=\"362\" height=\"163\" srcset=\"https:\/\/blogsaverroes.juntadeandalucia.es\/miniempresatalme\/files\/2022\/04\/IMG_20220419_111248-300x135.jpg 300w, https:\/\/blogsaverroes.juntadeandalucia.es\/miniempresatalme\/files\/2022\/04\/IMG_20220419_111248-1024x461.jpg 1024w, https:\/\/blogsaverroes.juntadeandalucia.es\/miniempresatalme\/files\/2022\/04\/IMG_20220419_111248-768x346.jpg 768w, https:\/\/blogsaverroes.juntadeandalucia.es\/miniempresatalme\/files\/2022\/04\/IMG_20220419_111248-1536x691.jpg 1536w, https:\/\/blogsaverroes.juntadeandalucia.es\/miniempresatalme\/files\/2022\/04\/IMG_20220419_111248.jpg 1600w\" sizes=\"(max-width: 362px) 100vw, 362px\" \/><\/p>\n<p>&nbsp; &nbsp; &nbsp; &nbsp; &nbsp; &nbsp; &nbsp; &nbsp; &nbsp; &nbsp; &nbsp; &nbsp; &nbsp; &nbsp; &nbsp; &nbsp; &nbsp; &nbsp; &nbsp; &nbsp; &nbsp; &nbsp; &nbsp; &nbsp; &nbsp; &nbsp; &nbsp; &nbsp; &nbsp; &nbsp; &nbsp; &nbsp; &nbsp; &nbsp; &nbsp; &nbsp; &nbsp; &nbsp; &nbsp; &nbsp; &nbsp; &nbsp; &nbsp;Nuestro equipo actual<\/p>\n","protected":false},"excerpt":{"rendered":"<p>Dentro del Plan de Fomento de Cultura Emprendedora se establece la creaci\u00f3n de un itinerario de proyectos educativos para fomentar la educaci\u00f3n emprendedora a trav\u00e9s de la generaci\u00f3n de mini-empresas y otras propuestas did\u00e1cticas&#46;&#46;&#46;<\/p>\n","protected":false},"author":7130,"featured_media":0,"parent":0,"menu_order":0,"comment_status":"closed","ping_status":"open","template":"","meta":{"ngg_post_thumbnail":0,"footnotes":""},"aioseo_notices":[],"_links":{"self":[{"href":"https:\/\/blogsaverroes.juntadeandalucia.es\/miniempresatalme\/wp-json\/wp\/v2\/pages\/2"}],"collection":[{"href":"https:\/\/blogsaverroes.juntadeandalucia.es\/miniempresatalme\/wp-json\/wp\/v2\/pages"}],"about":[{"href":"https:\/\/blogsaverroes.juntadeandalucia.es\/miniempresatalme\/wp-json\/wp\/v2\/types\/page"}],"author":[{"embeddable":true,"href":"https:\/\/blogsaverroes.juntadeandalucia.es\/miniempresatalme\/wp-json\/wp\/v2\/users\/7130"}],"replies":[{"embeddable":true,"href":"https:\/\/blogsaverroes.juntadeandalucia.es\/miniempresatalme\/wp-json\/wp\/v2\/comments?post=2"}],"version-history":[{"count":16,"href":"https:\/\/blogsaverroes.juntadeandalucia.es\/miniempresatalme\/wp-json\/wp\/v2\/pages\/2\/revisions"}],"predecessor-version":[{"id":714,"href":"https:\/\/blogsaverroes.juntadeandalucia.es\/miniempresatalme\/wp-json\/wp\/v2\/pages\/2\/revisions\/714"}],"wp:attachment":[{"href":"https:\/\/blogsaverroes.juntadeandalucia.es\/miniempresatalme\/wp-json\/wp\/v2\/media?parent=2"}],"curies":[{"name":"wp","href":"https:\/\/api.w.org\/{rel}","templated":true}]}}