{"id":410,"date":"2022-04-18T17:00:54","date_gmt":"2022-04-18T17:00:54","guid":{"rendered":"https:\/\/blogsaverroes.juntadeandalucia.es\/miniempresatalme\/?page_id=410"},"modified":"2022-05-13T07:41:41","modified_gmt":"2022-05-13T07:41:41","slug":"mercado-solidario","status":"publish","type":"page","link":"https:\/\/blogsaverroes.juntadeandalucia.es\/miniempresatalme\/mercado-solidario\/","title":{"rendered":"Mercado solidario"},"content":{"rendered":"\t\t<div data-elementor-type=\"wp-page\" data-elementor-id=\"410\" class=\"elementor elementor-410\">\n\t\t\t\t\t\t<section class=\"elementor-section elementor-top-section elementor-element elementor-element-45004b12 elementor-section-boxed elementor-section-height-default elementor-section-height-default\" data-id=\"45004b12\" data-element_type=\"section\">\n\t\t\t\t\t\t<div class=\"elementor-container elementor-column-gap-default\">\n\t\t\t\t\t<div class=\"elementor-column elementor-col-100 elementor-top-column elementor-element elementor-element-174073f1\" data-id=\"174073f1\" data-element_type=\"column\">\n\t\t\t<div class=\"elementor-widget-wrap elementor-element-populated\">\n\t\t\t\t\t\t<div class=\"elementor-element elementor-element-3a089073 elementor-widget elementor-widget-text-editor\" data-id=\"3a089073\" data-element_type=\"widget\" data-widget_type=\"text-editor.default\">\n\t\t\t\t<div class=\"elementor-widget-container\">\n\t\t\t\t\t\t\t\t\t<p style=\"text-align: justify\"><span style=\"font-size: 14pt;font-family: 'book antiqua', palatino, serif\">Una de las actividades con la que m\u00e1s disfrutan nuestros alumnos en con la creaci\u00f3n de nuestras manualidades solidarias. Aprovechamos los d\u00edas de efem\u00e9rides especiales (Navidad, d\u00eda de los enamorados, d\u00eda de la familia, etc), para la venta de nuestros productos.<\/span><\/p><p style=\"text-align: justify\"><span style=\"font-size: 14pt;font-family: 'book antiqua', palatino, serif\">En primer lugar realizamos una \u00ablluvia de ideas\u00bb para elegir lo que vamos a elaborar. Tenemos que tener en cuenta unos criterios de coste, uso de materiales reciclados, utilidad, dificultad de crear, originalidad, etc. Cuando ya tenemos decididos los productos se reparten las diferentes responsabilidades: recogida y compra de los materiales, elaboraci\u00f3n, envoltorio, carteler\u00eda informativa, informaci\u00f3n oral por las aulas, organizaci\u00f3n de los d\u00edas de encargos y venta, responsable de cuentas, entre otros.<\/span><\/p><p style=\"text-align: justify\"><span style=\"font-size: 14pt;font-family: 'book antiqua', palatino, serif\">El d\u00eda de la venta resulta un momento muy especial ya que nuestros chicos se sienten muy orgullosos de sus creaciones y de la buena colaboraci\u00f3n de sus compa\u00f1eros y profesores.<\/span><\/p>\t\t\t\t\t\t\t\t<\/div>\n\t\t\t\t<\/div>\n\t\t\t\t\t<\/div>\n\t\t<\/div>\n\t\t\t\t\t<\/div>\n\t\t<\/section>\n\t\t\t\t<section class=\"elementor-section elementor-top-section elementor-element elementor-element-5e872d0 elementor-section-boxed elementor-section-height-default elementor-section-height-default\" data-id=\"5e872d0\" data-element_type=\"section\">\n\t\t\t\t\t\t<div class=\"elementor-container elementor-column-gap-default\">\n\t\t\t\t\t<div class=\"elementor-column elementor-col-100 elementor-top-column elementor-element elementor-element-b20c4d4\" data-id=\"b20c4d4\" data-element_type=\"column\">\n\t\t\t<div class=\"elementor-widget-wrap elementor-element-populated\">\n\t\t\t\t\t\t<div class=\"elementor-element elementor-element-92d234f elementor-arrows-position-inside elementor-pagination-position-outside elementor-widget elementor-widget-image-carousel\" data-id=\"92d234f\" data-element_type=\"widget\" data-settings=\"{&quot;navigation&quot;:&quot;both&quot;,&quot;autoplay&quot;:&quot;yes&quot;,&quot;pause_on_hover&quot;:&quot;yes&quot;,&quot;pause_on_interaction&quot;:&quot;yes&quot;,&quot;autoplay_speed&quot;:5000,&quot;infinite&quot;:&quot;yes&quot;,&quot;speed&quot;:500}\" data-widget_type=\"image-carousel.default\">\n\t\t\t\t<div class=\"elementor-widget-container\">\n\t\t\t\t\t\t\t<div class=\"elementor-image-carousel-wrapper swiper\" role=\"region\" aria-roledescription=\"carousel\" aria-label=\"Carrusel de im\u00e1genes\" dir=\"ltr\">\n\t\t\t<div class=\"elementor-image-carousel swiper-wrapper\" aria-live=\"off\">\n\t\t\t\t\t\t\t\t<div class=\"swiper-slide\" role=\"group\" aria-roledescription=\"slide\" aria-label=\"1 de 16\"><a data-elementor-open-lightbox=\"yes\" data-elementor-lightbox-slideshow=\"92d234f\" data-elementor-lightbox-title=\"20151120_110130\" data-e-action-hash=\"#elementor-action%3Aaction%3Dlightbox%26settings%3DeyJpZCI6IjM5OCIsInVybCI6Imh0dHBzOlwvXC9ibG9nc2F2ZXJyb2VzLmp1bnRhZGVhbmRhbHVjaWEuZXNcL21pbmllbXByZXNhdGFsbWVcL2ZpbGVzXC8yMDIyXC8wNFwvMjAxNTExMjBfMTEwMTMwLXNjYWxlZC5qcGciLCJzbGlkZXNob3ciOiI5MmQyMzRmIn0%3D\" href=\"https:\/\/blogsaverroes.juntadeandalucia.es\/miniempresatalme\/files\/2022\/04\/20151120_110130-scaled.jpg\"><figure class=\"swiper-slide-inner\"><img decoding=\"async\" class=\"swiper-slide-image\" src=\"https:\/\/blogsaverroes.juntadeandalucia.es\/miniempresatalme\/files\/2022\/04\/20151120_110130-150x150.jpg\" alt=\"Primer mercado Solidario\" \/><figcaption class=\"elementor-image-carousel-caption\">Primer mercado Solidario <\/figcaption><\/figure><\/a><\/div><div class=\"swiper-slide\" role=\"group\" aria-roledescription=\"slide\" aria-label=\"2 de 16\"><a data-elementor-open-lightbox=\"yes\" data-elementor-lightbox-slideshow=\"92d234f\" data-elementor-lightbox-title=\"IMG_9235_copy\" data-e-action-hash=\"#elementor-action%3Aaction%3Dlightbox%26settings%3DeyJpZCI6IjM3MiIsInVybCI6Imh0dHBzOlwvXC9ibG9nc2F2ZXJyb2VzLmp1bnRhZGVhbmRhbHVjaWEuZXNcL21pbmllbXByZXNhdGFsbWVcL2ZpbGVzXC8yMDIyXC8wNFwvSU1HXzkyMzVfY29weS5qcGciLCJzbGlkZXNob3ciOiI5MmQyMzRmIn0%3D\" href=\"https:\/\/blogsaverroes.juntadeandalucia.es\/miniempresatalme\/files\/2022\/04\/IMG_9235_copy.jpg\"><figure class=\"swiper-slide-inner\"><img decoding=\"async\" class=\"swiper-slide-image\" src=\"https:\/\/blogsaverroes.juntadeandalucia.es\/miniempresatalme\/files\/2022\/04\/IMG_9235_copy-150x150.jpg\" alt=\"Mercado Solidario Halloween\" \/><figcaption class=\"elementor-image-carousel-caption\">Mercado Solidario Halloween<\/figcaption><\/figure><\/a><\/div><div class=\"swiper-slide\" role=\"group\" aria-roledescription=\"slide\" aria-label=\"3 de 16\"><a data-elementor-open-lightbox=\"yes\" data-elementor-lightbox-slideshow=\"92d234f\" data-elementor-lightbox-title=\"IMG_20200213_112821\" data-e-action-hash=\"#elementor-action%3Aaction%3Dlightbox%26settings%3DeyJpZCI6IjM2NCIsInVybCI6Imh0dHBzOlwvXC9ibG9nc2F2ZXJyb2VzLmp1bnRhZGVhbmRhbHVjaWEuZXNcL21pbmllbXByZXNhdGFsbWVcL2ZpbGVzXC8yMDIyXC8wNFwvSU1HXzIwMjAwMjEzXzExMjgyMS1zY2FsZWQuanBnIiwic2xpZGVzaG93IjoiOTJkMjM0ZiJ9\" href=\"https:\/\/blogsaverroes.juntadeandalucia.es\/miniempresatalme\/files\/2022\/04\/IMG_20200213_112821-scaled.jpg\"><figure class=\"swiper-slide-inner\"><img decoding=\"async\" class=\"swiper-slide-image\" src=\"https:\/\/blogsaverroes.juntadeandalucia.es\/miniempresatalme\/files\/2022\/04\/IMG_20200213_112821-150x150.jpg\" alt=\"Mercado Solidario enamorados\" \/><figcaption class=\"elementor-image-carousel-caption\">Mercado Solidario enamorados<\/figcaption><\/figure><\/a><\/div><div class=\"swiper-slide\" role=\"group\" aria-roledescription=\"slide\" aria-label=\"4 de 16\"><a data-elementor-open-lightbox=\"yes\" data-elementor-lightbox-slideshow=\"92d234f\" data-elementor-lightbox-title=\"IMG_20211203_114315\" data-e-action-hash=\"#elementor-action%3Aaction%3Dlightbox%26settings%3DeyJpZCI6IjQxMiIsInVybCI6Imh0dHBzOlwvXC9ibG9nc2F2ZXJyb2VzLmp1bnRhZGVhbmRhbHVjaWEuZXNcL21pbmllbXByZXNhdGFsbWVcL2ZpbGVzXC8yMDIyXC8wNFwvSU1HXzIwMjExMjAzXzExNDMxNS1zY2FsZWQuanBnIiwic2xpZGVzaG93IjoiOTJkMjM0ZiJ9\" href=\"https:\/\/blogsaverroes.juntadeandalucia.es\/miniempresatalme\/files\/2022\/04\/IMG_20211203_114315-scaled.jpg\"><figure class=\"swiper-slide-inner\"><img decoding=\"async\" class=\"swiper-slide-image\" src=\"https:\/\/blogsaverroes.juntadeandalucia.es\/miniempresatalme\/files\/2022\/04\/IMG_20211203_114315-150x150.jpg\" alt=\"Mercado Solidario Navidad\" \/><figcaption class=\"elementor-image-carousel-caption\">Mercado Solidario Navidad<\/figcaption><\/figure><\/a><\/div><div class=\"swiper-slide\" role=\"group\" aria-roledescription=\"slide\" aria-label=\"5 de 16\"><a data-elementor-open-lightbox=\"yes\" data-elementor-lightbox-slideshow=\"92d234f\" data-elementor-lightbox-title=\"charset=InvalidCharsetId binary comment\" data-e-action-hash=\"#elementor-action%3Aaction%3Dlightbox%26settings%3DeyJpZCI6IjM3MCIsInVybCI6Imh0dHBzOlwvXC9ibG9nc2F2ZXJyb2VzLmp1bnRhZGVhbmRhbHVjaWEuZXNcL21pbmllbXByZXNhdGFsbWVcL2ZpbGVzXC8yMDIyXC8wNFwvMjAxNjAxMjlfMTEyOTQxX2NvcHkuanBnIiwic2xpZGVzaG93IjoiOTJkMjM0ZiJ9\" href=\"https:\/\/blogsaverroes.juntadeandalucia.es\/miniempresatalme\/files\/2022\/04\/20160129_112941_copy.jpg\"><figure class=\"swiper-slide-inner\"><img decoding=\"async\" class=\"swiper-slide-image\" src=\"https:\/\/blogsaverroes.juntadeandalucia.es\/miniempresatalme\/files\/2022\/04\/20160129_112941_copy-150x150.jpg\" alt=\"Mercado Solidario enamorados\" \/><figcaption class=\"elementor-image-carousel-caption\">Mercado Solidario enamorados<\/figcaption><\/figure><\/a><\/div><div class=\"swiper-slide\" role=\"group\" aria-roledescription=\"slide\" aria-label=\"6 de 16\"><a data-elementor-open-lightbox=\"yes\" data-elementor-lightbox-slideshow=\"92d234f\" data-elementor-lightbox-title=\"20160129_111617\" data-e-action-hash=\"#elementor-action%3Aaction%3Dlightbox%26settings%3DeyJpZCI6IjYxMSIsInVybCI6Imh0dHBzOlwvXC9ibG9nc2F2ZXJyb2VzLmp1bnRhZGVhbmRhbHVjaWEuZXNcL21pbmllbXByZXNhdGFsbWVcL2ZpbGVzXC8yMDIyXC8wNFwvMjAxNjAxMjlfMTExNjE3LXNjYWxlZC5qcGciLCJzbGlkZXNob3ciOiI5MmQyMzRmIn0%3D\" href=\"https:\/\/blogsaverroes.juntadeandalucia.es\/miniempresatalme\/files\/2022\/04\/20160129_111617-scaled.jpg\"><figure class=\"swiper-slide-inner\"><img decoding=\"async\" class=\"swiper-slide-image\" src=\"https:\/\/blogsaverroes.juntadeandalucia.es\/miniempresatalme\/files\/2022\/04\/20160129_111617-150x150.jpg\" alt=\"20160129_111617\" \/><\/figure><\/a><\/div><div class=\"swiper-slide\" role=\"group\" aria-roledescription=\"slide\" aria-label=\"7 de 16\"><a data-elementor-open-lightbox=\"yes\" data-elementor-lightbox-slideshow=\"92d234f\" data-elementor-lightbox-title=\"20160129_112941\" data-e-action-hash=\"#elementor-action%3Aaction%3Dlightbox%26settings%3DeyJpZCI6IjYxMiIsInVybCI6Imh0dHBzOlwvXC9ibG9nc2F2ZXJyb2VzLmp1bnRhZGVhbmRhbHVjaWEuZXNcL21pbmllbXByZXNhdGFsbWVcL2ZpbGVzXC8yMDIyXC8wNFwvMjAxNjAxMjlfMTEyOTQxLXNjYWxlZC5qcGciLCJzbGlkZXNob3ciOiI5MmQyMzRmIn0%3D\" href=\"https:\/\/blogsaverroes.juntadeandalucia.es\/miniempresatalme\/files\/2022\/04\/20160129_112941-scaled.jpg\"><figure class=\"swiper-slide-inner\"><img decoding=\"async\" class=\"swiper-slide-image\" src=\"https:\/\/blogsaverroes.juntadeandalucia.es\/miniempresatalme\/files\/2022\/04\/20160129_112941-150x150.jpg\" alt=\"20160129_112941\" \/><\/figure><\/a><\/div><div class=\"swiper-slide\" role=\"group\" aria-roledescription=\"slide\" aria-label=\"8 de 16\"><a data-elementor-open-lightbox=\"yes\" data-elementor-lightbox-slideshow=\"92d234f\" data-elementor-lightbox-title=\"20160129_112954\" data-e-action-hash=\"#elementor-action%3Aaction%3Dlightbox%26settings%3DeyJpZCI6IjYxMyIsInVybCI6Imh0dHBzOlwvXC9ibG9nc2F2ZXJyb2VzLmp1bnRhZGVhbmRhbHVjaWEuZXNcL21pbmllbXByZXNhdGFsbWVcL2ZpbGVzXC8yMDIyXC8wNFwvMjAxNjAxMjlfMTEyOTU0LXNjYWxlZC5qcGciLCJzbGlkZXNob3ciOiI5MmQyMzRmIn0%3D\" href=\"https:\/\/blogsaverroes.juntadeandalucia.es\/miniempresatalme\/files\/2022\/04\/20160129_112954-scaled.jpg\"><figure class=\"swiper-slide-inner\"><img decoding=\"async\" class=\"swiper-slide-image\" src=\"https:\/\/blogsaverroes.juntadeandalucia.es\/miniempresatalme\/files\/2022\/04\/20160129_112954-150x150.jpg\" alt=\"C\u00e1lculo\" \/><figcaption class=\"elementor-image-carousel-caption\">C\u00e1lculo<\/figcaption><\/figure><\/a><\/div><div class=\"swiper-slide\" role=\"group\" aria-roledescription=\"slide\" aria-label=\"9 de 16\"><a data-elementor-open-lightbox=\"yes\" data-elementor-lightbox-slideshow=\"92d234f\" data-elementor-lightbox-title=\"20160212_113323\" data-e-action-hash=\"#elementor-action%3Aaction%3Dlightbox%26settings%3DeyJpZCI6IjYxNCIsInVybCI6Imh0dHBzOlwvXC9ibG9nc2F2ZXJyb2VzLmp1bnRhZGVhbmRhbHVjaWEuZXNcL21pbmllbXByZXNhdGFsbWVcL2ZpbGVzXC8yMDIyXC8wNFwvMjAxNjAyMTJfMTEzMzIzLXNjYWxlZC5qcGciLCJzbGlkZXNob3ciOiI5MmQyMzRmIn0%3D\" href=\"https:\/\/blogsaverroes.juntadeandalucia.es\/miniempresatalme\/files\/2022\/04\/20160212_113323-scaled.jpg\"><figure class=\"swiper-slide-inner\"><img decoding=\"async\" class=\"swiper-slide-image\" src=\"https:\/\/blogsaverroes.juntadeandalucia.es\/miniempresatalme\/files\/2022\/04\/20160212_113323-150x150.jpg\" alt=\"D\u00eda de enamorados\" \/><figcaption class=\"elementor-image-carousel-caption\">D\u00eda de enamorados<\/figcaption><\/figure><\/a><\/div><div class=\"swiper-slide\" role=\"group\" aria-roledescription=\"slide\" aria-label=\"10 de 16\"><a data-elementor-open-lightbox=\"yes\" data-elementor-lightbox-slideshow=\"92d234f\" data-elementor-lightbox-title=\"IMG_9245\" data-e-action-hash=\"#elementor-action%3Aaction%3Dlightbox%26settings%3DeyJpZCI6IjYxNSIsInVybCI6Imh0dHBzOlwvXC9ibG9nc2F2ZXJyb2VzLmp1bnRhZGVhbmRhbHVjaWEuZXNcL21pbmllbXByZXNhdGFsbWVcL2ZpbGVzXC8yMDIyXC8wNFwvSU1HXzkyNDUuanBnIiwic2xpZGVzaG93IjoiOTJkMjM0ZiJ9\" href=\"https:\/\/blogsaverroes.juntadeandalucia.es\/miniempresatalme\/files\/2022\/04\/IMG_9245.jpg\"><figure class=\"swiper-slide-inner\"><img decoding=\"async\" class=\"swiper-slide-image\" src=\"https:\/\/blogsaverroes.juntadeandalucia.es\/miniempresatalme\/files\/2022\/04\/IMG_9245-150x150.jpg\" alt=\"IMG_9245\" \/><\/figure><\/a><\/div><div class=\"swiper-slide\" role=\"group\" aria-roledescription=\"slide\" aria-label=\"11 de 16\"><a data-elementor-open-lightbox=\"yes\" data-elementor-lightbox-slideshow=\"92d234f\" data-elementor-lightbox-title=\"IMG_9248\" data-e-action-hash=\"#elementor-action%3Aaction%3Dlightbox%26settings%3DeyJpZCI6IjYxNiIsInVybCI6Imh0dHBzOlwvXC9ibG9nc2F2ZXJyb2VzLmp1bnRhZGVhbmRhbHVjaWEuZXNcL21pbmllbXByZXNhdGFsbWVcL2ZpbGVzXC8yMDIyXC8wNFwvSU1HXzkyNDguanBnIiwic2xpZGVzaG93IjoiOTJkMjM0ZiJ9\" href=\"https:\/\/blogsaverroes.juntadeandalucia.es\/miniempresatalme\/files\/2022\/04\/IMG_9248.jpg\"><figure class=\"swiper-slide-inner\"><img decoding=\"async\" class=\"swiper-slide-image\" src=\"https:\/\/blogsaverroes.juntadeandalucia.es\/miniempresatalme\/files\/2022\/04\/IMG_9248-150x150.jpg\" alt=\"IMG_9248\" \/><\/figure><\/a><\/div><div class=\"swiper-slide\" role=\"group\" aria-roledescription=\"slide\" aria-label=\"12 de 16\"><a data-elementor-open-lightbox=\"yes\" data-elementor-lightbox-slideshow=\"92d234f\" data-elementor-lightbox-title=\"IMG_20200213_112821\" data-e-action-hash=\"#elementor-action%3Aaction%3Dlightbox%26settings%3DeyJpZCI6IjYyMiIsInVybCI6Imh0dHBzOlwvXC9ibG9nc2F2ZXJyb2VzLmp1bnRhZGVhbmRhbHVjaWEuZXNcL21pbmllbXByZXNhdGFsbWVcL2ZpbGVzXC8yMDIyXC8wNFwvSU1HXzIwMjAwMjEzXzExMjgyMS0xLXNjYWxlZC5qcGciLCJzbGlkZXNob3ciOiI5MmQyMzRmIn0%3D\" href=\"https:\/\/blogsaverroes.juntadeandalucia.es\/miniempresatalme\/files\/2022\/04\/IMG_20200213_112821-1-scaled.jpg\"><figure class=\"swiper-slide-inner\"><img decoding=\"async\" class=\"swiper-slide-image\" src=\"https:\/\/blogsaverroes.juntadeandalucia.es\/miniempresatalme\/files\/2022\/04\/IMG_20200213_112821-1-150x150.jpg\" alt=\"IMG_20200213_112821\" \/><\/figure><\/a><\/div><div class=\"swiper-slide\" role=\"group\" aria-roledescription=\"slide\" aria-label=\"13 de 16\"><a data-elementor-open-lightbox=\"yes\" data-elementor-lightbox-slideshow=\"92d234f\" data-elementor-lightbox-title=\"IMG_20170526_110728\" data-e-action-hash=\"#elementor-action%3Aaction%3Dlightbox%26settings%3DeyJpZCI6IjYxNyIsInVybCI6Imh0dHBzOlwvXC9ibG9nc2F2ZXJyb2VzLmp1bnRhZGVhbmRhbHVjaWEuZXNcL21pbmllbXByZXNhdGFsbWVcL2ZpbGVzXC8yMDIyXC8wNFwvSU1HXzIwMTcwNTI2XzExMDcyOC0xLXNjYWxlZC5qcGciLCJzbGlkZXNob3ciOiI5MmQyMzRmIn0%3D\" href=\"https:\/\/blogsaverroes.juntadeandalucia.es\/miniempresatalme\/files\/2022\/04\/IMG_20170526_110728-1-scaled.jpg\"><figure class=\"swiper-slide-inner\"><img decoding=\"async\" class=\"swiper-slide-image\" src=\"https:\/\/blogsaverroes.juntadeandalucia.es\/miniempresatalme\/files\/2022\/04\/IMG_20170526_110728-1-150x150.jpg\" alt=\"IMG_20170526_110728\" \/><\/figure><\/a><\/div><div class=\"swiper-slide\" role=\"group\" aria-roledescription=\"slide\" aria-label=\"14 de 16\"><a data-elementor-open-lightbox=\"yes\" data-elementor-lightbox-slideshow=\"92d234f\" data-elementor-lightbox-title=\"IMG_20181026_111041\" data-e-action-hash=\"#elementor-action%3Aaction%3Dlightbox%26settings%3DeyJpZCI6IjYyMCIsInVybCI6Imh0dHBzOlwvXC9ibG9nc2F2ZXJyb2VzLmp1bnRhZGVhbmRhbHVjaWEuZXNcL21pbmllbXByZXNhdGFsbWVcL2ZpbGVzXC8yMDIyXC8wNFwvSU1HXzIwMTgxMDI2XzExMTA0MS1zY2FsZWQuanBnIiwic2xpZGVzaG93IjoiOTJkMjM0ZiJ9\" href=\"https:\/\/blogsaverroes.juntadeandalucia.es\/miniempresatalme\/files\/2022\/04\/IMG_20181026_111041-scaled.jpg\"><figure class=\"swiper-slide-inner\"><img decoding=\"async\" class=\"swiper-slide-image\" src=\"https:\/\/blogsaverroes.juntadeandalucia.es\/miniempresatalme\/files\/2022\/04\/IMG_20181026_111041-150x150.jpg\" alt=\"IMG_20181026_111041\" \/><\/figure><\/a><\/div><div class=\"swiper-slide\" role=\"group\" aria-roledescription=\"slide\" aria-label=\"15 de 16\"><a data-elementor-open-lightbox=\"yes\" data-elementor-lightbox-slideshow=\"92d234f\" data-elementor-lightbox-title=\"IMG_20171215_110023\" data-e-action-hash=\"#elementor-action%3Aaction%3Dlightbox%26settings%3DeyJpZCI6IjYxOSIsInVybCI6Imh0dHBzOlwvXC9ibG9nc2F2ZXJyb2VzLmp1bnRhZGVhbmRhbHVjaWEuZXNcL21pbmllbXByZXNhdGFsbWVcL2ZpbGVzXC8yMDIyXC8wNFwvSU1HXzIwMTcxMjE1XzExMDAyMy0yLXNjYWxlZC5qcGciLCJzbGlkZXNob3ciOiI5MmQyMzRmIn0%3D\" href=\"https:\/\/blogsaverroes.juntadeandalucia.es\/miniempresatalme\/files\/2022\/04\/IMG_20171215_110023-2-scaled.jpg\"><figure class=\"swiper-slide-inner\"><img decoding=\"async\" class=\"swiper-slide-image\" src=\"https:\/\/blogsaverroes.juntadeandalucia.es\/miniempresatalme\/files\/2022\/04\/IMG_20171215_110023-2-150x150.jpg\" alt=\"Navidad\" \/><figcaption class=\"elementor-image-carousel-caption\">Navidad<\/figcaption><\/figure><\/a><\/div><div class=\"swiper-slide\" role=\"group\" aria-roledescription=\"slide\" aria-label=\"16 de 16\"><a data-elementor-open-lightbox=\"yes\" data-elementor-lightbox-slideshow=\"92d234f\" data-elementor-lightbox-title=\"IMG_20181026_111224\" data-e-action-hash=\"#elementor-action%3Aaction%3Dlightbox%26settings%3DeyJpZCI6IjYyMSIsInVybCI6Imh0dHBzOlwvXC9ibG9nc2F2ZXJyb2VzLmp1bnRhZGVhbmRhbHVjaWEuZXNcL21pbmllbXByZXNhdGFsbWVcL2ZpbGVzXC8yMDIyXC8wNFwvSU1HXzIwMTgxMDI2XzExMTIyNC1zY2FsZWQuanBnIiwic2xpZGVzaG93IjoiOTJkMjM0ZiJ9\" href=\"https:\/\/blogsaverroes.juntadeandalucia.es\/miniempresatalme\/files\/2022\/04\/IMG_20181026_111224-scaled.jpg\"><figure class=\"swiper-slide-inner\"><img decoding=\"async\" class=\"swiper-slide-image\" src=\"https:\/\/blogsaverroes.juntadeandalucia.es\/miniempresatalme\/files\/2022\/04\/IMG_20181026_111224-150x150.jpg\" alt=\"IMG_20181026_111224\" \/><\/figure><\/a><\/div>\t\t\t<\/div>\n\t\t\t\t\t\t\t\t\t\t\t\t<div class=\"elementor-swiper-button elementor-swiper-button-prev\" role=\"button\" tabindex=\"0\">\n\t\t\t\t\t\t<i aria-hidden=\"true\" class=\"eicon-chevron-left\"><\/i>\t\t\t\t\t<\/div>\n\t\t\t\t\t<div class=\"elementor-swiper-button elementor-swiper-button-next\" role=\"button\" tabindex=\"0\">\n\t\t\t\t\t\t<i aria-hidden=\"true\" class=\"eicon-chevron-right\"><\/i>\t\t\t\t\t<\/div>\n\t\t\t\t\n\t\t\t\t\t\t\t\t\t<div class=\"swiper-pagination\"><\/div>\n\t\t\t\t\t\t\t\t\t<\/div>\n\t\t\t\t\t\t<\/div>\n\t\t\t\t<\/div>\n\t\t\t\t\t<\/div>\n\t\t<\/div>\n\t\t\t\t\t<\/div>\n\t\t<\/section>\n\t\t\t\t<section class=\"elementor-section elementor-top-section elementor-element elementor-element-de4e9fe elementor-section-boxed elementor-section-height-default elementor-section-height-default\" data-id=\"de4e9fe\" data-element_type=\"section\">\n\t\t\t\t\t\t<div class=\"elementor-container elementor-column-gap-default\">\n\t\t\t\t\t<div class=\"elementor-column elementor-col-100 elementor-top-column elementor-element elementor-element-7749100\" data-id=\"7749100\" data-element_type=\"column\">\n\t\t\t<div class=\"elementor-widget-wrap elementor-element-populated\">\n\t\t\t\t\t\t<div class=\"elementor-element elementor-element-3eb28f2 elementor-widget elementor-widget-text-editor\" data-id=\"3eb28f2\" data-element_type=\"widget\" data-widget_type=\"text-editor.default\">\n\t\t\t\t<div class=\"elementor-widget-container\">\n\t\t\t\t\t\t\t\t\t<p><span style=\"font-size: 14pt;font-family: 'book antiqua', palatino, serif\">Las asociaciones para las que donamos el dinero recaudado son elegidas por los alumnos en relaci\u00f3n con sus intereses y preocupaciones. Tambi\u00e9n organizamos campa\u00f1as de recogida de alimentos y otros enseres para las diferentes causas.<\/span><\/p>\t\t\t\t\t\t\t\t<\/div>\n\t\t\t\t<\/div>\n\t\t\t\t\t<\/div>\n\t\t<\/div>\n\t\t\t\t\t<\/div>\n\t\t<\/section>\n\t\t\t\t<\/div>\n\t\t","protected":false},"excerpt":{"rendered":"<p>Una de las actividades con la que m\u00e1s disfrutan nuestros alumnos en con la creaci\u00f3n de nuestras manualidades solidarias. Aprovechamos los d\u00edas de efem\u00e9rides especiales (Navidad, d\u00eda de los enamorados, d\u00eda de la familia,&#46;&#46;&#46;<\/p>\n","protected":false},"author":7130,"featured_media":0,"parent":0,"menu_order":0,"comment_status":"closed","ping_status":"closed","template":"","meta":{"ngg_post_thumbnail":0,"footnotes":""},"aioseo_notices":[],"_links":{"self":[{"href":"https:\/\/blogsaverroes.juntadeandalucia.es\/miniempresatalme\/wp-json\/wp\/v2\/pages\/410"}],"collection":[{"href":"https:\/\/blogsaverroes.juntadeandalucia.es\/miniempresatalme\/wp-json\/wp\/v2\/pages"}],"about":[{"href":"https:\/\/blogsaverroes.juntadeandalucia.es\/miniempresatalme\/wp-json\/wp\/v2\/types\/page"}],"author":[{"embeddable":true,"href":"https:\/\/blogsaverroes.juntadeandalucia.es\/miniempresatalme\/wp-json\/wp\/v2\/users\/7130"}],"replies":[{"embeddable":true,"href":"https:\/\/blogsaverroes.juntadeandalucia.es\/miniempresatalme\/wp-json\/wp\/v2\/comments?post=410"}],"version-history":[{"count":33,"href":"https:\/\/blogsaverroes.juntadeandalucia.es\/miniempresatalme\/wp-json\/wp\/v2\/pages\/410\/revisions"}],"predecessor-version":[{"id":772,"href":"https:\/\/blogsaverroes.juntadeandalucia.es\/miniempresatalme\/wp-json\/wp\/v2\/pages\/410\/revisions\/772"}],"wp:attachment":[{"href":"https:\/\/blogsaverroes.juntadeandalucia.es\/miniempresatalme\/wp-json\/wp\/v2\/media?parent=410"}],"curies":[{"name":"wp","href":"https:\/\/api.w.org\/{rel}","templated":true}]}}