{"id":179,"date":"2023-01-25T12:36:33","date_gmt":"2023-01-25T12:36:33","guid":{"rendered":"https:\/\/blogsaverroes.juntadeandalucia.es\/mmblog\/?page_id=179"},"modified":"2023-01-25T12:36:33","modified_gmt":"2023-01-25T12:36:33","slug":"software-de-diseno","status":"publish","type":"page","link":"https:\/\/blogsaverroes.juntadeandalucia.es\/mmblog\/software-de-diseno\/","title":{"rendered":"Software de dise\u00f1o"},"content":{"rendered":"<p id=\"yui_3_17_2_1_1674650172933_26\">La impresi\u00f3n 3D necesita de un&nbsp;<strong>dise\u00f1o previo<\/strong>. A la hora de dise\u00f1ar objetos en 3D tenemos&nbsp;<strong>m\u00faltiples posibilidades<\/strong>, de modo que dependiendo de nuestras necesidades podremos&nbsp;<strong>elegir entre<\/strong>&nbsp;diferente&nbsp;<em>software<\/em>:<\/p>\n<ul>\n<li><a href=\"https:\/\/www.freecadweb.org\/\" target=\"_blank\" rel=\"noopener noreferrer\"><strong>FreeCAD<\/strong><\/a>&nbsp;(enlace en ingl\u00e9s). Es un&nbsp;<strong>programa multiplataforma<\/strong>&nbsp;(Windows, Mac y Linux) de modelado 3D creado inicialmente para dise\u00f1ar objetos de la vida real de cualquier tama\u00f1o. FreeCAD es de c\u00f3digo abierto y altamente personalizable, programable mediante scripts y extensible.<\/li>\n<li><strong><a href=\"http:\/\/www.sketchup.com\/\" target=\"_blank\" rel=\"noopener noreferrer\">SketchUp<\/a><\/strong>. Este programa de modelado 3D, disponible para&nbsp;<strong>distintas plataformas<\/strong>, destaca por su facilidad de uso. Tiene versiones gratuitas para docentes y estudiantes.<\/li>\n<li><strong><a href=\"https:\/\/www.tinkercad.com\/\" target=\"_blank\" rel=\"noopener noreferrer\">Tinkercad<\/a><\/strong>. Es un programa de dise\u00f1o 3D accesible<strong>&nbsp;online<\/strong>, desde un navegador, y funciona en cualquier plataforma siempre que el navegador soporte HTML5\/WebGL. Los navegadores recomendados son Chrome y Firefox.&nbsp;Tinkercad destaca por su facilidad de uso, gracias a la utilizaci\u00f3n de formas predise\u00f1adas que se pueden combinar y modificar dando lugar a todo tipo de objetos en 3D. Otra de sus principales caracter\u00edsticas es el almacenamiento en la nube, lo que nos permite acceder a nuestros modelos desde cualquier ordenador, as\u00ed como la posibilidad de importar modelos en 2D que pueden ser convertidos f\u00e1cilmente en objetos 3D.<\/li>\n<\/ul>\n<figure class=\"exe-figure exe-image position-center license-CC-BY\"><img decoding=\"async\" title=\"Tinkercad\" src=\"https:\/\/educacionadistancia.juntadeandalucia.es\/aulavirtual\/pluginfile.php\/287913\/mod_book\/chapter\/14448\/16152931900_609d41500b_h.jpg\" alt=\"Dise\u00f1o con  tinkercad\" width=\"80%\"><figcaption class=\"figcaption\"><\/figcaption><\/figure>\n","protected":false},"excerpt":{"rendered":"<p>La impresi\u00f3n 3D necesita de un&nbsp;dise\u00f1o previo. A la hora de dise\u00f1ar objetos en 3D tenemos&nbsp;m\u00faltiples posibilidades, de modo que dependiendo de nuestras necesidades podremos&nbsp;elegir entre&nbsp;diferente&nbsp;software: FreeCAD&nbsp;(enlace en ingl\u00e9s). Es un&nbsp;programa multiplataforma&nbsp;(Windows, Mac y&#46;&#46;&#46;<\/p>\n","protected":false},"author":13920,"featured_media":0,"parent":0,"menu_order":0,"comment_status":"closed","ping_status":"closed","template":"","meta":{"ngg_post_thumbnail":0,"footnotes":""},"aioseo_notices":[],"_links":{"self":[{"href":"https:\/\/blogsaverroes.juntadeandalucia.es\/mmblog\/wp-json\/wp\/v2\/pages\/179"}],"collection":[{"href":"https:\/\/blogsaverroes.juntadeandalucia.es\/mmblog\/wp-json\/wp\/v2\/pages"}],"about":[{"href":"https:\/\/blogsaverroes.juntadeandalucia.es\/mmblog\/wp-json\/wp\/v2\/types\/page"}],"author":[{"embeddable":true,"href":"https:\/\/blogsaverroes.juntadeandalucia.es\/mmblog\/wp-json\/wp\/v2\/users\/13920"}],"replies":[{"embeddable":true,"href":"https:\/\/blogsaverroes.juntadeandalucia.es\/mmblog\/wp-json\/wp\/v2\/comments?post=179"}],"version-history":[{"count":1,"href":"https:\/\/blogsaverroes.juntadeandalucia.es\/mmblog\/wp-json\/wp\/v2\/pages\/179\/revisions"}],"predecessor-version":[{"id":182,"href":"https:\/\/blogsaverroes.juntadeandalucia.es\/mmblog\/wp-json\/wp\/v2\/pages\/179\/revisions\/182"}],"wp:attachment":[{"href":"https:\/\/blogsaverroes.juntadeandalucia.es\/mmblog\/wp-json\/wp\/v2\/media?parent=179"}],"curies":[{"name":"wp","href":"https:\/\/api.w.org\/{rel}","templated":true}]}}