{"id":188,"date":"2023-01-25T12:45:59","date_gmt":"2023-01-25T12:45:59","guid":{"rendered":"https:\/\/blogsaverroes.juntadeandalucia.es\/mmblog\/?page_id=188"},"modified":"2023-01-25T12:45:59","modified_gmt":"2023-01-25T12:45:59","slug":"taller-alumnos","status":"publish","type":"page","link":"https:\/\/blogsaverroes.juntadeandalucia.es\/mmblog\/taller-alumnos\/","title":{"rendered":"Taller alumnos"},"content":{"rendered":"<p>En Navidad se propuso un concurso en el IES de tarjetas navide\u00f1as en 3D. Para que el alumnado pudiera participar se realiz\u00f3 un taller de dise\u00f1o de impresi\u00f3n donde los ponentes eran tres alumnos que poseen muchos conocimientos sobre este tema.&nbsp;<\/p>\n<p>Se muestran a continuaci\u00f3n las presentaciones utilizadas junto con el dise\u00f1o de la tarjeta navide\u00f1a ganadora.&nbsp;<\/p>\n<p><a href=\"https:\/\/www.canva.com\/design\/DAFT3VV4_HQ\/KMvc-qJYuUPFr2crYRlgDg\/view?utm_content=DAFT3VV4_HQ&amp;utm_campaign=designshare&amp;utm_medium=link2&amp;utm_source=sharebutton\">Introducci\u00f3n a la impresi\u00f3n 3D<\/a><\/p>\n<p><a href=\"https:\/\/blogsaverroes.juntadeandalucia.es\/mmblog\/files\/2023\/01\/presentaci\u00f3n_3D.pdf\">Presentaci\u00f3n_3D<\/a><\/p>\n<p><img loading=\"lazy\" decoding=\"async\" class=\"alignnone size-medium wp-image-190\" src=\"https:\/\/blogsaverroes.juntadeandalucia.es\/mmblog\/files\/2023\/01\/ganador_1-135x300.jpg\" alt=\"\" width=\"135\" height=\"300\" srcset=\"https:\/\/blogsaverroes.juntadeandalucia.es\/mmblog\/files\/2023\/01\/ganador_1-135x300.jpg 135w, https:\/\/blogsaverroes.juntadeandalucia.es\/mmblog\/files\/2023\/01\/ganador_1-461x1024.jpg 461w, https:\/\/blogsaverroes.juntadeandalucia.es\/mmblog\/files\/2023\/01\/ganador_1-768x1708.jpg 768w, https:\/\/blogsaverroes.juntadeandalucia.es\/mmblog\/files\/2023\/01\/ganador_1-691x1536.jpg 691w, https:\/\/blogsaverroes.juntadeandalucia.es\/mmblog\/files\/2023\/01\/ganador_1-700x1557.jpg 700w, https:\/\/blogsaverroes.juntadeandalucia.es\/mmblog\/files\/2023\/01\/ganador_1-332x738.jpg 332w, https:\/\/blogsaverroes.juntadeandalucia.es\/mmblog\/files\/2023\/01\/ganador_1.jpg 921w\" sizes=\"(max-width: 135px) 100vw, 135px\" \/> <img loading=\"lazy\" decoding=\"async\" class=\"alignnone size-medium wp-image-191\" src=\"https:\/\/blogsaverroes.juntadeandalucia.es\/mmblog\/files\/2023\/01\/ganador_2-135x300.jpg\" alt=\"\" width=\"135\" height=\"300\" srcset=\"https:\/\/blogsaverroes.juntadeandalucia.es\/mmblog\/files\/2023\/01\/ganador_2-135x300.jpg 135w, https:\/\/blogsaverroes.juntadeandalucia.es\/mmblog\/files\/2023\/01\/ganador_2-461x1024.jpg 461w, https:\/\/blogsaverroes.juntadeandalucia.es\/mmblog\/files\/2023\/01\/ganador_2-768x1708.jpg 768w, https:\/\/blogsaverroes.juntadeandalucia.es\/mmblog\/files\/2023\/01\/ganador_2-691x1536.jpg 691w, https:\/\/blogsaverroes.juntadeandalucia.es\/mmblog\/files\/2023\/01\/ganador_2-700x1557.jpg 700w, https:\/\/blogsaverroes.juntadeandalucia.es\/mmblog\/files\/2023\/01\/ganador_2-332x738.jpg 332w, https:\/\/blogsaverroes.juntadeandalucia.es\/mmblog\/files\/2023\/01\/ganador_2.jpg 921w\" sizes=\"(max-width: 135px) 100vw, 135px\" \/><\/p>\n","protected":false},"excerpt":{"rendered":"<p>En Navidad se propuso un concurso en el IES de tarjetas navide\u00f1as en 3D. Para que el alumnado pudiera participar se realiz\u00f3 un taller de dise\u00f1o de impresi\u00f3n donde los ponentes eran tres alumnos&#46;&#46;&#46;<\/p>\n","protected":false},"author":13920,"featured_media":0,"parent":0,"menu_order":0,"comment_status":"closed","ping_status":"closed","template":"","meta":{"ngg_post_thumbnail":0,"footnotes":""},"aioseo_notices":[],"_links":{"self":[{"href":"https:\/\/blogsaverroes.juntadeandalucia.es\/mmblog\/wp-json\/wp\/v2\/pages\/188"}],"collection":[{"href":"https:\/\/blogsaverroes.juntadeandalucia.es\/mmblog\/wp-json\/wp\/v2\/pages"}],"about":[{"href":"https:\/\/blogsaverroes.juntadeandalucia.es\/mmblog\/wp-json\/wp\/v2\/types\/page"}],"author":[{"embeddable":true,"href":"https:\/\/blogsaverroes.juntadeandalucia.es\/mmblog\/wp-json\/wp\/v2\/users\/13920"}],"replies":[{"embeddable":true,"href":"https:\/\/blogsaverroes.juntadeandalucia.es\/mmblog\/wp-json\/wp\/v2\/comments?post=188"}],"version-history":[{"count":1,"href":"https:\/\/blogsaverroes.juntadeandalucia.es\/mmblog\/wp-json\/wp\/v2\/pages\/188\/revisions"}],"predecessor-version":[{"id":193,"href":"https:\/\/blogsaverroes.juntadeandalucia.es\/mmblog\/wp-json\/wp\/v2\/pages\/188\/revisions\/193"}],"wp:attachment":[{"href":"https:\/\/blogsaverroes.juntadeandalucia.es\/mmblog\/wp-json\/wp\/v2\/media?parent=188"}],"curies":[{"name":"wp","href":"https:\/\/api.w.org\/{rel}","templated":true}]}}