{"id":41,"date":"2021-11-30T11:43:29","date_gmt":"2021-11-30T11:43:29","guid":{"rendered":"https:\/\/blogsaverroes.juntadeandalucia.es\/mmblog\/?page_id=41"},"modified":"2022-02-23T16:22:22","modified_gmt":"2022-02-23T16:22:22","slug":"curacion-de-contenidos","status":"publish","type":"page","link":"https:\/\/blogsaverroes.juntadeandalucia.es\/mmblog\/curacion-de-contenidos\/","title":{"rendered":"Creaci\u00f3n de contenidos"},"content":{"rendered":"<p>La curaci\u00f3n de contenidos consiste en buscar, recopilar, filtrar y seleccionar toda la informaci\u00f3n relacionada con el tema que estamos tratando y que nos resulta relevante.<\/p>\n<p>Hoy en d\u00eda existe much\u00edsimo contenido en internet, pero no todo vale, como docentes debemos ver cu\u00e1l es el contenido que m\u00e1s se adapta a nuestro alumnado y a nuestra forma de impartir clases.&nbsp;<\/p>\n","protected":false},"excerpt":{"rendered":"<p>La curaci\u00f3n de contenidos consiste en buscar, recopilar, filtrar y seleccionar toda la informaci\u00f3n relacionada con el tema que estamos tratando y que nos resulta relevante. Hoy en d\u00eda existe much\u00edsimo contenido en internet,&#46;&#46;&#46;<\/p>\n","protected":false},"author":13920,"featured_media":0,"parent":0,"menu_order":0,"comment_status":"closed","ping_status":"closed","template":"","meta":{"ngg_post_thumbnail":0,"footnotes":""},"aioseo_notices":[],"_links":{"self":[{"href":"https:\/\/blogsaverroes.juntadeandalucia.es\/mmblog\/wp-json\/wp\/v2\/pages\/41"}],"collection":[{"href":"https:\/\/blogsaverroes.juntadeandalucia.es\/mmblog\/wp-json\/wp\/v2\/pages"}],"about":[{"href":"https:\/\/blogsaverroes.juntadeandalucia.es\/mmblog\/wp-json\/wp\/v2\/types\/page"}],"author":[{"embeddable":true,"href":"https:\/\/blogsaverroes.juntadeandalucia.es\/mmblog\/wp-json\/wp\/v2\/users\/13920"}],"replies":[{"embeddable":true,"href":"https:\/\/blogsaverroes.juntadeandalucia.es\/mmblog\/wp-json\/wp\/v2\/comments?post=41"}],"version-history":[{"count":4,"href":"https:\/\/blogsaverroes.juntadeandalucia.es\/mmblog\/wp-json\/wp\/v2\/pages\/41\/revisions"}],"predecessor-version":[{"id":127,"href":"https:\/\/blogsaverroes.juntadeandalucia.es\/mmblog\/wp-json\/wp\/v2\/pages\/41\/revisions\/127"}],"wp:attachment":[{"href":"https:\/\/blogsaverroes.juntadeandalucia.es\/mmblog\/wp-json\/wp\/v2\/media?parent=41"}],"curies":[{"name":"wp","href":"https:\/\/api.w.org\/{rel}","templated":true}]}}