{"id":198,"date":"2015-03-17T09:55:36","date_gmt":"2015-03-17T09:55:36","guid":{"rendered":"http:\/\/blogsaverroes.juntadeandalucia.es\/pre\/ceip\/?page_id=198"},"modified":"2015-11-24T12:29:47","modified_gmt":"2015-11-24T11:29:47","slug":"asociacion_alumnos","status":"publish","type":"page","link":"https:\/\/blogsaverroes.juntadeandalucia.es\/molinilloviejo\/asociacion_alumnos\/","title":{"rendered":"Nunca es tarde"},"content":{"rendered":"<h3 align=\"center\">Asociaci\u00f3n de Alumnos\/as<\/h3>\n<p align=\"left\">Nuestra secci\u00f3n cuenta desde el a\u00f1o 1999 con una <b>Asociaci\u00f3n de Alumnos\/as<\/b>, denominada <b>\u00abNunca es tarde\u00bb<\/b>, cuyos fines son, entre otros, expresar la opini\u00f3n del alumnado en todo aquello que afecte a su situaci\u00f3n en la Secci\u00f3n, as\u00ed como, colaborar en la labor educativa de la Secci\u00f3n y en las actividades complementarias y extraescolares de la misma.<\/p>\n<p><span lang=\"es\" style=\"background-color: #ffff00\"><u><b>Actividades<\/b><\/u><\/span><\/p>\n<p>Entre sus actividades destacan:<\/p>\n<ul>\n<li>Consultor\u00eda y atenci\u00f3n al alumnado.<\/li>\n<li>Talleres y cursos.<\/li>\n<li>Charlas, conferencias y debates sobre temas de inter\u00e9s.<\/li>\n<li>Viajes culturales y excursiones recreativas.<\/li>\n<li>Fiestas l\u00fadicas y celebraciones conmemorativas.<\/li>\n<\/ul>\n<p><u><b><span style=\"background-color: #ffff00\">Junta Directiva actual<\/span><br \/>\n<\/b><\/u><\/p>\n<p>Presidenta:<br \/>\nSecretaria:<br \/>\nTesorera:<br \/>\nVocal<span lang=\"es\">es<\/span>:<\/p>\n","protected":false},"excerpt":{"rendered":"<p>Asociaci\u00f3n de Alumnos\/as Nuestra secci\u00f3n cuenta desde el a\u00f1o 1999 con una Asociaci\u00f3n de Alumnos\/as, denominada \u00abNunca es tarde\u00bb, cuyos fines son, entre otros, expresar la opini\u00f3n del alumnado en todo aquello que afecte&#46;&#46;&#46;<\/p>\n","protected":false},"author":1,"featured_media":0,"parent":0,"menu_order":0,"comment_status":"closed","ping_status":"open","template":"","meta":{"ngg_post_thumbnail":0,"footnotes":"","_mc_calendar":[]},"aioseo_notices":[],"_links":{"self":[{"href":"https:\/\/blogsaverroes.juntadeandalucia.es\/molinilloviejo\/wp-json\/wp\/v2\/pages\/198"}],"collection":[{"href":"https:\/\/blogsaverroes.juntadeandalucia.es\/molinilloviejo\/wp-json\/wp\/v2\/pages"}],"about":[{"href":"https:\/\/blogsaverroes.juntadeandalucia.es\/molinilloviejo\/wp-json\/wp\/v2\/types\/page"}],"author":[{"embeddable":true,"href":"https:\/\/blogsaverroes.juntadeandalucia.es\/molinilloviejo\/wp-json\/wp\/v2\/users\/1"}],"replies":[{"embeddable":true,"href":"https:\/\/blogsaverroes.juntadeandalucia.es\/molinilloviejo\/wp-json\/wp\/v2\/comments?post=198"}],"version-history":[{"count":9,"href":"https:\/\/blogsaverroes.juntadeandalucia.es\/molinilloviejo\/wp-json\/wp\/v2\/pages\/198\/revisions"}],"predecessor-version":[{"id":2409,"href":"https:\/\/blogsaverroes.juntadeandalucia.es\/molinilloviejo\/wp-json\/wp\/v2\/pages\/198\/revisions\/2409"}],"wp:attachment":[{"href":"https:\/\/blogsaverroes.juntadeandalucia.es\/molinilloviejo\/wp-json\/wp\/v2\/media?parent=198"}],"curies":[{"name":"wp","href":"https:\/\/api.w.org\/{rel}","templated":true}]}}

<h3 align="center">Asociación de Alumnos/as</h3>
<p align="left">Nuestra sección cuenta desde el año 1999 con una <b>Asociación de Alumnos/as</b>, denominada <b>«Nunca es tarde»</b>, cuyos fines son, entre otros, expresar la opinión del alumnado en todo aquello que afecte a su situación en la Sección, así como, colaborar en la labor educativa de la Sección y en las actividades complementarias y extraescolares de la misma.</p>
<p><span lang="es" style="background-color: #ffff00"><u><b>Actividades</b></u></span></p>
<p>Entre sus actividades destacan:</p>
<ul>
<li>Consultoría y atención al alumnado.</li>
<li>Talleres y cursos.</li>
<li>Charlas, conferencias y debates sobre temas de interés.</li>
<li>Viajes culturales y excursiones recreativas.</li>
<li>Fiestas lúdicas y celebraciones conmemorativas.</li>
</ul>
<p><u><b><span style="background-color: #ffff00">Junta Directiva actual</span><br />
</b></u></p>
<p>Presidenta:<br />
Secretaria:<br />
Tesorera:<br />
Vocal<span lang="es">es</span>:</p>

<p>Asociación de Alumnos/as Nuestra sección cuenta desde el año 1999 con una Asociación de Alumnos/as, denominada «Nunca es tarde», cuyos fines son, entre otros, expresar la opinión del alumnado en todo aquello que afecte&#46;&#46;&#46;</p>
