{"id":2835,"date":"2016-01-17T13:32:29","date_gmt":"2016-01-17T12:32:29","guid":{"rendered":"http:\/\/blogsaverroes.juntadeandalucia.es\/molinilloviejo\/?page_id=2835"},"modified":"2016-05-02T11:57:57","modified_gmt":"2016-05-02T09:57:57","slug":"matematicas","status":"publish","type":"page","link":"https:\/\/blogsaverroes.juntadeandalucia.es\/molinilloviejo\/enlaces\/recursos-y-utilidades\/matematicas\/","title":{"rendered":"Enlaces de Matem\u00e1ticas"},"content":{"rendered":"<h3><strong><span style=\"color: #ff0000\">Recursos did\u00e1cticos y utilidades:<\/span><\/strong><\/h3>\n<ul>\n<li><span lang=\"es\"> <a href=\"http:\/\/www.amolasmates.es\/\" target=\"_blank\">Amo la mates<\/a>: <\/span>\n<ul>\n<li><span lang=\"es\"> <a href=\"http:\/\/www.amolasmates.es\/Mates%20basicas\/mates_basicas1.html\" target=\"_blank\"> Aprende los n\u00fameros, cuentas, tablas&#8230;<\/a> <\/span><\/li>\n<li><span lang=\"es\"> <a href=\"http:\/\/www.amolasmates.es\/Mates%20basicas\/Mates_basicas.html\" target=\"_blank\"> Mates b\u00e1sicas<\/a> <\/span><\/li>\n<li><span lang=\"es\"> <a href=\"http:\/\/www.amolasmates.es\/secundaria.html\" target=\"_blank\"> Mates secundaria<\/a> <\/span><\/li>\n<\/ul>\n<\/li>\n<li><span lang=\"es\"> <a href=\"http:\/\/www.aulapt.org\/category\/calculo-mental\/\" target=\"_blank\"> C\u00e1lculo mental en Aula PT<\/a> <\/span><\/li>\n<li><span lang=\"es\"><a href=\"http:\/\/roble.pntic.mec.es\/arum0010\/temas\/calculo_mental.htm\" target=\"_blank\">C\u00e1lculo mental en Jueduland<\/a><\/span><\/li>\n<li><span lang=\"es\"><a href=\"http:\/\/www3.gobiernodecanarias.org\/medusa\/eltanquematematico\/\" target=\"_blank\">El Tanque<\/a><\/span><\/li>\n<li><a href=\"http:\/\/www.genmagic.net\/mates4\/sermat1c.swf\" target=\"_blank\">Escribe los n\u00fameros en letra (genmagic)<\/a> <a href=\"http:\/\/blogsaverroes.juntadeandalucia.es\/molinilloviejo\/files\/2016\/02\/flecha_nuevo.gif\"><img loading=\"lazy\" decoding=\"async\" class=\" size-full wp-image-2934 alignnone\" src=\"http:\/\/blogsaverroes.juntadeandalucia.es\/molinilloviejo\/files\/2016\/02\/flecha_nuevo.gif\" alt=\"flecha_nuevo\" width=\"32\" height=\"9\" \/><\/a><\/li>\n<li><a href=\"http:\/\/www.vedoque.com\/juegos\/matematicas-04-fracciones.swf\" target=\"_blank\">Fracciones &#8211; Vedoque\u00a0 <\/a><a href=\"http:\/\/blogsaverroes.juntadeandalucia.es\/molinilloviejo\/files\/2016\/02\/flecha_nuevo.gif\"><img loading=\"lazy\" decoding=\"async\" class=\" size-full wp-image-2934 alignnone\" src=\"http:\/\/blogsaverroes.juntadeandalucia.es\/molinilloviejo\/files\/2016\/02\/flecha_nuevo.gif\" alt=\"flecha_nuevo\" width=\"32\" height=\"9\" \/><\/a><\/li>\n<li><span lang=\"es\"><a href=\"http:\/\/www.gobiernodecanarias.org\/educacion\/4\/Medusa\/GCMWEB\/Code\/Recursos\/VisualizarPagina.aspx?IdRecurso=9694\" target=\"_blank\">Geometr\u00eda elemental<\/a> (\u00e1reas figura planas, vol\u00famenes de cuerpos y actividades)<\/span><\/li>\n<li><span lang=\"es\"><a href=\"http:\/\/www.aplicaciones.info\/decimales\/mates.htm\" target=\"_blank\">Matem\u00e1ticas Interectivas<\/a>\u00a0<\/span><\/li>\n<li><a href=\"http:\/\/www.genmagic.net\/mates4\/ser8c.swf\" target=\"_blank\">Multiplica y divide por 10, 100, 1000 (genmagic)\u00a0<\/a><a href=\"http:\/\/blogsaverroes.juntadeandalucia.es\/molinilloviejo\/files\/2016\/02\/flecha_nuevo.gif\"><img loading=\"lazy\" decoding=\"async\" class=\" size-full wp-image-2934 alignnone\" src=\"http:\/\/blogsaverroes.juntadeandalucia.es\/molinilloviejo\/files\/2016\/02\/flecha_nuevo.gif\" alt=\"flecha_nuevo\" width=\"32\" height=\"9\" \/><\/a><\/li>\n<li><a href=\"http:\/\/www.educalim.com\/biblioteca\/mate\/mate.html\" target=\"_blank\">Operaciones on-line (Educalim)<\/a> <a href=\"http:\/\/blogsaverroes.juntadeandalucia.es\/molinilloviejo\/files\/2016\/02\/flecha_nuevo.gif\"><img loading=\"lazy\" decoding=\"async\" class=\" size-full wp-image-2934 alignnone\" src=\"http:\/\/blogsaverroes.juntadeandalucia.es\/molinilloviejo\/files\/2016\/02\/flecha_nuevo.gif\" alt=\"flecha_nuevo\" width=\"32\" height=\"9\" \/><\/a><\/li>\n<li><a href=\"http:\/\/ntic.educacion.es\/w3\/eos\/MaterialesEducativos\/mem2008\/matematicas_primaria\/numeracion\/operaciones\/algtradicdivi.swf\" target=\"_blank\">Practicar la divisi\u00f3n (ite.educacion)<\/a> <a href=\"http:\/\/blogsaverroes.juntadeandalucia.es\/molinilloviejo\/files\/2016\/02\/flecha_nuevo.gif\"><img loading=\"lazy\" decoding=\"async\" class=\" size-full wp-image-2934 alignnone\" src=\"http:\/\/blogsaverroes.juntadeandalucia.es\/molinilloviejo\/files\/2016\/02\/flecha_nuevo.gif\" alt=\"flecha_nuevo\" width=\"32\" height=\"9\" \/><\/a><\/li>\n<li><a href=\"http:\/\/www.joaquincarrion.com\/Recursosdidacticos\/QUINTO\/datos\/03_Mates\/datos\/05_rdi\/ud03\/1\/01.htm\" target=\"_blank\">Practicar las divisiones de dos cifras (Anaya)<\/a> <a href=\"http:\/\/blogsaverroes.juntadeandalucia.es\/molinilloviejo\/files\/2016\/02\/flecha_nuevo.gif\"><img loading=\"lazy\" decoding=\"async\" class=\" size-full wp-image-2934 alignnone\" src=\"http:\/\/blogsaverroes.juntadeandalucia.es\/molinilloviejo\/files\/2016\/02\/flecha_nuevo.gif\" alt=\"flecha_nuevo\" width=\"32\" height=\"9\" \/><\/a><\/li>\n<li><a href=\"http:\/\/www.joaquincarrion.com\/Recursosdidacticos\/QUINTO\/datos\/03_Mates\/datos\/05_rdi\/ud03\/2\/02.htm\" target=\"_blank\">Practicar las divisiones de tres cifras (Anaya)\u00a0<\/a><a href=\"http:\/\/blogsaverroes.juntadeandalucia.es\/molinilloviejo\/files\/2016\/02\/flecha_nuevo.gif\"><img loading=\"lazy\" decoding=\"async\" class=\" size-full wp-image-2934 alignnone\" src=\"http:\/\/blogsaverroes.juntadeandalucia.es\/molinilloviejo\/files\/2016\/02\/flecha_nuevo.gif\" alt=\"flecha_nuevo\" width=\"32\" height=\"9\" \/><\/a><\/li>\n<li><a href=\"http:\/\/www.joaquincarrion.com\/Recursosdidacticos\/QUINTO\/datos\/03_Mates\/datos\/05_rdi\/ud03\/3\/03.htm\" target=\"_blank\">Practicar las divisiones con cero al cociente (Anaya)<\/a>\u00a0<a href=\"http:\/\/blogsaverroes.juntadeandalucia.es\/molinilloviejo\/files\/2016\/02\/flecha_nuevo.gif\"><img loading=\"lazy\" decoding=\"async\" class=\" size-full wp-image-2934 alignnone\" src=\"http:\/\/blogsaverroes.juntadeandalucia.es\/molinilloviejo\/files\/2016\/02\/flecha_nuevo.gif\" alt=\"flecha_nuevo\" width=\"32\" height=\"9\" \/><\/a><\/li>\n<li><a href=\"http:\/\/www.joaquincarrion.com\/Recursosdidacticos\/QUINTO\/datos\/03_Mates\/Programa\/mates_rdi.htm\" target=\"_blank\">Recursos interactivos de 5\u00ba curso (Anaya)<\/a> <a href=\"http:\/\/blogsaverroes.juntadeandalucia.es\/molinilloviejo\/files\/2016\/02\/flecha_nuevo.gif\"><img loading=\"lazy\" decoding=\"async\" class=\" size-full wp-image-2934 alignnone\" src=\"http:\/\/blogsaverroes.juntadeandalucia.es\/molinilloviejo\/files\/2016\/02\/flecha_nuevo.gif\" alt=\"flecha_nuevo\" width=\"32\" height=\"9\" \/><\/a><\/li>\n<li><a href=\"http:\/\/velopezedu.wix.com\/ct\" target=\"_blank\">Recursos para el plan de preparaci\u00f3n de la Prueba Libre<\/a> (\u00c1mbito <span lang=\"es\">Cient\u00edfico-Tecnol\u00f3gico<\/span>)<\/li>\n<li><span lang=\"es\"> <a href=\"http:\/\/www.thatquiz.org\/es\/\" target=\"_blank\">Thatquiz<\/a> (recurso de matem\u00e1ticas) <\/span><\/li>\n<li><span lang=\"es\"> <a href=\"http:\/\/sauce.pntic.mec.es\/jdiego\/\" target=\"_blank\">Usa el coco<\/a> (matem\u00e1ticas)<\/span><\/li>\n<li><a href=\"http:\/\/wikisaber.es\/Contenidos\/Contenidos.aspx\" target=\"_blank\">Wikisaber <\/a><a href=\"http:\/\/blogsaverroes.juntadeandalucia.es\/molinilloviejo\/files\/2016\/02\/flecha_nuevo.gif\"><img loading=\"lazy\" decoding=\"async\" class=\" size-full wp-image-2934 alignnone\" src=\"http:\/\/blogsaverroes.juntadeandalucia.es\/molinilloviejo\/files\/2016\/02\/flecha_nuevo.gif\" alt=\"flecha_nuevo\" width=\"32\" height=\"9\" \/><\/a><\/li>\n<\/ul>\n","protected":false},"excerpt":{"rendered":"<p>Recursos did\u00e1cticos y utilidades: Amo la mates: Aprende los n\u00fameros, cuentas, tablas&#8230; Mates b\u00e1sicas Mates secundaria C\u00e1lculo mental en Aula PT C\u00e1lculo mental en Jueduland El Tanque Escribe los n\u00fameros en letra (genmagic) Fracciones&#46;&#46;&#46;<\/p>\n","protected":false},"author":2172,"featured_media":0,"parent":2318,"menu_order":0,"comment_status":"open","ping_status":"open","template":"","meta":{"ngg_post_thumbnail":0,"footnotes":"","_mc_calendar":[]},"aioseo_notices":[],"_links":{"self":[{"href":"https:\/\/blogsaverroes.juntadeandalucia.es\/molinilloviejo\/wp-json\/wp\/v2\/pages\/2835"}],"collection":[{"href":"https:\/\/blogsaverroes.juntadeandalucia.es\/molinilloviejo\/wp-json\/wp\/v2\/pages"}],"about":[{"href":"https:\/\/blogsaverroes.juntadeandalucia.es\/molinilloviejo\/wp-json\/wp\/v2\/types\/page"}],"author":[{"embeddable":true,"href":"https:\/\/blogsaverroes.juntadeandalucia.es\/molinilloviejo\/wp-json\/wp\/v2\/users\/2172"}],"replies":[{"embeddable":true,"href":"https:\/\/blogsaverroes.juntadeandalucia.es\/molinilloviejo\/wp-json\/wp\/v2\/comments?post=2835"}],"version-history":[{"count":16,"href":"https:\/\/blogsaverroes.juntadeandalucia.es\/molinilloviejo\/wp-json\/wp\/v2\/pages\/2835\/revisions"}],"predecessor-version":[{"id":4434,"href":"https:\/\/blogsaverroes.juntadeandalucia.es\/molinilloviejo\/wp-json\/wp\/v2\/pages\/2835\/revisions\/4434"}],"up":[{"embeddable":true,"href":"https:\/\/blogsaverroes.juntadeandalucia.es\/molinilloviejo\/wp-json\/wp\/v2\/pages\/2318"}],"wp:attachment":[{"href":"https:\/\/blogsaverroes.juntadeandalucia.es\/molinilloviejo\/wp-json\/wp\/v2\/media?parent=2835"}],"curies":[{"name":"wp","href":"https:\/\/api.w.org\/{rel}","templated":true}]}}