{"id":330,"date":"2015-03-18T07:11:43","date_gmt":"2015-03-18T07:11:43","guid":{"rendered":"http:\/\/blogsaverroes.juntadeandalucia.es\/pre\/ceip\/?page_id=330"},"modified":"2020-06-22T20:02:17","modified_gmt":"2020-06-22T18:02:17","slug":"album_de_fotos","status":"publish","type":"page","link":"https:\/\/blogsaverroes.juntadeandalucia.es\/molinilloviejo\/album_de_fotos\/","title":{"rendered":"Galer\u00eda de fotos"},"content":{"rendered":"<h4 style=\"text-align: center\"><strong>CURSO 2019\/2020<\/strong><\/h4>\nngg_shortcode_0_placeholder\n<h4 style=\"text-align: center\"><strong>CURSO 2018-19<\/strong><\/h4>\nngg_shortcode_1_placeholder\n<h4 style=\"text-align: center\"><strong>CURSO 2017-18<\/strong><\/h4>\nngg_shortcode_2_placeholder\n<h4 style=\"text-align: center\"><strong>CURSO 2016-17<\/strong><\/h4>\n<p>\t<div class=\"ngg-albumoverview default-view\">\n\t\t\t\t\t<div class=\"ngg-album-compact\">\n\t\t\t\t<div class=\"ngg-album-compactbox\">\n\t\t\t\t\t<div class=\"ngg-album-link\">\n\t\t\t\t\t\t\t\t\t\t\t\t\t\t\t\t\t\t\t\t\t<a title='Celebramos el D\u00eda de la Alfabetizaci\u00f3n 2016' href='https:\/\/blogsaverroes.juntadeandalucia.es\/molinilloviejo\/album_de_fotos\/nggallery\/curso-2016-17\/Celebramos-el-D\u00eda-de-la-Alfabetizaci\u00f3n-2016'>\n\t\t\t\t\t\t\t\t\t<img class=\"Thumb\"\n\t\t\t\t\t\t\t\t\t\talt=\"Celebramos el D\u00eda de la Alfabetizaci\u00f3n 2016\"\n\t\t\t\t\t\t\t\t\t\tsrc=\"https:\/\/blogsaverroes.juntadeandalucia.es\/molinilloviejo\/nextgen-image\/1772\/200x150x100\/448a0f0dacade1a0b15be4c96967d70f\"\/>\n\t\t\t\t\t\t\t\t<\/a>\n\t\t\t\t\t\t\t\t\t\t\t\t\t\t\t\t\t\t<\/div>\n\t\t\t\t<\/div>\n\t\t\t\t\t\t\t\t<h4>\n\t\t\t\t\t<a class='ngg-album-desc' \n\t\t\t\t\ttitle='Celebramos el D\u00eda de la Alfabetizaci\u00f3n 2016' href='https:\/\/blogsaverroes.juntadeandalucia.es\/molinilloviejo\/album_de_fotos\/nggallery\/curso-2016-17\/Celebramos-el-D\u00eda-de-la-Alfabetizaci\u00f3n-2016'style=\"max-width: 220px\"\t\t\t\t\t>\n\t\t\t\t\t\tCelebramos el D\u00eda de la Alfabetizaci\u00f3n 2016\t\t\t\t\t<\/a>\n\t\t\t\t<\/h4>\n\t\t\t\t<p class=\"ngg-album-gallery-image-counter\">\n\t\t\t\t\t\t\t\t\t\t\t<strong>22<\/strong>&nbsp;Fotos\t\t\t\t\t\t\t\t\t<\/p>\n\t\t\t<\/div>\n\t\t\t\t\t<div class=\"ngg-album-compact\">\n\t\t\t\t<div class=\"ngg-album-compactbox\">\n\t\t\t\t\t<div class=\"ngg-album-link\">\n\t\t\t\t\t\t\t\t\t\t\t\t\t\t\t\t\t\t\t\t\t<a title='Fiesta-Convivencia Navidad 2016' href='https:\/\/blogsaverroes.juntadeandalucia.es\/molinilloviejo\/album_de_fotos\/nggallery\/curso-2016-17\/Fiesta-Convivencia-Navidad-2016'>\n\t\t\t\t\t\t\t\t\t<img class=\"Thumb\"\n\t\t\t\t\t\t\t\t\t\talt=\"Fiesta-Convivencia Navidad 2016\"\n\t\t\t\t\t\t\t\t\t\tsrc=\"https:\/\/blogsaverroes.juntadeandalucia.es\/molinilloviejo\/wp-content\/uploads\/sites\/1114\/nggallery\/Fiesta-Convivencia-Navidad-2016\/cache\/IMG_5494.JPG-nggid041794-ngg0dyn-200x150x100-00f0w010c010r110f110r010t010.JPG\"\/>\n\t\t\t\t\t\t\t\t<\/a>\n\t\t\t\t\t\t\t\t\t\t\t\t\t\t\t\t\t\t<\/div>\n\t\t\t\t<\/div>\n\t\t\t\t\t\t\t\t<h4>\n\t\t\t\t\t<a class='ngg-album-desc' \n\t\t\t\t\ttitle='Fiesta-Convivencia Navidad 2016' href='https:\/\/blogsaverroes.juntadeandalucia.es\/molinilloviejo\/album_de_fotos\/nggallery\/curso-2016-17\/Fiesta-Convivencia-Navidad-2016'style=\"max-width: 220px\"\t\t\t\t\t>\n\t\t\t\t\t\tFiesta-Convivencia Navidad 2016\t\t\t\t\t<\/a>\n\t\t\t\t<\/h4>\n\t\t\t\t<p class=\"ngg-album-gallery-image-counter\">\n\t\t\t\t\t\t\t\t\t\t\t<strong>33<\/strong>&nbsp;Fotos\t\t\t\t\t\t\t\t\t<\/p>\n\t\t\t<\/div>\n\t\t\t\t\t<div class=\"ngg-album-compact\">\n\t\t\t\t<div class=\"ngg-album-compactbox\">\n\t\t\t\t\t<div class=\"ngg-album-link\">\n\t\t\t\t\t\t\t\t\t\t\t\t\t\t\t\t\t\t\t\t\t<a title='Grupos alumnado 2016-17' href='https:\/\/blogsaverroes.juntadeandalucia.es\/molinilloviejo\/album_de_fotos\/nggallery\/curso-2016-17\/Grupos-alumnado-2016-17'>\n\t\t\t\t\t\t\t\t\t<img class=\"Thumb\"\n\t\t\t\t\t\t\t\t\t\talt=\"Grupos alumnado 2016-17\"\n\t\t\t\t\t\t\t\t\t\tsrc=\"https:\/\/blogsaverroes.juntadeandalucia.es\/molinilloviejo\/wp-content\/uploads\/sites\/1114\/nggallery\/Grupos-alumnado-2016-17\/cache\/DSC_0845.JPG-nggid041827-ngg0dyn-200x150x100-00f0w010c010r110f110r010t010.JPG\"\/>\n\t\t\t\t\t\t\t\t<\/a>\n\t\t\t\t\t\t\t\t\t\t\t\t\t\t\t\t\t\t<\/div>\n\t\t\t\t<\/div>\n\t\t\t\t\t\t\t\t<h4>\n\t\t\t\t\t<a class='ngg-album-desc' \n\t\t\t\t\ttitle='Grupos alumnado 2016-17' href='https:\/\/blogsaverroes.juntadeandalucia.es\/molinilloviejo\/album_de_fotos\/nggallery\/curso-2016-17\/Grupos-alumnado-2016-17'style=\"max-width: 220px\"\t\t\t\t\t>\n\t\t\t\t\t\tGrupos alumnado 2016-17\t\t\t\t\t<\/a>\n\t\t\t\t<\/h4>\n\t\t\t\t<p class=\"ngg-album-gallery-image-counter\">\n\t\t\t\t\t\t\t\t\t\t\t<strong>7<\/strong>&nbsp;Fotos\t\t\t\t\t\t\t\t\t<\/p>\n\t\t\t<\/div>\n\t\t\t\t\t<div class=\"ngg-album-compact\">\n\t\t\t\t<div class=\"ngg-album-compactbox\">\n\t\t\t\t\t<div class=\"ngg-album-link\">\n\t\t\t\t\t\t\t\t\t\t\t\t\t\t\t\t\t\t\t\t\t<a title='Celebraci\u00f3n del D\u00eda de Andaluc\u00eda 2017' href='https:\/\/blogsaverroes.juntadeandalucia.es\/molinilloviejo\/album_de_fotos\/nggallery\/curso-2016-17\/celebracion-del-dia-de-andalucia-2017'>\n\t\t\t\t\t\t\t\t\t<img class=\"Thumb\"\n\t\t\t\t\t\t\t\t\t\talt=\"Celebraci\u00f3n del D\u00eda de Andaluc\u00eda 2017\"\n\t\t\t\t\t\t\t\t\t\tsrc=\"https:\/\/blogsaverroes.juntadeandalucia.es\/molinilloviejo\/wp-content\/uploads\/sites\/1114\/nggallery\/celebracion-del-dia-de-andalucia-2017\/cache\/DSC_0016.JPG-nggid041834-ngg0dyn-200x150x100-00f0w010c010r110f110r010t010.JPG\"\/>\n\t\t\t\t\t\t\t\t<\/a>\n\t\t\t\t\t\t\t\t\t\t\t\t\t\t\t\t\t\t<\/div>\n\t\t\t\t<\/div>\n\t\t\t\t\t\t\t\t<h4>\n\t\t\t\t\t<a class='ngg-album-desc' \n\t\t\t\t\ttitle='Celebraci\u00f3n del D\u00eda de Andaluc\u00eda 2017' href='https:\/\/blogsaverroes.juntadeandalucia.es\/molinilloviejo\/album_de_fotos\/nggallery\/curso-2016-17\/celebracion-del-dia-de-andalucia-2017'style=\"max-width: 220px\"\t\t\t\t\t>\n\t\t\t\t\t\tCelebraci\u00f3n del D\u00eda de Andaluc\u00eda 2017\t\t\t\t\t<\/a>\n\t\t\t\t<\/h4>\n\t\t\t\t<p class=\"ngg-album-gallery-image-counter\">\n\t\t\t\t\t\t\t\t\t\t\t<strong>59<\/strong>&nbsp;Fotos\t\t\t\t\t\t\t\t\t<\/p>\n\t\t\t<\/div>\n\t\t\t\t\t<div class=\"ngg-album-compact\">\n\t\t\t\t<div class=\"ngg-album-compactbox\">\n\t\t\t\t\t<div class=\"ngg-album-link\">\n\t\t\t\t\t\t\t\t\t\t\t\t\t\t\t\t\t\t\t\t\t<a title='Viaje-Excursi\u00f3n a Segovia 2017' href='https:\/\/blogsaverroes.juntadeandalucia.es\/molinilloviejo\/album_de_fotos\/nggallery\/curso-2016-17\/Viaje-Excursi\u00f3n-a-Segovia-2017'>\n\t\t\t\t\t\t\t\t\t<img class=\"Thumb\"\n\t\t\t\t\t\t\t\t\t\talt=\"Viaje-Excursi\u00f3n a Segovia 2017\"\n\t\t\t\t\t\t\t\t\t\tsrc=\"https:\/\/blogsaverroes.juntadeandalucia.es\/molinilloviejo\/wp-content\/uploads\/sites\/1114\/nggallery\/viaje-excursion-a-segovia-2017\/cache\/DSC_0606.JPG-nggid041894-ngg0dyn-200x150x100-00f0w010c010r110f110r010t010.JPG\"\/>\n\t\t\t\t\t\t\t\t<\/a>\n\t\t\t\t\t\t\t\t\t\t\t\t\t\t\t\t\t\t<\/div>\n\t\t\t\t<\/div>\n\t\t\t\t\t\t\t\t<h4>\n\t\t\t\t\t<a class='ngg-album-desc' \n\t\t\t\t\ttitle='Viaje-Excursi\u00f3n a Segovia 2017' href='https:\/\/blogsaverroes.juntadeandalucia.es\/molinilloviejo\/album_de_fotos\/nggallery\/curso-2016-17\/Viaje-Excursi\u00f3n-a-Segovia-2017'style=\"max-width: 220px\"\t\t\t\t\t>\n\t\t\t\t\t\tViaje-Excursi\u00f3n a Segovia 2017\t\t\t\t\t<\/a>\n\t\t\t\t<\/h4>\n\t\t\t\t<p class=\"ngg-album-gallery-image-counter\">\n\t\t\t\t\t\t\t\t\t\t\t<strong>325<\/strong>&nbsp;Fotos\t\t\t\t\t\t\t\t\t<\/p>\n\t\t\t<\/div>\n\t\t\t\t\t<div class=\"ngg-album-compact\">\n\t\t\t\t<div class=\"ngg-album-compactbox\">\n\t\t\t\t\t<div class=\"ngg-album-link\">\n\t\t\t\t\t\t\t\t\t\t\t\t\t\t\t\t\t\t\t\t\t<a title='Encuentro Comarcal de Porcuna 2017' href='https:\/\/blogsaverroes.juntadeandalucia.es\/molinilloviejo\/album_de_fotos\/nggallery\/curso-2016-17\/Encuentro-Comarcal-de-Porcuna-2017'>\n\t\t\t\t\t\t\t\t\t<img class=\"Thumb\"\n\t\t\t\t\t\t\t\t\t\talt=\"Encuentro Comarcal de Porcuna 2017\"\n\t\t\t\t\t\t\t\t\t\tsrc=\"https:\/\/blogsaverroes.juntadeandalucia.es\/molinilloviejo\/wp-content\/uploads\/sites\/1114\/nggallery\/encuentro-comarcal-de-porcuna-2017\/cache\/DSC_0474.JPG-nggid042219-ngg0dyn-200x150x100-00f0w010c010r110f110r010t010.JPG\"\/>\n\t\t\t\t\t\t\t\t<\/a>\n\t\t\t\t\t\t\t\t\t\t\t\t\t\t\t\t\t\t<\/div>\n\t\t\t\t<\/div>\n\t\t\t\t\t\t\t\t<h4>\n\t\t\t\t\t<a class='ngg-album-desc' \n\t\t\t\t\ttitle='Encuentro Comarcal de Porcuna 2017' href='https:\/\/blogsaverroes.juntadeandalucia.es\/molinilloviejo\/album_de_fotos\/nggallery\/curso-2016-17\/Encuentro-Comarcal-de-Porcuna-2017'style=\"max-width: 220px\"\t\t\t\t\t>\n\t\t\t\t\t\tEncuentro Comarcal de Porcuna 2017\t\t\t\t\t<\/a>\n\t\t\t\t<\/h4>\n\t\t\t\t<p class=\"ngg-album-gallery-image-counter\">\n\t\t\t\t\t\t\t\t\t\t\t<strong>168<\/strong>&nbsp;Fotos\t\t\t\t\t\t\t\t\t<\/p>\n\t\t\t<\/div>\n\t\t\t\t\t<div class=\"ngg-album-compact\">\n\t\t\t\t<div class=\"ngg-album-compactbox\">\n\t\t\t\t\t<div class=\"ngg-album-link\">\n\t\t\t\t\t\t\t\t\t\t\t\t\t\t\t\t\t\t\t\t\t<a title='Taller pintura en cristal' href='https:\/\/blogsaverroes.juntadeandalucia.es\/molinilloviejo\/album_de_fotos\/nggallery\/curso-2016-17\/Taller-pintura-en-cristal'>\n\t\t\t\t\t\t\t\t\t<img class=\"Thumb\"\n\t\t\t\t\t\t\t\t\t\talt=\"Taller pintura en cristal\"\n\t\t\t\t\t\t\t\t\t\tsrc=\"https:\/\/blogsaverroes.juntadeandalucia.es\/molinilloviejo\/wp-content\/uploads\/sites\/1114\/nggallery\/taller-pintura-en-cristal\/cache\/DSC_0505.JPG-nggid042387-ngg0dyn-200x150x100-00f0w010c010r110f110r010t010.JPG\"\/>\n\t\t\t\t\t\t\t\t<\/a>\n\t\t\t\t\t\t\t\t\t\t\t\t\t\t\t\t\t\t<\/div>\n\t\t\t\t<\/div>\n\t\t\t\t\t\t\t\t<h4>\n\t\t\t\t\t<a class='ngg-album-desc' \n\t\t\t\t\ttitle='Taller pintura en cristal' href='https:\/\/blogsaverroes.juntadeandalucia.es\/molinilloviejo\/album_de_fotos\/nggallery\/curso-2016-17\/Taller-pintura-en-cristal'style=\"max-width: 220px\"\t\t\t\t\t>\n\t\t\t\t\t\tTaller pintura en cristal\t\t\t\t\t<\/a>\n\t\t\t\t<\/h4>\n\t\t\t\t<p class=\"ngg-album-gallery-image-counter\">\n\t\t\t\t\t\t\t\t\t\t\t<strong>26<\/strong>&nbsp;Fotos\t\t\t\t\t\t\t\t\t<\/p>\n\t\t\t<\/div>\n\t\t\t\t\t<div class=\"ngg-album-compact\">\n\t\t\t\t<div class=\"ngg-album-compactbox\">\n\t\t\t\t\t<div class=\"ngg-album-link\">\n\t\t\t\t\t\t\t\t\t\t\t\t\t\t\t\t\t\t\t\t\t<a title='Fiesta y Graduaci\u00f3n del grupo de H\u00e1bitos de Vida Saludable 2017' href='https:\/\/blogsaverroes.juntadeandalucia.es\/molinilloviejo\/album_de_fotos\/nggallery\/curso-2016-17\/Fiesta-y-Graduaci\u00f3n-del-grupo-de-H\u00e1bitos-de-Vida-Saludable-2017'>\n\t\t\t\t\t\t\t\t\t<img class=\"Thumb\"\n\t\t\t\t\t\t\t\t\t\talt=\"Fiesta y Graduaci\u00f3n del grupo de H\u00e1bitos de Vida Saludable 2017\"\n\t\t\t\t\t\t\t\t\t\tsrc=\"https:\/\/blogsaverroes.juntadeandalucia.es\/molinilloviejo\/wp-content\/uploads\/sites\/1114\/nggallery\/fiesta-y-graduacion-del-grupo-de-habitos-de-vida-saludable-2017\/cache\/20170621_192914.jpg-nggid042413-ngg0dyn-200x150x100-00f0w010c010r110f110r010t010.jpg\"\/>\n\t\t\t\t\t\t\t\t<\/a>\n\t\t\t\t\t\t\t\t\t\t\t\t\t\t\t\t\t\t<\/div>\n\t\t\t\t<\/div>\n\t\t\t\t\t\t\t\t<h4>\n\t\t\t\t\t<a class='ngg-album-desc' \n\t\t\t\t\ttitle='Fiesta y Graduaci\u00f3n del grupo de H\u00e1bitos de Vida Saludable 2017' href='https:\/\/blogsaverroes.juntadeandalucia.es\/molinilloviejo\/album_de_fotos\/nggallery\/curso-2016-17\/Fiesta-y-Graduaci\u00f3n-del-grupo-de-H\u00e1bitos-de-Vida-Saludable-2017'style=\"max-width: 220px\"\t\t\t\t\t>\n\t\t\t\t\t\tFiesta y Graduaci\u00f3n del grupo de H\u00e1bitos de Vida Saludable 2017\t\t\t\t\t<\/a>\n\t\t\t\t<\/h4>\n\t\t\t\t<p class=\"ngg-album-gallery-image-counter\">\n\t\t\t\t\t\t\t\t\t\t\t<strong>88<\/strong>&nbsp;Fotos\t\t\t\t\t\t\t\t\t<\/p>\n\t\t\t<\/div>\n\t\t\t\t\t<div class=\"ngg-album-compact\">\n\t\t\t\t<div class=\"ngg-album-compactbox\">\n\t\t\t\t\t<div class=\"ngg-album-link\">\n\t\t\t\t\t\t\t\t\t\t\t\t\t\t\t\t\t\t\t\t\t<a title='Fiesta Final de Curso 20116-17' href='https:\/\/blogsaverroes.juntadeandalucia.es\/molinilloviejo\/album_de_fotos\/nggallery\/curso-2016-17\/Fiesta-Final-de-Curso-20116-17'>\n\t\t\t\t\t\t\t\t\t<img class=\"Thumb\"\n\t\t\t\t\t\t\t\t\t\talt=\"Fiesta Final de Curso 20116-17\"\n\t\t\t\t\t\t\t\t\t\tsrc=\"https:\/\/blogsaverroes.juntadeandalucia.es\/molinilloviejo\/wp-content\/uploads\/sites\/1114\/nggallery\/fiesta-final-de-curso-20116-17\/cache\/DSC_0918.JPG-nggid042501-ngg0dyn-200x150x100-00f0w010c010r110f110r010t010.JPG\"\/>\n\t\t\t\t\t\t\t\t<\/a>\n\t\t\t\t\t\t\t\t\t\t\t\t\t\t\t\t\t\t<\/div>\n\t\t\t\t<\/div>\n\t\t\t\t\t\t\t\t<h4>\n\t\t\t\t\t<a class='ngg-album-desc' \n\t\t\t\t\ttitle='Fiesta Final de Curso 20116-17' href='https:\/\/blogsaverroes.juntadeandalucia.es\/molinilloviejo\/album_de_fotos\/nggallery\/curso-2016-17\/Fiesta-Final-de-Curso-20116-17'style=\"max-width: 220px\"\t\t\t\t\t>\n\t\t\t\t\t\tFiesta Final de Curso 20116-17\t\t\t\t\t<\/a>\n\t\t\t\t<\/h4>\n\t\t\t\t<p class=\"ngg-album-gallery-image-counter\">\n\t\t\t\t\t\t\t\t\t\t\t<strong>282<\/strong>&nbsp;Fotos\t\t\t\t\t\t\t\t\t<\/p>\n\t\t\t<\/div>\n\t\t\t\t<br class=\"ngg-clear\"\/>\n\t\t<div class='ngg-clear'><\/div>\t<\/div>\n<\/p>\n<h4 style=\"text-align: center\"><strong>CURSO 2015-16<\/strong><\/h4>\nngg_shortcode_3_placeholder\n<h4 style=\"text-align: center\"><strong>CURSO 2014-15<\/strong><\/h4>\n<p><a href=\"https:\/\/www.flickr.com\/x\/t\/0092009\/gp\/deporcuna\/c031D9\" target=\"_blank\" rel=\"noopener noreferrer\">Grupos de alumnos (as)<\/a><br \/>\n<a href=\"https:\/\/www.flickr.com\/x\/t\/0099009\/gp\/deporcuna\/CU6u5g\" target=\"_blank\" rel=\"noopener noreferrer\">D\u00eda de la Alfabetizaci\u00f3n<\/a><br \/>\n<a href=\"https:\/\/www.flickr.com\/x\/t\/0095009\/gp\/deporcuna\/Kz382y\" target=\"_blank\" rel=\"noopener noreferrer\">Cantado villancicos<\/a><br \/>\n<a href=\"https:\/\/www.flickr.com\/photos\/deporcuna\/sets\/72157650568235105\/\" target=\"_blank\" rel=\"noopener noreferrer\">D\u00eda de la Paz<\/a><br \/>\n<a href=\"https:\/\/www.flickr.com\/x\/t\/0096009\/gp\/deporcuna\/7QryaX\" target=\"_blank\" rel=\"noopener noreferrer\">Realizando pesti\u00f1os para Nayra<\/a><br \/>\n<a href=\"https:\/\/www.flickr.com\/x\/t\/0090009\/gp\/deporcuna\/g737T4\" target=\"_blank\" rel=\"noopener noreferrer\">Hoyico del D\u00eda de Andaluc\u00eda<\/a><br \/>\n<a href=\"https:\/\/www.flickr.com\/x\/t\/0090009\/gp\/deporcuna\/a41g21\" target=\"_blank\" rel=\"noopener noreferrer\">Visita a la ETAP Las Copas de Villacarrillo<\/a><br \/>\n<a href=\"https:\/\/www.flickr.com\/x\/t\/0099009\/gp\/deporcuna\/f2NNc4\" target=\"_blank\" rel=\"noopener noreferrer\">Taller de ganchillo y chapas de latas<\/a><br \/>\n<a href=\"https:\/\/www.flickr.com\/x\/t\/0094009\/gp\/deporcuna\/Xp57G7\" target=\"_blank\" rel=\"noopener noreferrer\">Viaje-excursi\u00f3n a Salamanca y \u00c1vila<\/a><br \/>\n<a href=\"https:\/\/www.flickr.com\/x\/t\/0099009\/gp\/deporcuna\/o74iaY\" target=\"_blank\" rel=\"noopener noreferrer\">Encuentro comarcal en Arjona<\/a><br \/>\n<a href=\"https:\/\/www.flickr.com\/x\/t\/0097009\/gp\/deporcuna\/1xK3a7\" target=\"_blank\" rel=\"noopener noreferrer\">Fiesta Final de Curso<\/a><\/p>\n<h4 style=\"text-align: center\"><strong>CURSO 2013-14<\/strong><\/h4>\n<p><a href=\"https:\/\/www.flickr.com\/x\/t\/0091009\/gp\/deporcuna\/x7n7UL\" target=\"_blank\" rel=\"noopener noreferrer\">Grupos de alumnos (as)<\/a><br \/>\n<a href=\"https:\/\/www.flickr.com\/x\/t\/0098009\/gp\/deporcuna\/227108\" target=\"_blank\" rel=\"noopener noreferrer\">Viaje-excursi\u00f3n a M\u00e9rida<\/a><br \/>\n<a href=\"https:\/\/www.flickr.com\/x\/t\/0099009\/gp\/deporcuna\/SHrntT\" target=\"_blank\" rel=\"noopener noreferrer\">Encuentro Comarcal de And\u00fajar<\/a><br \/>\n<a href=\"https:\/\/www.flickr.com\/x\/t\/0095009\/gp\/deporcuna\/3Cw2yu\" target=\"_blank\" rel=\"noopener noreferrer\">Fiesta Fin de Curso<\/a><\/p>\n<h4 style=\"text-align: center\"><strong>CURSO 2012-13<\/strong><\/h4>\n<p><a href=\"http:\/\/www.flickr.com\/x\/t\/0097009\/gp\/deporcuna\/L2E2R2\" target=\"_blank\" rel=\"noopener noreferrer\">D\u00eda de la Alfabetizaci\u00f3n<\/a><br \/>\n<a href=\"http:\/\/www.flickr.com\/x\/t\/0099009\/gp\/deporcuna\/q5Eo52\" target=\"_blank\" rel=\"noopener noreferrer\">D\u00eda de la Constituci\u00f3n<\/a><br \/>\n<a href=\"http:\/\/www.flickr.com\/x\/t\/0094009\/gp\/deporcuna\/JF2ehU\" target=\"_blank\" rel=\"noopener noreferrer\">Grupos de alumnos (as)<\/a><br \/>\n<a href=\"http:\/\/www.flickr.com\/x\/t\/0092009\/gp\/deporcuna\/4G22BS\" target=\"_blank\" rel=\"noopener noreferrer\">Celebraci\u00f3n D\u00eda de Andaluc\u00eda<\/a><br \/>\n<a href=\"http:\/\/www.flickr.com\/x\/t\/0092009\/gp\/deporcuna\/fif180\" target=\"_blank\" rel=\"noopener noreferrer\">Encuentro comarcal de Porcuna<\/a><br \/>\n<a href=\"http:\/\/www.flickr.com\/x\/t\/0095009\/gp\/deporcuna\/mPtyZ1\" target=\"_blank\" rel=\"noopener noreferrer\">Excursi\u00f3n a Cuenca<\/a><br \/>\n<a href=\"http:\/\/www.flickr.com\/x\/t\/0092009\/gp\/deporcuna\/25YP22\" target=\"_blank\" rel=\"noopener noreferrer\">Fiesta Fin de Curso<\/a><\/p>\n<h4 style=\"text-align: center\"><strong>CURSO 2011-12<\/strong><\/h4>\n<p><a href=\"http:\/\/www.flickr.com\/x\/t\/0099009\/gp\/deporcuna\/c45768\" target=\"_blank\" rel=\"noopener noreferrer\">Entrega de la Bandera de Andaluc\u00eda<\/a><br \/>\n<a href=\"http:\/\/www.flickr.com\/x\/t\/0092009\/gp\/deporcuna\/X4850K\" target=\"_blank\" rel=\"noopener noreferrer\">Excursi\u00f3n a Toledo<\/a><br \/>\n<a href=\"http:\/\/www.flickr.com\/x\/t\/0090009\/gp\/deporcuna\/x0j156\" target=\"_blank\" rel=\"noopener noreferrer\">Fiesta Fin de Curso<\/a><\/p>\n<h4 style=\"text-align: center\"><strong>CURSO 2010-11<\/strong><\/h4>\n<p><a href=\"http:\/\/www.flickr.com\/x\/t\/0096009\/gp\/deporcuna\/4N1y82\" target=\"_blank\" rel=\"noopener noreferrer\">D\u00eda de la Alfabetizaci\u00f3n<\/a><br \/>\n<a href=\"http:\/\/www.flickr.com\/x\/t\/0098009\/gp\/deporcuna\/10E91L\" target=\"_blank\" rel=\"noopener noreferrer\">D\u00eda de Andaluc\u00eda<\/a><br \/>\n<a href=\"http:\/\/www.flickr.com\/x\/t\/0099009\/gp\/deporcuna\/HZA882\" target=\"_blank\" rel=\"noopener noreferrer\">Despedida de Ana y Montse<\/a><br \/>\n<a href=\"http:\/\/www.flickr.com\/x\/t\/0093009\/gp\/deporcuna\/ur459d\" target=\"_blank\" rel=\"noopener noreferrer\">Encuentro Comarcal de Santiago de Calatrava<\/a><br \/>\n<a href=\"http:\/\/www.flickr.com\/x\/t\/0095009\/gp\/deporcuna\/Ba7R63\" target=\"_blank\" rel=\"noopener noreferrer\">Recepci\u00f3n de la Bandera de Porcuna<\/a><br \/>\n<a href=\"http:\/\/www.flickr.com\/x\/t\/0092009\/gp\/deporcuna\/56Fn09\" target=\"_blank\" rel=\"noopener noreferrer\">Viaje-Excursi\u00f3n a la Reserva del Castillo de la Guardas en Sevilla<\/a><br \/>\n<a href=\"http:\/\/www.flickr.com\/x\/t\/0094009\/gp\/deporcuna\/0Z307H\" target=\"_blank\" rel=\"noopener noreferrer\">Fiesta Final de Curso<\/a><\/p>\n<h4 style=\"text-align: center\"><strong>CURSO 2009-10<\/strong><\/h4>\n<p><a href=\"http:\/\/www.flickr.com\/x\/t\/0092009\/gp\/deporcuna\/9X2xvc\" target=\"_blank\" rel=\"noopener noreferrer\">D\u00eda de la Alfabetizaci\u00f3n<\/a><br \/>\n<a href=\"http:\/\/www.flickr.com\/x\/t\/0091009\/gp\/deporcuna\/ysp16P\" target=\"_blank\" rel=\"noopener noreferrer\">Damos la cara por Hait\u00ed<\/a><br \/>\n<a href=\"http:\/\/www.flickr.com\/x\/t\/0093009\/gp\/deporcuna\/P8xp0W\" target=\"_blank\" rel=\"noopener noreferrer\">Charla sobre el agua<\/a><br \/>\n<a href=\"http:\/\/www.flickr.com\/x\/t\/0092009\/gp\/deporcuna\/3pi83k\" target=\"_blank\" rel=\"noopener noreferrer\">Celebraci\u00f3n D\u00eda de Andaluc\u00eda<\/a><br \/>\n<a href=\"http:\/\/www.flickr.com\/x\/t\/0099009\/gp\/deporcuna\/862siY\" target=\"_blank\" rel=\"noopener noreferrer\">Viaje a Carmona y \u00c9cija<\/a><br \/>\n<a href=\"http:\/\/www.flickr.com\/x\/t\/0092009\/gp\/deporcuna\/99m4Bo\" target=\"_blank\" rel=\"noopener noreferrer\">Encuentro Comarcal de Cazalilla<\/a><br \/>\n<a href=\"http:\/\/www.flickr.com\/x\/t\/0093009\/gp\/deporcuna\/41u6q0\" target=\"_blank\" rel=\"noopener noreferrer\">Excursi\u00f3n a la playa de Fuengirola<\/a><br \/>\n<a href=\"http:\/\/www.flickr.com\/x\/t\/0098009\/gp\/deporcuna\/71T1qv\" target=\"_blank\" rel=\"noopener noreferrer\">Fiesta Final de Curso<\/a><\/p>\n<h4 style=\"text-align: center\"><strong>CURSO 2008-09<\/strong><\/h4>\n<p><a href=\"http:\/\/www.flickr.com\/gp\/56827557@N00\/P1EwPA\" target=\"_blank\" rel=\"noopener noreferrer\">Inauguraci\u00f3n de las nuevas aulas<\/a><br \/>\n<a href=\"http:\/\/www.flickr.com\/gp\/56827557@N00\/q73s0C\" target=\"_blank\" rel=\"noopener noreferrer\">Celebraci\u00f3n D\u00eda de la Alfabetizaci\u00f3n<\/a><br \/>\n<a href=\"http:\/\/www.flickr.com\/gp\/56827557@N00\/6u8Db3\" target=\"_blank\" rel=\"noopener noreferrer\">Pleno extraordinario con el alumnado para conmemorar el 30 aniversario de la Constituci\u00f3n Espa\u00f1ola<\/a><br \/>\n<a href=\"http:\/\/www.flickr.com\/gp\/56827557@N00\/fHK5n1\" target=\"_blank\" rel=\"noopener noreferrer\">Fiesta de Navidad<\/a><br \/>\n<a href=\"http:\/\/flickr.com\/gp\/deporcuna\/7G2Rn1\" target=\"_blank\" rel=\"noopener noreferrer\">Hoyico D\u00eda de Andaluc\u00eda<\/a><br \/>\n<a href=\"http:\/\/flickr.com\/gp\/deporcuna\/po536W\" target=\"_blank\" rel=\"noopener noreferrer\">De merienda, tortillas caseras<\/a><br \/>\n<a href=\"http:\/\/flickr.com\/gp\/deporcuna\/3v72j5\" target=\"_blank\" rel=\"noopener noreferrer\">Viaje al Parque de la Ciencias de Granada<\/a><br \/>\n<a href=\"http:\/\/flickr.com\/gp\/deporcuna\/sG5y50\" target=\"_blank\" rel=\"noopener noreferrer\">Villardompardo: Encuentro Comarcal de Centros de Adultos<\/a><br \/>\n<a href=\"http:\/\/flickr.com\/gp\/deporcuna\/P1t88o\" target=\"_blank\" rel=\"noopener noreferrer\">Fiesta Final de Curso<\/a><\/p>\n<h4 style=\"text-align: center\"><strong>CURSO 2007-08<\/strong><\/h4>\n<p>D\u00eda de la Constituci\u00f3n<br \/>\n<a href=\"http:\/\/www.flickr.com\/photos\/deporcuna\/sets\/72157605093231867\/\" target=\"_blank\" rel=\"noopener noreferrer\">Esca\u00f1uela: Encuentro comarcal<\/a><br \/>\n<a href=\"http:\/\/www.flickr.com\/photos\/deporcuna\/sets\/72157605239479110\/\" target=\"_blank\" rel=\"noopener noreferrer\">Viaje cultural a Truiillo y Guadalupe<\/a><br \/>\n<a href=\"http:\/\/www.flickr.com\/gp\/56827557@N00\/959h1F\" target=\"_blank\" rel=\"noopener noreferrer\">Fiesta final de Curso<\/a><\/p>\n<p><strong>CURSO 2006-07<\/strong><\/p>\n<p>Grupos de alumnos (as)<br \/>\nD\u00eda de la Alfabetizaci\u00f3n<br \/>\nLahiguera: Encuentro Comarcal<br \/>\nViaje a Sevilla<br \/>\nFiesta Fin de Curso<\/p>\n<p><strong>CURSO 2005-06<\/strong><\/p>\n<p>Fiesta de Navidad<br \/>\nCharla Unidad G\u00e9nero y Olivar<br \/>\nViaje a Priego y Zuheros<br \/>\nEspeluy: Encuentro Comarcal<br \/>\nViaje al Roc\u00edo y Matalasca\u00f1as<br \/>\nFiesta Final de Curso<\/p>\n<p><strong>CURSO 2004-05<\/strong><\/p>\n<p>Grupos de alumnos (as)<br \/>\nExcursi\u00f3n a Almagro<br \/>\nTaller de alfileres<br \/>\nExposici\u00f3n \u00abEl Quijote en las aulas\u00bb<\/p>\n<p>&nbsp;<\/p>\n","protected":false},"excerpt":{"rendered":"<p>CURSO 2019\/2020 CURSO 2018-19 CURSO 2017-18 CURSO 2016-17 Celebramos el D\u00eda de la Alfabetizaci\u00f3n 2016 22&nbsp;Fotos Fiesta-Convivencia Navidad 2016 33&nbsp;Fotos Grupos alumnado 2016-17 7&nbsp;Fotos Celebraci\u00f3n del D\u00eda de Andaluc\u00eda 2017 59&nbsp;Fotos Viaje-Excursi\u00f3n a Segovia&#46;&#46;&#46;<\/p>\n","protected":false},"author":1,"featured_media":0,"parent":0,"menu_order":0,"comment_status":"closed","ping_status":"open","template":"","meta":{"ngg_post_thumbnail":0,"footnotes":"","_mc_calendar":[]},"aioseo_notices":[],"_links":{"self":[{"href":"https:\/\/blogsaverroes.juntadeandalucia.es\/molinilloviejo\/wp-json\/wp\/v2\/pages\/330"}],"collection":[{"href":"https:\/\/blogsaverroes.juntadeandalucia.es\/molinilloviejo\/wp-json\/wp\/v2\/pages"}],"about":[{"href":"https:\/\/blogsaverroes.juntadeandalucia.es\/molinilloviejo\/wp-json\/wp\/v2\/types\/page"}],"author":[{"embeddable":true,"href":"https:\/\/blogsaverroes.juntadeandalucia.es\/molinilloviejo\/wp-json\/wp\/v2\/users\/1"}],"replies":[{"embeddable":true,"href":"https:\/\/blogsaverroes.juntadeandalucia.es\/molinilloviejo\/wp-json\/wp\/v2\/comments?post=330"}],"version-history":[{"count":25,"href":"https:\/\/blogsaverroes.juntadeandalucia.es\/molinilloviejo\/wp-json\/wp\/v2\/pages\/330\/revisions"}],"predecessor-version":[{"id":20144,"href":"https:\/\/blogsaverroes.juntadeandalucia.es\/molinilloviejo\/wp-json\/wp\/v2\/pages\/330\/revisions\/20144"}],"wp:attachment":[{"href":"https:\/\/blogsaverroes.juntadeandalucia.es\/molinilloviejo\/wp-json\/wp\/v2\/media?parent=330"}],"curies":[{"name":"wp","href":"https:\/\/api.w.org\/{rel}","templated":true}]}}