{"id":871,"date":"2015-03-16T07:25:46","date_gmt":"2015-03-16T07:25:46","guid":{"rendered":"http:\/\/blogsaverroes.juntadeandalucia.es\/pre\/ceip\/?page_id=106"},"modified":"2018-07-26T12:15:09","modified_gmt":"2018-07-26T10:15:09","slug":"actividades_complementarias","status":"publish","type":"page","link":"https:\/\/blogsaverroes.juntadeandalucia.es\/molinilloviejo\/actividades_complementarias\/","title":{"rendered":"Actividades complementarias"},"content":{"rendered":"<h4><strong>Actividades complementarias y de extensi\u00f3n cultural<\/strong><\/h4>\n<p>Se consideran actividades complementarias las organizadas por el Centro durante su horario general, deacuerdo con su Proyecto de Educaci\u00f3n Permanente, yque tienen un car\u00e1cter diferenciado de las propiamente lectivas por el momento, espacios o recursos que utilizan.<\/p>\n<p>Se consideran actividades de extensi\u00f3n cultural las encaminadas a potenciar la apertura del Centroa suentorno y a procurar la formaci\u00f3n integral del alumnado en aspectos referidos a la ampliaci\u00f3n de su horizontecultural, la preparaci\u00f3n para su inserci\u00f3n en la sociedad y el uso del tiempo libre.<\/p>\n<div>Las actividades de extensi\u00f3n cultural se realizar\u00e1n fuera del horario lectivo, tendr\u00e1n car\u00e1cter voluntario para el alumnado y no podr\u00e1n constituir discriminaci\u00f3n para ning\u00fan miembro de la Comunidad educativa.<\/div>\n<div>&nbsp;<\/div>\n<div>La organizaci\u00f3n de las actividades complementarias y de extensi\u00f3n cultural incluidas en el Plan Anual de Centro podr\u00e1 realizarse por el mismo Centro, o a trav\u00e9s de las Asociaciones de Alumnos y Alumnas o de otras asociaciones colaboradoras, o en colaboraci\u00f3n con Entidades locales o provinciales.<\/div>\n<div>&nbsp;<\/div>\n<p>Durante este curso escolar se han programado las siguientes:<\/p>\n<ul>\n<li><strong>D\u00eda de la Educaci\u00f3n Permanente<\/strong><\/li>\n<li><strong>D\u00eda de la NO Violencia hacia las Mujeres<\/strong><\/li>\n<li><strong>D\u00eda de la Constituci\u00f3n<\/strong><\/li>\n<li><strong>Fiesta Convivencia de Navidad<\/strong><\/li>\n<li><strong>D\u00eda de la Paz<\/strong><\/li>\n<li><strong>Fiesta de Carnaval<\/strong><\/li>\n<li><strong>D\u00eda de Andaluc\u00eda<\/strong><\/li>\n<li><strong>D\u00eda del Libro<\/strong><\/li>\n<li><strong>Viaje Cultural a una ciudad andaluza o espa\u00f1ola<\/strong><\/li>\n<li><strong>Encuentro Comarcal de Centros de Educaci\u00f3n Permanente<\/strong><\/li>\n<li><strong>Torneo de Cinquillo<\/strong><\/li>\n<li><strong>Excursi\u00f3n a la playa<\/strong><\/li>\n<li><strong>Fiesta Convivencia Fin de Curso<\/strong><\/li>\n<\/ul>\n<p>&nbsp;<\/p>\n","protected":false},"excerpt":{"rendered":"<p>Actividades complementarias y de extensi\u00f3n cultural Se consideran actividades complementarias las organizadas por el Centro durante su horario general, deacuerdo con su Proyecto de Educaci\u00f3n Permanente, yque tienen un car\u00e1cter diferenciado de las propiamente&#46;&#46;&#46;<\/p>\n","protected":false},"author":1,"featured_media":0,"parent":0,"menu_order":0,"comment_status":"closed","ping_status":"open","template":"","meta":{"ngg_post_thumbnail":0,"footnotes":"","_mc_calendar":[]},"aioseo_notices":[],"_links":{"self":[{"href":"https:\/\/blogsaverroes.juntadeandalucia.es\/molinilloviejo\/wp-json\/wp\/v2\/pages\/871"}],"collection":[{"href":"https:\/\/blogsaverroes.juntadeandalucia.es\/molinilloviejo\/wp-json\/wp\/v2\/pages"}],"about":[{"href":"https:\/\/blogsaverroes.juntadeandalucia.es\/molinilloviejo\/wp-json\/wp\/v2\/types\/page"}],"author":[{"embeddable":true,"href":"https:\/\/blogsaverroes.juntadeandalucia.es\/molinilloviejo\/wp-json\/wp\/v2\/users\/1"}],"replies":[{"embeddable":true,"href":"https:\/\/blogsaverroes.juntadeandalucia.es\/molinilloviejo\/wp-json\/wp\/v2\/comments?post=871"}],"version-history":[{"count":12,"href":"https:\/\/blogsaverroes.juntadeandalucia.es\/molinilloviejo\/wp-json\/wp\/v2\/pages\/871\/revisions"}],"predecessor-version":[{"id":13403,"href":"https:\/\/blogsaverroes.juntadeandalucia.es\/molinilloviejo\/wp-json\/wp\/v2\/pages\/871\/revisions\/13403"}],"wp:attachment":[{"href":"https:\/\/blogsaverroes.juntadeandalucia.es\/molinilloviejo\/wp-json\/wp\/v2\/media?parent=871"}],"curies":[{"name":"wp","href":"https:\/\/api.w.org\/{rel}","templated":true}]}}