{"id":99,"date":"2015-03-16T07:22:54","date_gmt":"2015-03-16T07:22:54","guid":{"rendered":"http:\/\/blogsaverroes.juntadeandalucia.es\/pre\/ceip\/?page_id=99"},"modified":"2020-06-22T19:41:32","modified_gmt":"2020-06-22T17:41:32","slug":"matriculacion","status":"publish","type":"page","link":"https:\/\/blogsaverroes.juntadeandalucia.es\/molinilloviejo\/matriculacion\/","title":{"rendered":"Matriculaci\u00f3n"},"content":{"rendered":"<p><span lang=\"es\">La matriculaci\u00f3n se har\u00e1 de acuerdo con las normativas que se dicten desde la Consejer\u00eda de Educaci\u00f3n de la Junta de Andaluc\u00eda: <\/span> <a href=\"http:\/\/www.juntadeandalucia.es\/boja\/2012\/117\/BOJA12-117-00022-9995-01_00008500.pdf\" target=\"_blank\" rel=\"noopener noreferrer\"> Orden de 25 de mayo de 2012<\/a><span lang=\"es\">.<\/span><u><\/u><\/p>\n<ul>\n<li><strong>Plazos de presentaci\u00f3n de solicitudes de admisi\u00f3n y matriculaci\u00f3n<\/strong>: <span style=\"text-decoration: underline;color: #008000\"><strong>Del 1 al 15 de junio de cada a\u00f1o<\/strong><\/span>.<\/li>\n<li><strong>Plazo extraordinario de admisi\u00f3n y matriculaci\u00f3n<\/strong>: <span style=\"text-decoration: underline;color: #008000\"><strong>Del 1 de septiembre al 15 de octubre de cada a\u00f1o.<\/strong><\/span> <span style=\"color: #808080\">(En el supuesto de que existieran plazas escolares vacantes en las ense\u00f1anzas contempladas)<\/span><\/li>\n<\/ul>\n<p><span style=\"text-decoration: underline\"><strong>DOCUMENTACI\u00d3N M\u00cdNIMA NECESARIA<\/strong><\/span>:<\/p>\n<ul>\n<li>Impreso de solicitud (Planes Educativos en CEPER\/SEPER)<\/li>\n<li>Fotocopia del D.N.I., pasaporte o N.I.E.<\/li>\n<\/ul>\n<p style=\"text-align: center\"><a class=\"icopdf\" title=\"Matriculaci\u00f3n_Planes educativos (anexo_V_Planes Edu.pdf)\" href=\"http:\/\/www.juntadeandalucia.es\/educacion\/portals\/ishare-servlet\/content\/9da696c1-cdd0-4a02-a5a3-314e6e22a483\" target=\"_blank\" rel=\"noopener noreferrer\">Descargar impreso <\/a>&#8211; <a href=\"https:\/\/secretariavirtual.ced.junta-andalucia.es\/secretariavirtual\/#modalAcceso\" target=\"_blank\" rel=\"noopener noreferrer\">Tramitaci\u00f3n telem\u00e1tica (Secretar\u00eda Virtual)<\/a><\/p>\n<p><span style=\"color: #999999\">Los impresos de solicitudes tambi\u00e9n ser\u00e1n facilitados gratuitamente por la Secci\u00f3n de Educaci\u00f3n Permanente<\/span><\/p>\n<p><span style=\"text-decoration: underline\"><strong>REQUISITO M\u00cdNIMO<\/strong><\/span>:<br \/>\nTener, al menos, 18 a\u00f1os a 31 de diciembre del a\u00f1o natural en que se comience el curso.<\/p>\n<p>M\u00e1s informaci\u00f3n en la web de la Consejer\u00eda: <strong><a href=\"http:\/\/www.juntadeandalucia.es\/educacion\/portals\/web\/escolarizacion\" target=\"_blank\" rel=\"noopener noreferrer\">Escolarizaci\u00f3n 208-19<\/a><\/strong><\/p>\n<p>&nbsp;<\/p>\n","protected":false},"excerpt":{"rendered":"<p>La matriculaci\u00f3n se har\u00e1 de acuerdo con las normativas que se dicten desde la Consejer\u00eda de Educaci\u00f3n de la Junta de Andaluc\u00eda: Orden de 25 de mayo de 2012. Plazos de presentaci\u00f3n de solicitudes&#46;&#46;&#46;<\/p>\n","protected":false},"author":1,"featured_media":0,"parent":0,"menu_order":0,"comment_status":"closed","ping_status":"open","template":"","meta":{"ngg_post_thumbnail":0,"footnotes":"","_mc_calendar":[]},"aioseo_notices":[],"_links":{"self":[{"href":"https:\/\/blogsaverroes.juntadeandalucia.es\/molinilloviejo\/wp-json\/wp\/v2\/pages\/99"}],"collection":[{"href":"https:\/\/blogsaverroes.juntadeandalucia.es\/molinilloviejo\/wp-json\/wp\/v2\/pages"}],"about":[{"href":"https:\/\/blogsaverroes.juntadeandalucia.es\/molinilloviejo\/wp-json\/wp\/v2\/types\/page"}],"author":[{"embeddable":true,"href":"https:\/\/blogsaverroes.juntadeandalucia.es\/molinilloviejo\/wp-json\/wp\/v2\/users\/1"}],"replies":[{"embeddable":true,"href":"https:\/\/blogsaverroes.juntadeandalucia.es\/molinilloviejo\/wp-json\/wp\/v2\/comments?post=99"}],"version-history":[{"count":12,"href":"https:\/\/blogsaverroes.juntadeandalucia.es\/molinilloviejo\/wp-json\/wp\/v2\/pages\/99\/revisions"}],"predecessor-version":[{"id":20140,"href":"https:\/\/blogsaverroes.juntadeandalucia.es\/molinilloviejo\/wp-json\/wp\/v2\/pages\/99\/revisions\/20140"}],"wp:attachment":[{"href":"https:\/\/blogsaverroes.juntadeandalucia.es\/molinilloviejo\/wp-json\/wp\/v2\/media?parent=99"}],"curies":[{"name":"wp","href":"https:\/\/api.w.org\/{rel}","templated":true}]}}