{"id":22,"date":"2020-01-09T12:33:26","date_gmt":"2020-01-09T11:33:26","guid":{"rendered":"http:\/\/blogsaverroes.juntadeandalucia.es\/pre\/nuevoceip2v2\/?page_id=22"},"modified":"2022-06-10T17:30:13","modified_gmt":"2022-06-10T16:30:13","slug":"2o-ciclo-de-educacion-primaria","status":"publish","type":"page","link":"https:\/\/blogsaverroes.juntadeandalucia.es\/morenoychacon\/2o-ciclo-de-educacion-primaria\/","title":{"rendered":"2\u00ba Ciclo de Educaci\u00f3n Primaria"},"content":{"rendered":"<p>[et_pb_section fb_built=&#8221;1&#8243; _builder_version=&#8221;3.23.3&#8243; custom_padding=&#8221;0px||0px|&#8221; z_index_tablet=&#8221;500&#8243; box_shadow_horizontal_tablet=&#8221;0px&#8221; box_shadow_vertical_tablet=&#8221;0px&#8221; box_shadow_blur_tablet=&#8221;40px&#8221; box_shadow_spread_tablet=&#8221;0px&#8221; global_colors_info=&#8221;{}&#8221;][et_pb_row _builder_version=&#8221;3.25&#8243; background_size=&#8221;initial&#8221; background_position=&#8221;top_left&#8221; background_repeat=&#8221;repeat&#8221; global_colors_info=&#8221;{}&#8221;][et_pb_column type=&#8221;4_4&#8243; _builder_version=&#8221;3.25&#8243; custom_padding=&#8221;|||&#8221; global_colors_info=&#8221;{}&#8221; custom_padding__hover=&#8221;|||&#8221;][et_pb_image src=&#8221;https:\/\/blogsaverroes.juntadeandalucia.es\/morenoychacon\/files\/2020\/01\/cabecera-interior-3.jpg&#8221; title_text=&#8221;cabecera-interior-3&#8243; admin_label=&#8221;Imagen de la portada&#8221; _builder_version=&#8221;4.5.0&#8243; z_index_tablet=&#8221;500&#8243; box_shadow_horizontal_tablet=&#8221;0px&#8221; box_shadow_vertical_tablet=&#8221;0px&#8221; box_shadow_blur_tablet=&#8221;40px&#8221; box_shadow_spread_tablet=&#8221;0px&#8221; global_colors_info=&#8221;{}&#8221;][\/et_pb_image][et_pb_text admin_label=&#8221;Texto descriptivo&#8221; _builder_version=&#8221;4.14.5&#8243; hover_enabled=&#8221;0&#8243; z_index_tablet=&#8221;500&#8243; text_text_shadow_horizontal_length_tablet=&#8221;0px&#8221; text_text_shadow_vertical_length_tablet=&#8221;0px&#8221; text_text_shadow_blur_strength_tablet=&#8221;1px&#8221; link_text_shadow_horizontal_length_tablet=&#8221;0px&#8221; link_text_shadow_vertical_length_tablet=&#8221;0px&#8221; link_text_shadow_blur_strength_tablet=&#8221;1px&#8221; ul_text_shadow_horizontal_length_tablet=&#8221;0px&#8221; ul_text_shadow_vertical_length_tablet=&#8221;0px&#8221; ul_text_shadow_blur_strength_tablet=&#8221;1px&#8221; ol_text_shadow_horizontal_length_tablet=&#8221;0px&#8221; ol_text_shadow_vertical_length_tablet=&#8221;0px&#8221; ol_text_shadow_blur_strength_tablet=&#8221;1px&#8221; quote_text_shadow_horizontal_length_tablet=&#8221;0px&#8221; quote_text_shadow_vertical_length_tablet=&#8221;0px&#8221; quote_text_shadow_blur_strength_tablet=&#8221;1px&#8221; header_text_shadow_horizontal_length_tablet=&#8221;0px&#8221; header_text_shadow_vertical_length_tablet=&#8221;0px&#8221; header_text_shadow_blur_strength_tablet=&#8221;1px&#8221; header_2_text_shadow_horizontal_length_tablet=&#8221;0px&#8221; header_2_text_shadow_vertical_length_tablet=&#8221;0px&#8221; header_2_text_shadow_blur_strength_tablet=&#8221;1px&#8221; header_3_text_shadow_horizontal_length_tablet=&#8221;0px&#8221; header_3_text_shadow_vertical_length_tablet=&#8221;0px&#8221; header_3_text_shadow_blur_strength_tablet=&#8221;1px&#8221; header_4_text_shadow_horizontal_length_tablet=&#8221;0px&#8221; header_4_text_shadow_vertical_length_tablet=&#8221;0px&#8221; header_4_text_shadow_blur_strength_tablet=&#8221;1px&#8221; header_5_text_shadow_horizontal_length_tablet=&#8221;0px&#8221; header_5_text_shadow_vertical_length_tablet=&#8221;0px&#8221; header_5_text_shadow_blur_strength_tablet=&#8221;1px&#8221; header_6_text_shadow_horizontal_length_tablet=&#8221;0px&#8221; header_6_text_shadow_vertical_length_tablet=&#8221;0px&#8221; header_6_text_shadow_blur_strength_tablet=&#8221;1px&#8221; box_shadow_horizontal_tablet=&#8221;0px&#8221; box_shadow_vertical_tablet=&#8221;0px&#8221; box_shadow_blur_tablet=&#8221;40px&#8221; box_shadow_spread_tablet=&#8221;0px&#8221; global_colors_info=&#8221;{}&#8221; sticky_enabled=&#8221;0&#8243;]<\/p>\n<h2 style=\"text-align: center\">2\u00ba Ciclo de Educaci\u00f3n Primaria<\/h2>\n<p style=\"text-align: center\"><img loading=\"lazy\" decoding=\"async\" class=\"alignnone size-medium wp-image-552 aligncenter\" src=\"https:\/\/blogsaverroes.juntadeandalucia.es\/morenoychacon\/files\/2022\/06\/DSC2554-300x107.jpg\" alt=\"\" width=\"300\" height=\"107\"><\/p>\n<p style=\"text-align: center\">El segundo ciclo lo conforma los grupos de 3\u00ba y 4\u00ba de primaria de nuestro colegio Moreno y Chac\u00f3n. Disponemos de diferentes espacios para ambos grupos:<\/p>\n<p style=\"text-align: center\"><strong>Edificio Rojo (3\u00ba de Primaria): <\/strong><\/p>\n<p style=\"text-align: center\">Este edificio se encuentra junto al edificio de infantil y detr\u00e1s del edificio del comedor. En este edificio, encontramos 3 aulas para la ense\u00f1anza (3\u00ba A, 3\u00ba B y 3\u00ba C) dispuestas en dos plantas. Todas las aulas tienen conexi\u00f3n a internet y pizarras digitales. Adem\u00e1s, en la segunda planta se sit\u00faa el Aula de M\u00fasica con diversos instrumentos musicales (xil\u00f3fonos, panderetas, timbales, cajas\u2026) y pizarra de pentagrama. El edificio dispone de ascensor, rampas de acceso y aseos para alumnado de movilidad reducida, al igual que aseos para el resto del alumnado. Los grupos de 3\u00ba entran y salen del colegio por la misma puerta que los de infantil (puerta del comedor).<\/p>\n<p style=\"text-align: center\"><strong>Edificio Blanco (4\u00ba de Primaria): <\/strong><\/p>\n<p style=\"text-align: center\">Este edificio est\u00e1 situado en la esquina noroccidental del colegio junto al edificio del gimnasio, utilizando 4\u00ba la planta baja del edificio con 3 aulas para la ense\u00f1anza (4\u00ba A, 4\u00ba B y 4\u00ba C). Las aulas disponen de conexi\u00f3n a internet y de pizarras digitales. Los grupos de 4\u00ba entran por la puerta m\u00e1s pr\u00f3xima al edificio blanco, al igual que a 5\u00ba y 6\u00ba. Disponemos de ascensor, rampa de acceso, aula de psicomotricidad y aseos adaptados para alumnado con movilidad reducida. La biblioteca se encuentra en el mismo edificio, con un cat\u00e1logo variado e interesante de libros para pr\u00e9stamos de diferentes tem\u00e1ticas y edades.<img loading=\"lazy\" decoding=\"async\" class=\"alignnone size-medium wp-image-623 aligncenter\" src=\"https:\/\/blogsaverroes.juntadeandalucia.es\/morenoychacon\/files\/2022\/06\/IMG-20220610-WA0005-300x169.jpg\" alt=\"\" width=\"300\" height=\"169\"><\/p>\n<p style=\"text-align: center\"><img loading=\"lazy\" decoding=\"async\" class=\"alignnone size-medium wp-image-624 aligncenter\" src=\"https:\/\/blogsaverroes.juntadeandalucia.es\/morenoychacon\/files\/2022\/06\/IMG-20220608-WA0031-300x225.jpg\" alt=\"\" width=\"300\" height=\"225\"><img loading=\"lazy\" decoding=\"async\" class=\"alignnone size-medium wp-image-626 aligncenter\" src=\"https:\/\/blogsaverroes.juntadeandalucia.es\/morenoychacon\/files\/2022\/06\/IMG-20220610-WA0006-300x169.jpg\" alt=\"\" width=\"300\" height=\"169\"><\/p>\n<p><img loading=\"lazy\" decoding=\"async\" class=\"alignnone size-medium wp-image-627 aligncenter\" src=\"https:\/\/blogsaverroes.juntadeandalucia.es\/morenoychacon\/files\/2022\/06\/IMG-20220610-WA0008-300x169.jpg\" alt=\"\" width=\"300\" height=\"169\"><\/p>\n<p>&nbsp;<\/p>\n<p>&nbsp;<\/p>\n<p>[\/et_pb_text][\/et_pb_column][\/et_pb_row][\/et_pb_section]<\/p>\n","protected":false},"excerpt":{"rendered":"<p>2\u00ba Ciclo de Educaci\u00f3n Primaria El segundo ciclo lo conforma los grupos de 3\u00ba y 4\u00ba de primaria de nuestro colegio Moreno y Chac\u00f3n. Disponemos de diferentes espacios para ambos grupos: Edificio Rojo (3\u00ba de Primaria): Este edificio se encuentra junto al edificio de infantil y detr\u00e1s del edificio del comedor. En este edificio, encontramos [&hellip;]<\/p>\n","protected":false},"author":13774,"featured_media":0,"parent":0,"menu_order":0,"comment_status":"closed","ping_status":"closed","template":"","meta":{"_et_pb_use_builder":"on","_et_pb_old_content":"","_et_gb_content_width":"","ngg_post_thumbnail":0,"footnotes":""},"aioseo_notices":[],"_links":{"self":[{"href":"https:\/\/blogsaverroes.juntadeandalucia.es\/morenoychacon\/wp-json\/wp\/v2\/pages\/22"}],"collection":[{"href":"https:\/\/blogsaverroes.juntadeandalucia.es\/morenoychacon\/wp-json\/wp\/v2\/pages"}],"about":[{"href":"https:\/\/blogsaverroes.juntadeandalucia.es\/morenoychacon\/wp-json\/wp\/v2\/types\/page"}],"author":[{"embeddable":true,"href":"https:\/\/blogsaverroes.juntadeandalucia.es\/morenoychacon\/wp-json\/wp\/v2\/users\/13774"}],"replies":[{"embeddable":true,"href":"https:\/\/blogsaverroes.juntadeandalucia.es\/morenoychacon\/wp-json\/wp\/v2\/comments?post=22"}],"version-history":[{"count":4,"href":"https:\/\/blogsaverroes.juntadeandalucia.es\/morenoychacon\/wp-json\/wp\/v2\/pages\/22\/revisions"}],"predecessor-version":[{"id":687,"href":"https:\/\/blogsaverroes.juntadeandalucia.es\/morenoychacon\/wp-json\/wp\/v2\/pages\/22\/revisions\/687"}],"wp:attachment":[{"href":"https:\/\/blogsaverroes.juntadeandalucia.es\/morenoychacon\/wp-json\/wp\/v2\/media?parent=22"}],"curies":[{"name":"wp","href":"https:\/\/api.w.org\/{rel}","templated":true}]}}