{"id":179,"date":"2019-09-08T00:00:39","date_gmt":"2019-09-07T22:00:39","guid":{"rendered":"https:\/\/blogsaverroes.juntadeandalucia.es\/moveyourworld\/?page_id=179"},"modified":"2020-04-12T19:07:30","modified_gmt":"2020-04-12T17:07:30","slug":"bienvenida","status":"publish","type":"page","link":"https:\/\/blogsaverroes.juntadeandalucia.es\/moveyourworld\/","title":{"rendered":"Bienvenida"},"content":{"rendered":"<p style=\"text-align: center\"><span style=\"font-family: trebuchet ms, geneva, sans-serif;color: #000080\">Bienvenidos al blog de Educaci\u00f3n F\u00edsica del profesor Miguel Fern\u00e1ndez P\u00e9rez.<\/span><\/p>\n<p style=\"text-align: center\"><span style=\"font-family: trebuchet ms, geneva, sans-serif;color: #000080\">En este blog podr\u00e9is encontrar aquellos recursos de utilidad para la materia, as\u00ed como elementos de inter\u00e9s para vuestra formaci\u00f3n con respecto a la salud y la actividad f\u00edsica.<\/span><\/p>\n<p style=\"text-align: center\"><span style=\"color: #000080\"><img loading=\"lazy\" decoding=\"async\" class=\"aligncenter wp-image-198 size-full\" src=\"https:\/\/blogsaverroes.juntadeandalucia.es\/moveyourworld\/files\/2019\/11\/BIENVENIDA.jpg\" alt=\"\" width=\"960\" height=\"639\" srcset=\"https:\/\/blogsaverroes.juntadeandalucia.es\/moveyourworld\/files\/2019\/11\/BIENVENIDA.jpg 960w, https:\/\/blogsaverroes.juntadeandalucia.es\/moveyourworld\/files\/2019\/11\/BIENVENIDA-300x200.jpg 300w, https:\/\/blogsaverroes.juntadeandalucia.es\/moveyourworld\/files\/2019\/11\/BIENVENIDA-768x511.jpg 768w, https:\/\/blogsaverroes.juntadeandalucia.es\/moveyourworld\/files\/2019\/11\/BIENVENIDA-24x16.jpg 24w, https:\/\/blogsaverroes.juntadeandalucia.es\/moveyourworld\/files\/2019\/11\/BIENVENIDA-36x24.jpg 36w, https:\/\/blogsaverroes.juntadeandalucia.es\/moveyourworld\/files\/2019\/11\/BIENVENIDA-48x32.jpg 48w\" sizes=\"(max-width: 706px) 89vw, (max-width: 767px) 82vw, 740px\" \/><\/span><\/p>\n<p style=\"text-align: center\"><span style=\"font-family: trebuchet ms, geneva, sans-serif;color: #000080\"><em>\u00abEl talento principal en la vida es la capacidad de aprender y mejorar\u00bb<\/em><\/span><\/p>\n<p style=\"text-align: right\"><span style=\"font-family: trebuchet ms, geneva, sans-serif;color: #000080\"><em>Toni Nadal <\/em><\/span><\/p>\n<ul style=\"list-style-type: square\">\n<li style=\"text-align: left\"><a href=\"https:\/\/blogsaverroes.juntadeandalucia.es\/moveyourworld\/guia-de-educacion-fisica\/\"><span style=\"font-family: trebuchet ms, geneva, sans-serif;color: #000080\"><em>Gu\u00eda de Educaci\u00f3n F\u00edsica<\/em><\/span><\/a><\/li>\n<li style=\"text-align: left\"><a href=\"https:\/\/blogsaverroes.juntadeandalucia.es\/moveyourworld\/evaluacion-inicial\/\"><span style=\"font-family: trebuchet ms, geneva, sans-serif;color: #000080\"><em>Evaluaci\u00f3n Inicial<\/em><\/span><\/a><\/li>\n<li style=\"text-align: left\"><a href=\"https:\/\/blogsaverroes.juntadeandalucia.es\/moveyourworld\/documentos-y-autorizaciones\/\"><span style=\"font-family: trebuchet ms, geneva, sans-serif;color: #000080\"><em>Documentos y Autorizaciones<\/em><\/span><\/a><\/li>\n<\/ul>\n<p>&nbsp;<\/p>\n","protected":false},"excerpt":{"rendered":"<p>Bienvenidos al blog de Educaci\u00f3n F\u00edsica del profesor Miguel Fern\u00e1ndez P\u00e9rez. En este blog podr\u00e9is encontrar aquellos recursos de utilidad para la materia, as\u00ed como elementos de inter\u00e9s para vuestra formaci\u00f3n con respecto a la salud y la actividad f\u00edsica. \u00abEl talento principal en la vida es la capacidad de aprender y mejorar\u00bb Toni Nadal &hellip; <\/p>\n<p class=\"link-more\"><a href=\"https:\/\/blogsaverroes.juntadeandalucia.es\/moveyourworld\/\" class=\"more-link\">Continuar leyendo<span class=\"screen-reader-text\"> \u00abBienvenida\u00bb<\/span><\/a><\/p>\n","protected":false},"author":7776,"featured_media":0,"parent":0,"menu_order":0,"comment_status":"closed","ping_status":"closed","template":"","meta":{"ngg_post_thumbnail":0,"footnotes":""},"aioseo_notices":[],"_links":{"self":[{"href":"https:\/\/blogsaverroes.juntadeandalucia.es\/moveyourworld\/wp-json\/wp\/v2\/pages\/179"}],"collection":[{"href":"https:\/\/blogsaverroes.juntadeandalucia.es\/moveyourworld\/wp-json\/wp\/v2\/pages"}],"about":[{"href":"https:\/\/blogsaverroes.juntadeandalucia.es\/moveyourworld\/wp-json\/wp\/v2\/types\/page"}],"author":[{"embeddable":true,"href":"https:\/\/blogsaverroes.juntadeandalucia.es\/moveyourworld\/wp-json\/wp\/v2\/users\/7776"}],"replies":[{"embeddable":true,"href":"https:\/\/blogsaverroes.juntadeandalucia.es\/moveyourworld\/wp-json\/wp\/v2\/comments?post=179"}],"version-history":[{"count":9,"href":"https:\/\/blogsaverroes.juntadeandalucia.es\/moveyourworld\/wp-json\/wp\/v2\/pages\/179\/revisions"}],"predecessor-version":[{"id":612,"href":"https:\/\/blogsaverroes.juntadeandalucia.es\/moveyourworld\/wp-json\/wp\/v2\/pages\/179\/revisions\/612"}],"wp:attachment":[{"href":"https:\/\/blogsaverroes.juntadeandalucia.es\/moveyourworld\/wp-json\/wp\/v2\/media?parent=179"}],"curies":[{"name":"wp","href":"https:\/\/api.w.org\/{rel}","templated":true}]}}