{"id":191,"date":"2019-11-08T20:21:44","date_gmt":"2019-11-08T19:21:44","guid":{"rendered":"https:\/\/blogsaverroes.juntadeandalucia.es\/moveyourworld\/?page_id=191"},"modified":"2020-06-21T17:27:27","modified_gmt":"2020-06-21T15:27:27","slug":"proyectos","status":"publish","type":"page","link":"https:\/\/blogsaverroes.juntadeandalucia.es\/moveyourworld\/proyectos\/","title":{"rendered":"Proyectos"},"content":{"rendered":"<p style=\"text-align: center\"><span style=\"font-family: trebuchet ms, geneva, sans-serif;color: #333399\">En esta p\u00e1gina podr\u00e9is encontrar los diferentes proyectos que se llevar\u00e1n a en la etapa de Secundaria, vinculados a las Unidades Did\u00e1cticas Integradas de cada trimestre.<br \/>\n<\/span><\/p>\n<p><img loading=\"lazy\" decoding=\"async\" class=\"aligncenter wp-image-196 size-full\" src=\"https:\/\/blogsaverroes.juntadeandalucia.es\/moveyourworld\/files\/2019\/11\/PROYECTO.jpg\" alt=\"\" width=\"960\" height=\"576\" srcset=\"https:\/\/blogsaverroes.juntadeandalucia.es\/moveyourworld\/files\/2019\/11\/PROYECTO.jpg 960w, https:\/\/blogsaverroes.juntadeandalucia.es\/moveyourworld\/files\/2019\/11\/PROYECTO-300x180.jpg 300w, https:\/\/blogsaverroes.juntadeandalucia.es\/moveyourworld\/files\/2019\/11\/PROYECTO-768x461.jpg 768w, https:\/\/blogsaverroes.juntadeandalucia.es\/moveyourworld\/files\/2019\/11\/PROYECTO-24x14.jpg 24w, https:\/\/blogsaverroes.juntadeandalucia.es\/moveyourworld\/files\/2019\/11\/PROYECTO-36x22.jpg 36w, https:\/\/blogsaverroes.juntadeandalucia.es\/moveyourworld\/files\/2019\/11\/PROYECTO-48x29.jpg 48w\" sizes=\"(max-width: 706px) 89vw, (max-width: 767px) 82vw, 740px\" \/><\/p>\n<ul style=\"list-style-type: square\">\n<li><a href=\"https:\/\/blogsaverroes.juntadeandalucia.es\/moveyourworld\/apadrinaunsedentario\/\"><span style=\"font-family: terminal, monaco, monospace;color: #000080\">#Apadrinaunsedentario<\/span><\/a><\/li>\n<li><a href=\"https:\/\/blogsaverroes.juntadeandalucia.es\/moveyourworld\/citynaturechallenge\/\"><span style=\"font-family: terminal, monaco, monospace;color: #000080\">#MiIESOl\u00edmpico<\/span><\/a><\/li>\n<li><a href=\"https:\/\/blogsaverroes.juntadeandalucia.es\/moveyourworld\/miiesolimpico\/\"><span style=\"font-family: terminal, monaco, monospace;color: #000080\">#CityNatureChallenge<\/span><\/a><\/li>\n<\/ul>\n","protected":false},"excerpt":{"rendered":"<p>En esta p\u00e1gina podr\u00e9is encontrar los diferentes proyectos que se llevar\u00e1n a en la etapa de Secundaria, vinculados a las Unidades Did\u00e1cticas Integradas de cada trimestre. #Apadrinaunsedentario #MiIESOl\u00edmpico #CityNatureChallenge<\/p>\n","protected":false},"author":7776,"featured_media":0,"parent":0,"menu_order":0,"comment_status":"closed","ping_status":"closed","template":"","meta":{"ngg_post_thumbnail":0,"footnotes":""},"aioseo_notices":[],"_links":{"self":[{"href":"https:\/\/blogsaverroes.juntadeandalucia.es\/moveyourworld\/wp-json\/wp\/v2\/pages\/191"}],"collection":[{"href":"https:\/\/blogsaverroes.juntadeandalucia.es\/moveyourworld\/wp-json\/wp\/v2\/pages"}],"about":[{"href":"https:\/\/blogsaverroes.juntadeandalucia.es\/moveyourworld\/wp-json\/wp\/v2\/types\/page"}],"author":[{"embeddable":true,"href":"https:\/\/blogsaverroes.juntadeandalucia.es\/moveyourworld\/wp-json\/wp\/v2\/users\/7776"}],"replies":[{"embeddable":true,"href":"https:\/\/blogsaverroes.juntadeandalucia.es\/moveyourworld\/wp-json\/wp\/v2\/comments?post=191"}],"version-history":[{"count":6,"href":"https:\/\/blogsaverroes.juntadeandalucia.es\/moveyourworld\/wp-json\/wp\/v2\/pages\/191\/revisions"}],"predecessor-version":[{"id":907,"href":"https:\/\/blogsaverroes.juntadeandalucia.es\/moveyourworld\/wp-json\/wp\/v2\/pages\/191\/revisions\/907"}],"wp:attachment":[{"href":"https:\/\/blogsaverroes.juntadeandalucia.es\/moveyourworld\/wp-json\/wp\/v2\/media?parent=191"}],"curies":[{"name":"wp","href":"https:\/\/api.w.org\/{rel}","templated":true}]}}