{"id":204,"date":"2019-09-08T00:03:50","date_gmt":"2019-09-07T22:03:50","guid":{"rendered":"https:\/\/blogsaverroes.juntadeandalucia.es\/moveyourworld\/?page_id=204"},"modified":"2020-06-21T17:35:21","modified_gmt":"2020-06-21T15:35:21","slug":"actividades-e-v-a","status":"publish","type":"page","link":"https:\/\/blogsaverroes.juntadeandalucia.es\/moveyourworld\/actividades-e-v-a\/","title":{"rendered":"Actividades E.V.A."},"content":{"rendered":"<p><span style=\"font-family: courier new, courier, monospace;color: #333399\">Las actividades de Estilo de Vida Activo que ten\u00e9is que desarrollar a lo largo del curso tendr\u00e1n como finalidad la adquisici\u00f3n de h\u00e1bitos de vida saludables, as\u00ed como habilidades de comunicaci\u00f3n a trav\u00e9s de aprendizajes relativos a la actividad f\u00edsica y el deporte en Andaluc\u00eda. <\/span><\/p>\n<p><span style=\"font-family: courier new, courier, monospace\"><span style=\"color: #333399\">Os aconsejo que las vay\u00e1is completando a lo largo de todo el curso. Ten\u00e9is tres actividades:<\/span><\/span><\/p>\n<ul>\n<li style=\"text-align: center\"><span style=\"font-family: courier new, courier, monospace\"><a href=\"https:\/\/blogsaverroes.juntadeandalucia.es\/moveyourworld\/hall-of-fame\/\">Hall of Fame<\/a><\/span><\/li>\n<li style=\"text-align: center\"><span style=\"font-family: courier new, courier, monospace\"><a href=\"https:\/\/blogsaverroes.juntadeandalucia.es\/moveyourworld\/elevator-pitch\/\">Elevator Pitch <\/a><\/span><\/li>\n<li style=\"text-align: center\"><span style=\"font-family: courier new, courier, monospace\"><a href=\"https:\/\/blogsaverroes.juntadeandalucia.es\/moveyourworld\/motor-challenge\/\">Motor Challenge<\/a><\/span><\/li>\n<\/ul>\n<p><img loading=\"lazy\" decoding=\"async\" class=\"wp-image-206 size-full aligncenter\" src=\"https:\/\/blogsaverroes.juntadeandalucia.es\/moveyourworld\/files\/2019\/11\/E.V.A.jpg\" alt=\"\" width=\"960\" height=\"640\" srcset=\"https:\/\/blogsaverroes.juntadeandalucia.es\/moveyourworld\/files\/2019\/11\/E.V.A.jpg 960w, https:\/\/blogsaverroes.juntadeandalucia.es\/moveyourworld\/files\/2019\/11\/E.V.A-300x200.jpg 300w, https:\/\/blogsaverroes.juntadeandalucia.es\/moveyourworld\/files\/2019\/11\/E.V.A-768x512.jpg 768w, https:\/\/blogsaverroes.juntadeandalucia.es\/moveyourworld\/files\/2019\/11\/E.V.A-24x16.jpg 24w, https:\/\/blogsaverroes.juntadeandalucia.es\/moveyourworld\/files\/2019\/11\/E.V.A-36x24.jpg 36w, https:\/\/blogsaverroes.juntadeandalucia.es\/moveyourworld\/files\/2019\/11\/E.V.A-48x32.jpg 48w\" sizes=\"(max-width: 706px) 89vw, (max-width: 767px) 82vw, 740px\" \/><\/p>\n","protected":false},"excerpt":{"rendered":"<p>Las actividades de Estilo de Vida Activo que ten\u00e9is que desarrollar a lo largo del curso tendr\u00e1n como finalidad la adquisici\u00f3n de h\u00e1bitos de vida saludables, as\u00ed como habilidades de comunicaci\u00f3n a trav\u00e9s de aprendizajes relativos a la actividad f\u00edsica y el deporte en Andaluc\u00eda. Os aconsejo que las vay\u00e1is completando a lo largo de &hellip; <\/p>\n<p class=\"link-more\"><a href=\"https:\/\/blogsaverroes.juntadeandalucia.es\/moveyourworld\/actividades-e-v-a\/\" class=\"more-link\">Continuar leyendo<span class=\"screen-reader-text\"> \u00abActividades E.V.A.\u00bb<\/span><\/a><\/p>\n","protected":false},"author":7776,"featured_media":0,"parent":0,"menu_order":0,"comment_status":"closed","ping_status":"closed","template":"","meta":{"ngg_post_thumbnail":0,"footnotes":""},"aioseo_notices":[],"_links":{"self":[{"href":"https:\/\/blogsaverroes.juntadeandalucia.es\/moveyourworld\/wp-json\/wp\/v2\/pages\/204"}],"collection":[{"href":"https:\/\/blogsaverroes.juntadeandalucia.es\/moveyourworld\/wp-json\/wp\/v2\/pages"}],"about":[{"href":"https:\/\/blogsaverroes.juntadeandalucia.es\/moveyourworld\/wp-json\/wp\/v2\/types\/page"}],"author":[{"embeddable":true,"href":"https:\/\/blogsaverroes.juntadeandalucia.es\/moveyourworld\/wp-json\/wp\/v2\/users\/7776"}],"replies":[{"embeddable":true,"href":"https:\/\/blogsaverroes.juntadeandalucia.es\/moveyourworld\/wp-json\/wp\/v2\/comments?post=204"}],"version-history":[{"count":7,"href":"https:\/\/blogsaverroes.juntadeandalucia.es\/moveyourworld\/wp-json\/wp\/v2\/pages\/204\/revisions"}],"predecessor-version":[{"id":911,"href":"https:\/\/blogsaverroes.juntadeandalucia.es\/moveyourworld\/wp-json\/wp\/v2\/pages\/204\/revisions\/911"}],"wp:attachment":[{"href":"https:\/\/blogsaverroes.juntadeandalucia.es\/moveyourworld\/wp-json\/wp\/v2\/media?parent=204"}],"curies":[{"name":"wp","href":"https:\/\/api.w.org\/{rel}","templated":true}]}}