{"id":221,"date":"2019-11-08T22:40:36","date_gmt":"2019-11-08T21:40:36","guid":{"rendered":"https:\/\/blogsaverroes.juntadeandalucia.es\/moveyourworld\/?page_id=221"},"modified":"2020-04-16T11:50:28","modified_gmt":"2020-04-16T09:50:28","slug":"documentos-y-autorizaciones","status":"publish","type":"page","link":"https:\/\/blogsaverroes.juntadeandalucia.es\/moveyourworld\/documentos-y-autorizaciones\/","title":{"rendered":"Documentos y Autorizaciones"},"content":{"rendered":"<ul style=\"list-style-type: square\">\n<li><span style=\"font-family: courier new, courier, monospace;color: #003366\">Programaci\u00f3n Did\u00e1ctica Educaci\u00f3n F\u00edsica.<\/span><\/li>\n<li><span style=\"color: #003366\"><a style=\"color: #003366\" href=\"https:\/\/drive.google.com\/open?id=1Qi8Arl5ZoomHFUFPGgIcgS7nJs5I_6ndKZu4wRoScrs\"><span style=\"font-family: courier new, courier, monospace\">Autorizaciones <\/span><\/a><\/span><\/li>\n<li><span style=\"color: #003366\"><a style=\"color: #003366\" href=\"https:\/\/drive.google.com\/open?id=1mV8L0R0ZIf6HyX-pWY-cH0e0So6rVlII\"><span style=\"font-family: courier new, courier, monospace\">Compromiso educativo y de convivencia<\/span><\/a><\/span><\/li>\n<li><a href=\"https:\/\/drive.google.com\/open?id=14jGENMiF953bmF9mrDrhaX2XJNXErnsQ\"><span style=\"color: #003366;font-family: courier new, courier, monospace\">Pacto amistoso<\/span><\/a><\/li>\n<li><span style=\"color: #003366\"><a style=\"color: #003366\" href=\"https:\/\/drive.google.com\/open?id=1wu0-4Wx5ASO9CW4uP6zGeY3cAnvz4hHI\"><span style=\"font-family: courier new, courier, monospace\">Contrato Pedag\u00f3gico <\/span><\/a><\/span><\/li>\n<li><span style=\"color: #003366\"><a style=\"color: #003366\" href=\"https:\/\/drive.google.com\/open?id=1Gza5PMWKVvBHeTQB7kQyg_W-A3RQsYIX\"><span style=\"font-family: courier new, courier, monospace\">Normativa de actividades extraescolares<\/span><\/a><\/span><span style=\"font-family: terminal, monaco, monospace;color: #333399\"><br \/>\n<\/span><\/li>\n<\/ul>\n","protected":false},"excerpt":{"rendered":"<p>Programaci\u00f3n Did\u00e1ctica Educaci\u00f3n F\u00edsica. Autorizaciones Compromiso educativo y de convivencia Pacto amistoso Contrato Pedag\u00f3gico Normativa de actividades extraescolares<\/p>\n","protected":false},"author":7776,"featured_media":0,"parent":0,"menu_order":0,"comment_status":"closed","ping_status":"closed","template":"","meta":{"ngg_post_thumbnail":0,"footnotes":""},"aioseo_notices":[],"_links":{"self":[{"href":"https:\/\/blogsaverroes.juntadeandalucia.es\/moveyourworld\/wp-json\/wp\/v2\/pages\/221"}],"collection":[{"href":"https:\/\/blogsaverroes.juntadeandalucia.es\/moveyourworld\/wp-json\/wp\/v2\/pages"}],"about":[{"href":"https:\/\/blogsaverroes.juntadeandalucia.es\/moveyourworld\/wp-json\/wp\/v2\/types\/page"}],"author":[{"embeddable":true,"href":"https:\/\/blogsaverroes.juntadeandalucia.es\/moveyourworld\/wp-json\/wp\/v2\/users\/7776"}],"replies":[{"embeddable":true,"href":"https:\/\/blogsaverroes.juntadeandalucia.es\/moveyourworld\/wp-json\/wp\/v2\/comments?post=221"}],"version-history":[{"count":8,"href":"https:\/\/blogsaverroes.juntadeandalucia.es\/moveyourworld\/wp-json\/wp\/v2\/pages\/221\/revisions"}],"predecessor-version":[{"id":324,"href":"https:\/\/blogsaverroes.juntadeandalucia.es\/moveyourworld\/wp-json\/wp\/v2\/pages\/221\/revisions\/324"}],"wp:attachment":[{"href":"https:\/\/blogsaverroes.juntadeandalucia.es\/moveyourworld\/wp-json\/wp\/v2\/media?parent=221"}],"curies":[{"name":"wp","href":"https:\/\/api.w.org\/{rel}","templated":true}]}}