{"id":222,"date":"2019-11-08T22:40:36","date_gmt":"2019-11-08T21:40:36","guid":{"rendered":"https:\/\/blogsaverroes.juntadeandalucia.es\/moveyourworld\/?page_id=222"},"modified":"2021-02-06T12:44:11","modified_gmt":"2021-02-06T11:44:11","slug":"apadrinaunsedentario","status":"publish","type":"page","link":"https:\/\/blogsaverroes.juntadeandalucia.es\/moveyourworld\/apadrinaunsedentario\/","title":{"rendered":"#Apadrinaunsedentario"},"content":{"rendered":"<p><span style=\"font-family: terminal, monaco, monospace;color: #333399\">Este proyecto se llevar\u00e1 a cabo durante el primer trimestre a trav\u00e9s de las Unidades de cada uno de los cursos de Secundaria. <\/span><\/p>\n<p><span style=\"color: #333399\"><span style=\"font-family: terminal, monaco, monospace\">Durante este proyecto se desarrollar\u00e1n <\/span><span style=\"font-family: terminal, monaco, monospace\">aprendizajes que permitir\u00e1n al alumnado establecer un pensamiento cr\u00edtico en relaci\u00f3n a los h\u00e1bitos de vida saludables y las posibilidades que presenta su entorno para ello. Dicho proyecto tendr\u00e1 como finalidad que el alumnado sea capaz de establecer las recomendaciones oportunas a un sujeto de su entorno, que le permitan incorporar a su vida, un estilo de vida activo y saludable.<\/span><\/span><\/p>\n","protected":false},"excerpt":{"rendered":"<p>Este proyecto se llevar\u00e1 a cabo durante el primer trimestre a trav\u00e9s de las Unidades de cada uno de los cursos de Secundaria. Durante este proyecto se desarrollar\u00e1n aprendizajes que permitir\u00e1n al alumnado establecer un pensamiento cr\u00edtico en relaci\u00f3n a los h\u00e1bitos de vida saludables y las posibilidades que presenta su entorno para ello. Dicho &hellip; <\/p>\n<p class=\"link-more\"><a href=\"https:\/\/blogsaverroes.juntadeandalucia.es\/moveyourworld\/apadrinaunsedentario\/\" class=\"more-link\">Continuar leyendo<span class=\"screen-reader-text\"> \u00ab#Apadrinaunsedentario\u00bb<\/span><\/a><\/p>\n","protected":false},"author":7776,"featured_media":0,"parent":0,"menu_order":0,"comment_status":"closed","ping_status":"closed","template":"","meta":{"ngg_post_thumbnail":0,"footnotes":""},"aioseo_notices":[],"_links":{"self":[{"href":"https:\/\/blogsaverroes.juntadeandalucia.es\/moveyourworld\/wp-json\/wp\/v2\/pages\/222"}],"collection":[{"href":"https:\/\/blogsaverroes.juntadeandalucia.es\/moveyourworld\/wp-json\/wp\/v2\/pages"}],"about":[{"href":"https:\/\/blogsaverroes.juntadeandalucia.es\/moveyourworld\/wp-json\/wp\/v2\/types\/page"}],"author":[{"embeddable":true,"href":"https:\/\/blogsaverroes.juntadeandalucia.es\/moveyourworld\/wp-json\/wp\/v2\/users\/7776"}],"replies":[{"embeddable":true,"href":"https:\/\/blogsaverroes.juntadeandalucia.es\/moveyourworld\/wp-json\/wp\/v2\/comments?post=222"}],"version-history":[{"count":15,"href":"https:\/\/blogsaverroes.juntadeandalucia.es\/moveyourworld\/wp-json\/wp\/v2\/pages\/222\/revisions"}],"predecessor-version":[{"id":961,"href":"https:\/\/blogsaverroes.juntadeandalucia.es\/moveyourworld\/wp-json\/wp\/v2\/pages\/222\/revisions\/961"}],"wp:attachment":[{"href":"https:\/\/blogsaverroes.juntadeandalucia.es\/moveyourworld\/wp-json\/wp\/v2\/media?parent=222"}],"curies":[{"name":"wp","href":"https:\/\/api.w.org\/{rel}","templated":true}]}}