{"id":721,"date":"2020-05-08T10:05:57","date_gmt":"2020-05-08T08:05:57","guid":{"rendered":"https:\/\/blogsaverroes.juntadeandalucia.es\/moveyourworld\/?page_id=721"},"modified":"2020-06-19T09:19:24","modified_gmt":"2020-06-19T07:19:24","slug":"udi-8-combas","status":"publish","type":"page","link":"https:\/\/blogsaverroes.juntadeandalucia.es\/moveyourworld\/udi-8-combas\/","title":{"rendered":"UDI 8. Combas"},"content":{"rendered":"<p><span style=\"font-family: courier new, courier, monospace\">\u00a1Buenas a todos y a todas! Comenzamos con una UDI dedicada a las habilidades motrices b\u00e1sicas, a trav\u00e9s de los <strong>Saltos<\/strong>.<\/span><\/p>\n<p><span style=\"font-family: courier new, courier, monospace\"><img loading=\"lazy\" decoding=\"async\" class=\"size-full wp-image-722 aligncenter\" src=\"https:\/\/blogsaverroes.juntadeandalucia.es\/moveyourworld\/files\/2020\/05\/1a.jpg\" alt=\"\" width=\"225\" height=\"225\" srcset=\"https:\/\/blogsaverroes.juntadeandalucia.es\/moveyourworld\/files\/2020\/05\/1a.jpg 225w, https:\/\/blogsaverroes.juntadeandalucia.es\/moveyourworld\/files\/2020\/05\/1a-150x150.jpg 150w, https:\/\/blogsaverroes.juntadeandalucia.es\/moveyourworld\/files\/2020\/05\/1a-100x100.jpg 100w, https:\/\/blogsaverroes.juntadeandalucia.es\/moveyourworld\/files\/2020\/05\/1a-24x24.jpg 24w, https:\/\/blogsaverroes.juntadeandalucia.es\/moveyourworld\/files\/2020\/05\/1a-36x36.jpg 36w, https:\/\/blogsaverroes.juntadeandalucia.es\/moveyourworld\/files\/2020\/05\/1a-48x48.jpg 48w\" sizes=\"(max-width: 225px) 100vw, 225px\" \/><\/span><\/p>\n<p><span style=\"font-family: courier new, courier, monospace\">En ella conoceremos y experimentaremos los distintos tipos de saltos, sus implicaciones fisiol\u00f3gicas y los desarrollaremos a trav\u00e9s de un trabajo de combas.<\/span><\/p>\n<p><span style=\"font-family: courier new, courier, monospace\">Este tipo de trabajo de multisaltos, progresivo y en terrenos adecuados, incide positivamente sobre las articulaciones, tendones y ligamentos del alumnado, fortific\u00e1ndolas.<br \/>\n<\/span><\/p>\n<p><span style=\"font-family: courier new, courier, monospace\">La finalidad de esta Unidad ser\u00e1 la de familiarizarnos con esta habilidad motriz, desarrollar aprendizajes relativos a los beneficios fisiol\u00f3gicos que conlleva su pr\u00e1ctica, e iniciarnos con algunas secuencias coreogr\u00e1ficas de manera colectiva.<\/span><\/p>\n<p style=\"text-align: center\"><span style=\"font-family: courier new, courier, monospace\"><strong>Objetivos de aprendizaje<\/strong><\/span><\/p>\n<ul>\n<li><span style=\"font-family: courier new, courier, monospace\">Conocer y practicar los diferentes tipos de saltos y sus implicaciones, as\u00ed como la din\u00e1mica, la estructura y los elementos fundamentales que garanticen la seguridad en la pr\u00e1ctica<\/span><\/li>\n<li><span style=\"font-family: courier new, courier, monospace\">Desarrollar actitudes de cooperaci\u00f3n dentro del grupo, tratando de gestionar emociones relativas a las relaciones interpersonales<\/span><\/li>\n<li><span style=\"font-family: courier new, courier, monospace\">Proporcionar un contexto muy c\u00f3modo para que todo el alumnado desarrolle la expresi\u00f3n corporal, favoreciendo el dise\u00f1o y la pr\u00e1ctica de actividades r\u00edtmico-expresivas como veh\u00edculo para comunicar y transmitir a trav\u00e9s de la motricidad<\/span><\/li>\n<li><span style=\"font-family: courier new, courier, monospace\">Desarrollar la competencia motriz en base a la coordinaci\u00f3n din\u00e1mico-general, la coordinaci\u00f3n segmentaria, la agilidad, los saltos y el equilibrio<\/span><\/li>\n<li><span style=\"font-family: courier new, courier, monospace\">Participar activamente,independientemente del grado de destreza alcanzado, valorando especialmente la iniciativa,la toma de decisi\u00f3n y la interacci\u00f3n con todos los compa\u00f1eros, y potenciar conductas de responsabilidad personal y social que favorezcan el desarrollo de actitudes de empat\u00eda, trabajo en equipo y autonom\u00eda.<\/span><\/li>\n<\/ul>\n","protected":false},"excerpt":{"rendered":"<p>\u00a1Buenas a todos y a todas! Comenzamos con una UDI dedicada a las habilidades motrices b\u00e1sicas, a trav\u00e9s de los Saltos. En ella conoceremos y experimentaremos los distintos tipos de saltos, sus implicaciones fisiol\u00f3gicas y los desarrollaremos a trav\u00e9s de un trabajo de combas. Este tipo de trabajo de multisaltos, progresivo y en terrenos adecuados, &hellip; <\/p>\n<p class=\"link-more\"><a href=\"https:\/\/blogsaverroes.juntadeandalucia.es\/moveyourworld\/udi-8-combas\/\" class=\"more-link\">Continuar leyendo<span class=\"screen-reader-text\"> \u00abUDI 8. Combas\u00bb<\/span><\/a><\/p>\n","protected":false},"author":7776,"featured_media":0,"parent":0,"menu_order":0,"comment_status":"closed","ping_status":"closed","template":"","meta":{"ngg_post_thumbnail":0,"footnotes":""},"aioseo_notices":[],"_links":{"self":[{"href":"https:\/\/blogsaverroes.juntadeandalucia.es\/moveyourworld\/wp-json\/wp\/v2\/pages\/721"}],"collection":[{"href":"https:\/\/blogsaverroes.juntadeandalucia.es\/moveyourworld\/wp-json\/wp\/v2\/pages"}],"about":[{"href":"https:\/\/blogsaverroes.juntadeandalucia.es\/moveyourworld\/wp-json\/wp\/v2\/types\/page"}],"author":[{"embeddable":true,"href":"https:\/\/blogsaverroes.juntadeandalucia.es\/moveyourworld\/wp-json\/wp\/v2\/users\/7776"}],"replies":[{"embeddable":true,"href":"https:\/\/blogsaverroes.juntadeandalucia.es\/moveyourworld\/wp-json\/wp\/v2\/comments?post=721"}],"version-history":[{"count":6,"href":"https:\/\/blogsaverroes.juntadeandalucia.es\/moveyourworld\/wp-json\/wp\/v2\/pages\/721\/revisions"}],"predecessor-version":[{"id":903,"href":"https:\/\/blogsaverroes.juntadeandalucia.es\/moveyourworld\/wp-json\/wp\/v2\/pages\/721\/revisions\/903"}],"wp:attachment":[{"href":"https:\/\/blogsaverroes.juntadeandalucia.es\/moveyourworld\/wp-json\/wp\/v2\/media?parent=721"}],"curies":[{"name":"wp","href":"https:\/\/api.w.org\/{rel}","templated":true}]}}