{"id":819,"date":"2020-05-28T11:39:47","date_gmt":"2020-05-28T09:39:47","guid":{"rendered":"https:\/\/blogsaverroes.juntadeandalucia.es\/moveyourworld\/?page_id=819"},"modified":"2020-05-30T11:52:24","modified_gmt":"2020-05-30T09:52:24","slug":"udi-3-softbol","status":"publish","type":"page","link":"https:\/\/blogsaverroes.juntadeandalucia.es\/moveyourworld\/udi-3-softbol\/","title":{"rendered":"UDI 3. S\u00f3ftbol"},"content":{"rendered":"<p><span style=\"font-family: courier new, courier, monospace\">\u00a1Buenas a todos y a todas! Comenzamos con una UDI dedicada a los deportes de campo y bate a trav\u00e9s del <strong>S\u00f3ftbol<\/strong>.<\/span><\/p>\n<p><span style=\"font-family: courier new, courier, monospace\"><img loading=\"lazy\" decoding=\"async\" class=\" wp-image-823 aligncenter\" src=\"https:\/\/blogsaverroes.juntadeandalucia.es\/moveyourworld\/files\/2020\/05\/1.Be\u0301isbol.jpg\" alt=\"\" width=\"243\" height=\"310\" srcset=\"https:\/\/blogsaverroes.juntadeandalucia.es\/moveyourworld\/files\/2020\/05\/1.Be\u0301isbol.jpg 564w, https:\/\/blogsaverroes.juntadeandalucia.es\/moveyourworld\/files\/2020\/05\/1.Be\u0301isbol-235x300.jpg 235w, https:\/\/blogsaverroes.juntadeandalucia.es\/moveyourworld\/files\/2020\/05\/1.Be\u0301isbol-19x24.jpg 19w, https:\/\/blogsaverroes.juntadeandalucia.es\/moveyourworld\/files\/2020\/05\/1.Be\u0301isbol-28x36.jpg 28w, https:\/\/blogsaverroes.juntadeandalucia.es\/moveyourworld\/files\/2020\/05\/1.Be\u0301isbol-38x48.jpg 38w\" sizes=\"(max-width: 243px) 100vw, 243px\" \/><\/span><\/p>\n<p><span style=\"font-family: courier new, courier, monospace\">Los deportes de campo y bate son deportes poco conocidos y practicados en general por nuestros alumnos. Se trata de una excelente forma de desarrollar la coordinaci\u00f3n segmentaria as\u00ed como el pensamiento t\u00e1ctico en el alumnando.<\/span><\/p>\n<p><span style=\"font-family: courier new, courier, monospace\">La finalidad de esta Unidad ser\u00e1 la de familiarizarnos con este tipo de deportes, y generar un proceso de construcci\u00f3n grupal, comprensivo y reflexivo, de respuestas motrices t\u00e9cnicas y t\u00e1cticas en el juego. El an\u00e1lisis de este tipo de deportes permitir\u00e1 al alumno modificar su estructura para generar otros entornos propicios para su pr\u00e1ctica.<\/span><\/p>\n<p style=\"text-align: center\"><span style=\"font-family: courier new, courier, monospace\"><strong>Objetivos de aprendizaje<\/strong><\/span><\/p>\n<ul>\n<li><span style=\"font-family: courier new, courier, monospace\">Conocer la finalidad y entender la l\u00f3gica interna y la estructura de los deportes de campo y bate, as\u00ed como desarrollar un sentido t\u00e1ctico y estrat\u00e9gico en su pr\u00e1ctica.<\/span><\/li>\n<li><span style=\"font-family: courier new, courier, monospace\">Desarrollar habilidades motrices espec\u00edficas a partir de habilidades gen\u00e9ricas de golpeo y lanzamiento, seg\u00fan el objetivo de la modalidad deportiva que se desarrolle.<\/span><\/li>\n<li><span style=\"font-family: courier new, courier, monospace\">Participar activamente y con predisposici\u00f3n positiva, en este tipo de deportes desarrollando una actitud reflexiva de an\u00e1lisis del juego, atendiendo a las normas y a las consideraciones de juego limpio.<\/span><\/li>\n<li><span style=\"font-family: courier new, courier, monospace\">Dirigir sesiones de entrenamiento y conocer las fases de una temporada.<\/span><\/li>\n<li><span style=\"font-family: courier new, courier, monospace\">Reflexionar sobre la estructura de los distintos deportes y dise\u00f1ar un deporte propio que atienda a estos criterios.<\/span><\/li>\n<\/ul>\n","protected":false},"excerpt":{"rendered":"<p>\u00a1Buenas a todos y a todas! Comenzamos con una UDI dedicada a los deportes de campo y bate a trav\u00e9s del S\u00f3ftbol. Los deportes de campo y bate son deportes poco conocidos y practicados en general por nuestros alumnos. Se trata de una excelente forma de desarrollar la coordinaci\u00f3n segmentaria as\u00ed como el pensamiento t\u00e1ctico &hellip; <\/p>\n<p class=\"link-more\"><a href=\"https:\/\/blogsaverroes.juntadeandalucia.es\/moveyourworld\/udi-3-softbol\/\" class=\"more-link\">Continuar leyendo<span class=\"screen-reader-text\"> \u00abUDI 3. S\u00f3ftbol\u00bb<\/span><\/a><\/p>\n","protected":false},"author":7776,"featured_media":0,"parent":0,"menu_order":0,"comment_status":"closed","ping_status":"closed","template":"","meta":{"ngg_post_thumbnail":0,"footnotes":""},"aioseo_notices":[],"_links":{"self":[{"href":"https:\/\/blogsaverroes.juntadeandalucia.es\/moveyourworld\/wp-json\/wp\/v2\/pages\/819"}],"collection":[{"href":"https:\/\/blogsaverroes.juntadeandalucia.es\/moveyourworld\/wp-json\/wp\/v2\/pages"}],"about":[{"href":"https:\/\/blogsaverroes.juntadeandalucia.es\/moveyourworld\/wp-json\/wp\/v2\/types\/page"}],"author":[{"embeddable":true,"href":"https:\/\/blogsaverroes.juntadeandalucia.es\/moveyourworld\/wp-json\/wp\/v2\/users\/7776"}],"replies":[{"embeddable":true,"href":"https:\/\/blogsaverroes.juntadeandalucia.es\/moveyourworld\/wp-json\/wp\/v2\/comments?post=819"}],"version-history":[{"count":9,"href":"https:\/\/blogsaverroes.juntadeandalucia.es\/moveyourworld\/wp-json\/wp\/v2\/pages\/819\/revisions"}],"predecessor-version":[{"id":830,"href":"https:\/\/blogsaverroes.juntadeandalucia.es\/moveyourworld\/wp-json\/wp\/v2\/pages\/819\/revisions\/830"}],"wp:attachment":[{"href":"https:\/\/blogsaverroes.juntadeandalucia.es\/moveyourworld\/wp-json\/wp\/v2\/media?parent=819"}],"curies":[{"name":"wp","href":"https:\/\/api.w.org\/{rel}","templated":true}]}}