{"id":132,"date":"2017-12-03T00:20:19","date_gmt":"2017-12-03T00:20:19","guid":{"rendered":"https:\/\/blogsaverroes.juntadeandalucia.es\/multimedia\/?page_id=132"},"modified":"2017-12-03T00:43:54","modified_gmt":"2017-12-03T00:43:54","slug":"tac","status":"publish","type":"page","link":"https:\/\/blogsaverroes.juntadeandalucia.es\/multimedia\/tac\/","title":{"rendered":"TAC"},"content":{"rendered":"<div class=\"pt-cv-wrapper\"><div class=\"pt-cv-view pt-cv-grid pt-cv-colsys\" id=\"pt-cv-view-9c1319e7hr\"><div data-id=\"pt-cv-page-1\" class=\"pt-cv-page\" data-cvc=\"3\"><div class=\"col-md-4 col-sm-6 col-xs-12 pt-cv-content-item pt-cv-1-col\" ><div class='pt-cv-ifield'><a href=\"https:\/\/blogsaverroes.juntadeandalucia.es\/multimedia\/2020\/06\/06\/de-carbula-a-almodovar-manuel-marin-moreno\/\" class=\"_self pt-cv-href-thumbnail pt-cv-thumb-default\" target=\"_self\" ><img loading=\"lazy\" decoding=\"async\" width=\"268\" height=\"268\" src=\"https:\/\/blogsaverroes.juntadeandalucia.es\/multimedia\/files\/2020\/06\/Marin-268x268.png\" class=\"pt-cv-thumbnail\" alt=\"\" srcset=\"https:\/\/blogsaverroes.juntadeandalucia.es\/multimedia\/files\/2020\/06\/Marin-268x268.png 268w, https:\/\/blogsaverroes.juntadeandalucia.es\/multimedia\/files\/2020\/06\/Marin-150x150.png 150w, https:\/\/blogsaverroes.juntadeandalucia.es\/multimedia\/files\/2020\/06\/Marin-100x100.png 100w, https:\/\/blogsaverroes.juntadeandalucia.es\/multimedia\/files\/2020\/06\/Marin-432x432.png 432w, https:\/\/blogsaverroes.juntadeandalucia.es\/multimedia\/files\/2020\/06\/Marin-24x24.png 24w\" sizes=\"(max-width: 268px) 100vw, 268px\" \/><\/a>\n<h4 class=\"pt-cv-title\"><a href=\"https:\/\/blogsaverroes.juntadeandalucia.es\/multimedia\/2020\/06\/06\/de-carbula-a-almodovar-manuel-marin-moreno\/\" class=\"_self\" target=\"_self\" >De C\u00e1rbula a Almod\u00f3var. Manuel Mar\u00edn Moreno<\/a><\/h4>\n<div class=\"pt-cv-meta-fields\"><span class=\"terms\"> <a href='https:\/\/blogsaverroes.juntadeandalucia.es\/multimedia\/category\/ambito-civico-social\/' title='\u00c1mbito c\u00edvico social' class='pt-cv-tax-ambito-civico-social'>\u00c1mbito c\u00edvico social<\/a>, <a href='https:\/\/blogsaverroes.juntadeandalucia.es\/multimedia\/category\/tac\/' title='TAC' class='pt-cv-tax-tac'>TAC<\/a>, <a href='https:\/\/blogsaverroes.juntadeandalucia.es\/multimedia\/tag\/xii-jornadas-de-ccss\/' title='XII Jornadas de CCSS' class='pt-cv-tax-xii-jornadas-de-ccss'>XII Jornadas de CCSS<\/a><\/span><\/div><\/div><\/div>\n<div class=\"col-md-4 col-sm-6 col-xs-12 pt-cv-content-item pt-cv-1-col\" ><div class='pt-cv-ifield'><a href=\"https:\/\/blogsaverroes.juntadeandalucia.es\/multimedia\/2020\/06\/06\/julio-romero-de-torres-modo-ra-rv-alvaro-molina-ayuso\/\" class=\"_self pt-cv-href-thumbnail pt-cv-thumb-default\" target=\"_self\" ><img loading=\"lazy\" decoding=\"async\" width=\"268\" height=\"268\" src=\"https:\/\/blogsaverroes.juntadeandalucia.es\/multimedia\/files\/2020\/06\/MOlina-268x268.jpg\" class=\"pt-cv-thumbnail\" alt=\"\" srcset=\"https:\/\/blogsaverroes.juntadeandalucia.es\/multimedia\/files\/2020\/06\/MOlina-268x268.jpg 268w, https:\/\/blogsaverroes.juntadeandalucia.es\/multimedia\/files\/2020\/06\/MOlina-150x150.jpg 150w, https:\/\/blogsaverroes.juntadeandalucia.es\/multimedia\/files\/2020\/06\/MOlina-100x100.jpg 100w, https:\/\/blogsaverroes.juntadeandalucia.es\/multimedia\/files\/2020\/06\/MOlina-432x432.jpg 432w\" sizes=\"(max-width: 268px) 100vw, 268px\" \/><\/a>\n<h4 class=\"pt-cv-title\"><a href=\"https:\/\/blogsaverroes.juntadeandalucia.es\/multimedia\/2020\/06\/06\/julio-romero-de-torres-modo-ra-rv-alvaro-molina-ayuso\/\" class=\"_self\" target=\"_self\" >Julio Romero de Torres, modo RA\/RV. \u00c1lvaro Molina Ayuso<\/a><\/h4>\n<div class=\"pt-cv-meta-fields\"><span class=\"terms\"> <a href='https:\/\/blogsaverroes.juntadeandalucia.es\/multimedia\/category\/ambito-civico-social\/' title='\u00c1mbito c\u00edvico social' class='pt-cv-tax-ambito-civico-social'>\u00c1mbito c\u00edvico social<\/a>, <a href='https:\/\/blogsaverroes.juntadeandalucia.es\/multimedia\/category\/tac\/' title='TAC' class='pt-cv-tax-tac'>TAC<\/a>, <a href='https:\/\/blogsaverroes.juntadeandalucia.es\/multimedia\/tag\/xii-jornadas-de-ccss\/' title='XII Jornadas de CCSS' class='pt-cv-tax-xii-jornadas-de-ccss'>XII Jornadas de CCSS<\/a><\/span><\/div><\/div><\/div>\n<div class=\"col-md-4 col-sm-6 col-xs-12 pt-cv-content-item pt-cv-1-col\" ><div class='pt-cv-ifield'><a href=\"https:\/\/blogsaverroes.juntadeandalucia.es\/multimedia\/2017\/12\/03\/flipped-classroom-la-clase-al-reves\/\" class=\"_self pt-cv-href-thumbnail pt-cv-thumb-default\" target=\"_self\" ><img loading=\"lazy\" decoding=\"async\" width=\"268\" height=\"189\" src=\"https:\/\/blogsaverroes.juntadeandalucia.es\/multimedia\/files\/2017\/11\/microtaller_flipped-300x189-268x189.png\" class=\"pt-cv-thumbnail\" alt=\"\" \/><\/a>\n<h4 class=\"pt-cv-title\"><a href=\"https:\/\/blogsaverroes.juntadeandalucia.es\/multimedia\/2017\/12\/03\/flipped-classroom-la-clase-al-reves\/\" class=\"_self\" target=\"_self\" >FLIPPED CLASSROOM: LA CLASE AL REV\u00c9S<\/a><\/h4>\n<div class=\"pt-cv-meta-fields\"><span class=\"terms\"> <a href='https:\/\/blogsaverroes.juntadeandalucia.es\/multimedia\/tag\/microtallerestac\/' title='MicrotalleresTAC' class='pt-cv-tax-microtallerestac'>MicrotalleresTAC<\/a>, <a href='https:\/\/blogsaverroes.juntadeandalucia.es\/multimedia\/category\/tac\/' title='TAC' class='pt-cv-tax-tac'>TAC<\/a><\/span><\/div><\/div><\/div><\/div><\/div><\/div>\n","protected":false},"excerpt":{"rendered":"","protected":false},"author":1432,"featured_media":0,"parent":0,"menu_order":0,"comment_status":"closed","ping_status":"closed","template":"","meta":{"ngg_post_thumbnail":0,"footnotes":""},"aioseo_notices":[],"_links":{"self":[{"href":"https:\/\/blogsaverroes.juntadeandalucia.es\/multimedia\/wp-json\/wp\/v2\/pages\/132"}],"collection":[{"href":"https:\/\/blogsaverroes.juntadeandalucia.es\/multimedia\/wp-json\/wp\/v2\/pages"}],"about":[{"href":"https:\/\/blogsaverroes.juntadeandalucia.es\/multimedia\/wp-json\/wp\/v2\/types\/page"}],"author":[{"embeddable":true,"href":"https:\/\/blogsaverroes.juntadeandalucia.es\/multimedia\/wp-json\/wp\/v2\/users\/1432"}],"replies":[{"embeddable":true,"href":"https:\/\/blogsaverroes.juntadeandalucia.es\/multimedia\/wp-json\/wp\/v2\/comments?post=132"}],"version-history":[{"count":2,"href":"https:\/\/blogsaverroes.juntadeandalucia.es\/multimedia\/wp-json\/wp\/v2\/pages\/132\/revisions"}],"predecessor-version":[{"id":149,"href":"https:\/\/blogsaverroes.juntadeandalucia.es\/multimedia\/wp-json\/wp\/v2\/pages\/132\/revisions\/149"}],"wp:attachment":[{"href":"https:\/\/blogsaverroes.juntadeandalucia.es\/multimedia\/wp-json\/wp\/v2\/media?parent=132"}],"curies":[{"name":"wp","href":"https:\/\/api.w.org\/{rel}","templated":true}]}}