{"id":64,"date":"2022-03-18T07:49:11","date_gmt":"2022-03-18T07:49:11","guid":{"rendered":"https:\/\/blogsaverroes.juntadeandalucia.es\/museoantoniocabral\/?page_id=64"},"modified":"2022-04-06T06:11:09","modified_gmt":"2022-04-06T06:11:09","slug":"escarda","status":"publish","type":"page","link":"https:\/\/blogsaverroes.juntadeandalucia.es\/museoantoniocabral\/escarda\/","title":{"rendered":"Escarda"},"content":{"rendered":"<!--themify_builder_content-->\n<div id=\"themify_builder_content-64\" data-postid=\"64\" class=\"themify_builder_content themify_builder_content-64 themify_builder tf_clear\">\n                    <div  data-lazy=\"1\" class=\"module_row themify_builder_row tb_jcgn729 tb_first tf_w\">\n                        <div class=\"row_inner col_align_top tb_col_count_1 tf_box tf_rel\">\n                        <div  data-lazy=\"1\" class=\"module_column tb-column col-full tb_n3j8731 first\">\n                    <!-- module post -->\n<div  class=\"module module-post tb_ci67749 \">\n    <div  class=\"builder-posts-wrap loops-wrapper grid4 masonry classic tf_rel tf_clear tf_clearfix\" data-lazy=\"1\">\n    <article id=\"post-170\" class=\"post tf_clearfix post-170 type-post status-publish format-standard has-post-thumbnail hentry category-escarda has-post-title no-post-date has-post-category has-post-tag has-post-comment has-post-author \">\n\t    \n\t                <figure class=\"post-image tf_clearfix\">\n                                                            <a href=\"https:\/\/blogsaverroes.juntadeandalucia.es\/museoantoniocabral\/almocafreyescardillos\/\">\n                                        <img loading=\"lazy\" decoding=\"async\" width=\"1794\" height=\"1080\" src=\"https:\/\/blogsaverroes.juntadeandalucia.es\/museoantoniocabral\/files\/2022\/03\/ESCARDILLOS-Y-ALMOCAFRE.png\" class=\"wp-post-image wp-image-128\" title=\"ESCARDILLOS Y ALMOCAFRE\" alt=\"ESCARDILLOS Y ALMOCAFRE\" srcset=\"https:\/\/blogsaverroes.juntadeandalucia.es\/museoantoniocabral\/files\/2022\/03\/ESCARDILLOS-Y-ALMOCAFRE.png 1794w, https:\/\/blogsaverroes.juntadeandalucia.es\/museoantoniocabral\/files\/2022\/03\/ESCARDILLOS-Y-ALMOCAFRE-300x181.png 300w, https:\/\/blogsaverroes.juntadeandalucia.es\/museoantoniocabral\/files\/2022\/03\/ESCARDILLOS-Y-ALMOCAFRE-1024x616.png 1024w, https:\/\/blogsaverroes.juntadeandalucia.es\/museoantoniocabral\/files\/2022\/03\/ESCARDILLOS-Y-ALMOCAFRE-768x462.png 768w, https:\/\/blogsaverroes.juntadeandalucia.es\/museoantoniocabral\/files\/2022\/03\/ESCARDILLOS-Y-ALMOCAFRE-1536x925.png 1536w\" sizes=\"(max-width: 1794px) 100vw, 1794px\" \/>                                                                    <\/a>\n                                                                <\/figure>\n                    \t<div class=\"post-content\">\n\t\t<div class=\"post-content-inner\">\n\n\t\t\t\n\t\t\t<h2 class=\"post-title entry-title\"><a href=\"https:\/\/blogsaverroes.juntadeandalucia.es\/museoantoniocabral\/almocafreyescardillos\/\">Almocafre y escardillos<\/a><\/h2>\n\t\t\t\n\t\t\t\n\t\t\t        <div class=\"entry-content\">\n\n        \n            <p>Cuando el cereal crece, y se corre peligro de da\u00f1arlo con aperos mayores como las gradas y arados, se utilizan la escarda manual con escardillos y almocafres.<\/p>\n\n                \n            \n        <\/div><!-- \/.entry-content -->\n        \n\t\t<\/div>\n\t\t<!-- \/.post-content-inner -->\n\t<\/div>\n\t<!-- \/.post-content -->\n\t\n<\/article>\n<!-- \/.post -->\n<article id=\"post-173\" class=\"post tf_clearfix post-173 type-post status-publish format-standard has-post-thumbnail hentry category-escarda has-post-title no-post-date has-post-category has-post-tag has-post-comment has-post-author \">\n\t    \n\t                <figure class=\"post-image tf_clearfix\">\n                                                            <a href=\"https:\/\/blogsaverroes.juntadeandalucia.es\/museoantoniocabral\/azadas-de-escarda\/\">\n                                        <img loading=\"lazy\" decoding=\"async\" width=\"2221\" height=\"990\" src=\"https:\/\/blogsaverroes.juntadeandalucia.es\/museoantoniocabral\/files\/2022\/03\/AZADAS-DE-ESCARDA.png\" class=\"wp-post-image wp-image-125\" title=\"AZADAS DE ESCARDA\" alt=\"AZADAS DE ESCARDA\" srcset=\"https:\/\/blogsaverroes.juntadeandalucia.es\/museoantoniocabral\/files\/2022\/03\/AZADAS-DE-ESCARDA.png 2221w, https:\/\/blogsaverroes.juntadeandalucia.es\/museoantoniocabral\/files\/2022\/03\/AZADAS-DE-ESCARDA-300x134.png 300w, https:\/\/blogsaverroes.juntadeandalucia.es\/museoantoniocabral\/files\/2022\/03\/AZADAS-DE-ESCARDA-1024x456.png 1024w, https:\/\/blogsaverroes.juntadeandalucia.es\/museoantoniocabral\/files\/2022\/03\/AZADAS-DE-ESCARDA-768x342.png 768w, https:\/\/blogsaverroes.juntadeandalucia.es\/museoantoniocabral\/files\/2022\/03\/AZADAS-DE-ESCARDA-1536x685.png 1536w, https:\/\/blogsaverroes.juntadeandalucia.es\/museoantoniocabral\/files\/2022\/03\/AZADAS-DE-ESCARDA-2048x913.png 2048w\" sizes=\"(max-width: 2221px) 100vw, 2221px\" \/>                                                                    <\/a>\n                                                                <\/figure>\n                    \t<div class=\"post-content\">\n\t\t<div class=\"post-content-inner\">\n\n\t\t\t\n\t\t\t<h2 class=\"post-title entry-title\"><a href=\"https:\/\/blogsaverroes.juntadeandalucia.es\/museoantoniocabral\/azadas-de-escarda\/\">Azadas de escarda<\/a><\/h2>\n\t\t\t\n\t\t\t\n\t\t\t        <div class=\"entry-content\">\n\n        \n            <p>Son m\u00e1s peque\u00f1as y precisas que las m\u00e1s grandes usadas para cortar y mover tierra.<\/p>\n\n                \n            \n        <\/div><!-- \/.entry-content -->\n        \n\t\t<\/div>\n\t\t<!-- \/.post-content-inner -->\n\t<\/div>\n\t<!-- \/.post-content -->\n\t\n<\/article>\n<!-- \/.post -->\n<article id=\"post-168\" class=\"post tf_clearfix post-168 type-post status-publish format-standard has-post-thumbnail hentry category-escarda has-post-title no-post-date has-post-category has-post-tag has-post-comment has-post-author \">\n\t    \n\t                <figure class=\"post-image tf_clearfix\">\n                                                            <a href=\"https:\/\/blogsaverroes.juntadeandalucia.es\/museoantoniocabral\/escarificador\/\">\n                                        <img loading=\"lazy\" decoding=\"async\" width=\"3162\" height=\"2805\" src=\"https:\/\/blogsaverroes.juntadeandalucia.es\/museoantoniocabral\/files\/2022\/03\/ESCARIFICADOR.png\" class=\"wp-post-image wp-image-129\" title=\"ESCARIFICADOR\" alt=\"ESCARIFICADOR\" srcset=\"https:\/\/blogsaverroes.juntadeandalucia.es\/museoantoniocabral\/files\/2022\/03\/ESCARIFICADOR.png 3162w, https:\/\/blogsaverroes.juntadeandalucia.es\/museoantoniocabral\/files\/2022\/03\/ESCARIFICADOR-300x266.png 300w, https:\/\/blogsaverroes.juntadeandalucia.es\/museoantoniocabral\/files\/2022\/03\/ESCARIFICADOR-1024x908.png 1024w, https:\/\/blogsaverroes.juntadeandalucia.es\/museoantoniocabral\/files\/2022\/03\/ESCARIFICADOR-768x681.png 768w, https:\/\/blogsaverroes.juntadeandalucia.es\/museoantoniocabral\/files\/2022\/03\/ESCARIFICADOR-1536x1363.png 1536w, https:\/\/blogsaverroes.juntadeandalucia.es\/museoantoniocabral\/files\/2022\/03\/ESCARIFICADOR-2048x1817.png 2048w\" sizes=\"(max-width: 3162px) 100vw, 3162px\" \/>                                                                    <\/a>\n                                                                <\/figure>\n                    \t<div class=\"post-content\">\n\t\t<div class=\"post-content-inner\">\n\n\t\t\t\n\t\t\t<h2 class=\"post-title entry-title\"><a href=\"https:\/\/blogsaverroes.juntadeandalucia.es\/museoantoniocabral\/escarificador\/\">Escarificador<\/a><\/h2>\n\t\t\t\n\t\t\t\n\t\t\t        <div class=\"entry-content\">\n\n        \n            <p>En los cultivos permanentes como la vid y el olivo, &nbsp;si la separaci\u00f3n entre plantas lo permite, la escarda se puede realizar con peque\u00f1os arados o escarificadores.<\/p>\n\n                \n            \n        <\/div><!-- \/.entry-content -->\n        \n\t\t<\/div>\n\t\t<!-- \/.post-content-inner -->\n\t<\/div>\n\t<!-- \/.post-content -->\n\t\n<\/article>\n<!-- \/.post -->\n<article id=\"post-166\" class=\"post tf_clearfix post-166 type-post status-publish format-standard has-post-thumbnail hentry category-escarda has-post-title no-post-date has-post-category has-post-tag has-post-comment has-post-author \">\n\t    \n\t                <figure class=\"post-image tf_clearfix\">\n                                                            <a href=\"https:\/\/blogsaverroes.juntadeandalucia.es\/museoantoniocabral\/garfio\/\">\n                                        <img loading=\"lazy\" decoding=\"async\" width=\"3235\" height=\"1024\" src=\"https:\/\/blogsaverroes.juntadeandalucia.es\/museoantoniocabral\/files\/2022\/03\/GARFIOS.png\" class=\"wp-post-image wp-image-130\" title=\"GARFIOS\" alt=\"GARFIOS\" srcset=\"https:\/\/blogsaverroes.juntadeandalucia.es\/museoantoniocabral\/files\/2022\/03\/GARFIOS.png 3235w, https:\/\/blogsaverroes.juntadeandalucia.es\/museoantoniocabral\/files\/2022\/03\/GARFIOS-300x95.png 300w, https:\/\/blogsaverroes.juntadeandalucia.es\/museoantoniocabral\/files\/2022\/03\/GARFIOS-1024x324.png 1024w, https:\/\/blogsaverroes.juntadeandalucia.es\/museoantoniocabral\/files\/2022\/03\/GARFIOS-768x243.png 768w, https:\/\/blogsaverroes.juntadeandalucia.es\/museoantoniocabral\/files\/2022\/03\/GARFIOS-1536x486.png 1536w, https:\/\/blogsaverroes.juntadeandalucia.es\/museoantoniocabral\/files\/2022\/03\/GARFIOS-2048x648.png 2048w\" sizes=\"(max-width: 3235px) 100vw, 3235px\" \/>                                                                    <\/a>\n                                                                <\/figure>\n                    \t<div class=\"post-content\">\n\t\t<div class=\"post-content-inner\">\n\n\t\t\t\n\t\t\t<h2 class=\"post-title entry-title\"><a href=\"https:\/\/blogsaverroes.juntadeandalucia.es\/museoantoniocabral\/garfio\/\">Garfio<\/a><\/h2>\n\t\t\t\n\t\t\t\n\t\t\t        <div class=\"entry-content\">\n\n        \n            <p>Tambi\u00e9n es otra herramienta que se usa para arrancar los cardos y otras malas hierbas que crecen junto al cultivo.<\/p>\n\n                \n            \n        <\/div><!-- \/.entry-content -->\n        \n\t\t<\/div>\n\t\t<!-- \/.post-content-inner -->\n\t<\/div>\n\t<!-- \/.post-content -->\n\t\n<\/article>\n<!-- \/.post -->\n<article id=\"post-164\" class=\"post tf_clearfix post-164 type-post status-publish format-standard has-post-thumbnail hentry category-escarda category-siega has-post-title no-post-date has-post-category has-post-tag has-post-comment has-post-author \">\n\t    \n\t                <figure class=\"post-image tf_clearfix\">\n                                                            <a href=\"https:\/\/youtu.be\/ZCdHTvWWsAw\" class=\"themify_lightbox\">\n                                        <img loading=\"lazy\" decoding=\"async\" width=\"2831\" height=\"1272\" src=\"https:\/\/blogsaverroes.juntadeandalucia.es\/museoantoniocabral\/files\/2022\/04\/GUADA\u00d1A.png\" class=\"wp-post-image wp-image-196\" title=\"GUADA\u00d1A\" alt=\"GUADA\u00d1A\" srcset=\"https:\/\/blogsaverroes.juntadeandalucia.es\/museoantoniocabral\/files\/2022\/04\/GUADA\u00d1A.png 2831w, https:\/\/blogsaverroes.juntadeandalucia.es\/museoantoniocabral\/files\/2022\/04\/GUADA\u00d1A-300x135.png 300w, https:\/\/blogsaverroes.juntadeandalucia.es\/museoantoniocabral\/files\/2022\/04\/GUADA\u00d1A-1024x460.png 1024w, https:\/\/blogsaverroes.juntadeandalucia.es\/museoantoniocabral\/files\/2022\/04\/GUADA\u00d1A-768x345.png 768w, https:\/\/blogsaverroes.juntadeandalucia.es\/museoantoniocabral\/files\/2022\/04\/GUADA\u00d1A-1536x690.png 1536w, https:\/\/blogsaverroes.juntadeandalucia.es\/museoantoniocabral\/files\/2022\/04\/GUADA\u00d1A-2048x920.png 2048w\" sizes=\"(max-width: 2831px) 100vw, 2831px\" \/>                                                                                                                            <\/a>\n                                                                <\/figure>\n                    \t<div class=\"post-content\">\n\t\t<div class=\"post-content-inner\">\n\n\t\t\t\n\t\t\t<h2 class=\"post-title entry-title\"><a href=\"https:\/\/youtu.be\/ZCdHTvWWsAw\" class=\"themify_lightbox\" >Guada\u00f1a<\/a><\/h2>\n\t\t\t\n\t\t\t\n\t\t\t        <div class=\"entry-content\">\n\n        \n            <p>Se utiliza principalmente para corte de maleza y para segar hierba a ras de tierra.<\/p>\n\n                \n            \n        <\/div><!-- \/.entry-content -->\n        \n\t\t<\/div>\n\t\t<!-- \/.post-content-inner -->\n\t<\/div>\n\t<!-- \/.post-content -->\n\t\n<\/article>\n<!-- \/.post -->\n<article id=\"post-162\" class=\"post tf_clearfix post-162 type-post status-publish format-standard has-post-thumbnail hentry category-escarda has-post-title no-post-date has-post-category has-post-tag has-post-comment has-post-author \">\n\t    \n\t                <figure class=\"post-image tf_clearfix\">\n                                                            <a href=\"https:\/\/blogsaverroes.juntadeandalucia.es\/museoantoniocabral\/raedera-o-aguijada\/\">\n                                        <img loading=\"lazy\" decoding=\"async\" width=\"3317\" height=\"666\" src=\"https:\/\/blogsaverroes.juntadeandalucia.es\/museoantoniocabral\/files\/2022\/03\/RAEDERA-O-AGUIJADA.png\" class=\"wp-post-image wp-image-133\" title=\"RAEDERA O AGUIJADA\" alt=\"RAEDERA O AGUIJADA\" srcset=\"https:\/\/blogsaverroes.juntadeandalucia.es\/museoantoniocabral\/files\/2022\/03\/RAEDERA-O-AGUIJADA.png 3317w, https:\/\/blogsaverroes.juntadeandalucia.es\/museoantoniocabral\/files\/2022\/03\/RAEDERA-O-AGUIJADA-300x60.png 300w, https:\/\/blogsaverroes.juntadeandalucia.es\/museoantoniocabral\/files\/2022\/03\/RAEDERA-O-AGUIJADA-1024x206.png 1024w, https:\/\/blogsaverroes.juntadeandalucia.es\/museoantoniocabral\/files\/2022\/03\/RAEDERA-O-AGUIJADA-768x154.png 768w, https:\/\/blogsaverroes.juntadeandalucia.es\/museoantoniocabral\/files\/2022\/03\/RAEDERA-O-AGUIJADA-1536x308.png 1536w, https:\/\/blogsaverroes.juntadeandalucia.es\/museoantoniocabral\/files\/2022\/03\/RAEDERA-O-AGUIJADA-2048x411.png 2048w\" sizes=\"(max-width: 3317px) 100vw, 3317px\" \/>                                                                    <\/a>\n                                                                <\/figure>\n                    \t<div class=\"post-content\">\n\t\t<div class=\"post-content-inner\">\n\n\t\t\t\n\t\t\t<h2 class=\"post-title entry-title\"><a href=\"https:\/\/blogsaverroes.juntadeandalucia.es\/museoantoniocabral\/raedera-o-aguijada\/\">Raedera o aguijada<\/a><\/h2>\n\t\t\t\n\t\t\t\n\t\t\t        <div class=\"entry-content\">\n\n        \n            <p>Lo mismo se puede usar para escardar, que para azuzar a los bueyes o limpiar el arado.<\/p>\n\n                \n            \n        <\/div><!-- \/.entry-content -->\n        \n\t\t<\/div>\n\t\t<!-- \/.post-content-inner -->\n\t<\/div>\n\t<!-- \/.post-content -->\n\t\n<\/article>\n<!-- \/.post -->\n<article id=\"post-159\" class=\"post tf_clearfix post-159 type-post status-publish format-standard has-post-thumbnail hentry category-escarda has-post-title no-post-date has-post-category has-post-tag has-post-comment has-post-author \">\n\t    \n\t                <figure class=\"post-image tf_clearfix\">\n                                                            <a href=\"https:\/\/blogsaverroes.juntadeandalucia.es\/museoantoniocabral\/rastrillo\/\">\n                                        <img loading=\"lazy\" decoding=\"async\" width=\"1495\" height=\"1050\" src=\"https:\/\/blogsaverroes.juntadeandalucia.es\/museoantoniocabral\/files\/2022\/03\/RASTRILLOS.png\" class=\"wp-post-image wp-image-134\" title=\"RASTRILLOS\" alt=\"RASTRILLOS\" srcset=\"https:\/\/blogsaverroes.juntadeandalucia.es\/museoantoniocabral\/files\/2022\/03\/RASTRILLOS.png 1495w, https:\/\/blogsaverroes.juntadeandalucia.es\/museoantoniocabral\/files\/2022\/03\/RASTRILLOS-300x211.png 300w, https:\/\/blogsaverroes.juntadeandalucia.es\/museoantoniocabral\/files\/2022\/03\/RASTRILLOS-1024x719.png 1024w, https:\/\/blogsaverroes.juntadeandalucia.es\/museoantoniocabral\/files\/2022\/03\/RASTRILLOS-768x539.png 768w\" sizes=\"(max-width: 1495px) 100vw, 1495px\" \/>                                                                    <\/a>\n                                                                <\/figure>\n                    \t<div class=\"post-content\">\n\t\t<div class=\"post-content-inner\">\n\n\t\t\t\n\t\t\t<h2 class=\"post-title entry-title\"><a href=\"https:\/\/blogsaverroes.juntadeandalucia.es\/museoantoniocabral\/rastrillo\/\">Rastrillo<\/a><\/h2>\n\t\t\t\n\t\t\t\n\t\t\t        <div class=\"entry-content\">\n\n        \n            <p>Se utiliza para entresacar algunas plantas &nbsp;sembradas, para evitar que crezcan demasiado juntas o en mayor n\u00famero de lo que la tierra pueda alimentar.<\/p>\n\n                \n            \n        <\/div><!-- \/.entry-content -->\n        \n\t\t<\/div>\n\t\t<!-- \/.post-content-inner -->\n\t<\/div>\n\t<!-- \/.post-content -->\n\t\n<\/article>\n<!-- \/.post -->\n    <\/div><!-- .builder-posts-wrap -->\n            <\/div>\n<!-- \/module post -->\n            <\/div>\n                        <\/div>\n        <\/div>\n        <\/div>\n<!--\/themify_builder_content-->\n","protected":false},"excerpt":{"rendered":"","protected":false},"author":12290,"featured_media":0,"parent":0,"menu_order":0,"comment_status":"closed","ping_status":"closed","template":"","meta":{"ngg_post_thumbnail":0,"footnotes":""},"aioseo_notices":[],"_links":{"self":[{"href":"https:\/\/blogsaverroes.juntadeandalucia.es\/museoantoniocabral\/wp-json\/wp\/v2\/pages\/64"}],"collection":[{"href":"https:\/\/blogsaverroes.juntadeandalucia.es\/museoantoniocabral\/wp-json\/wp\/v2\/pages"}],"about":[{"href":"https:\/\/blogsaverroes.juntadeandalucia.es\/museoantoniocabral\/wp-json\/wp\/v2\/types\/page"}],"author":[{"embeddable":true,"href":"https:\/\/blogsaverroes.juntadeandalucia.es\/museoantoniocabral\/wp-json\/wp\/v2\/users\/12290"}],"replies":[{"embeddable":true,"href":"https:\/\/blogsaverroes.juntadeandalucia.es\/museoantoniocabral\/wp-json\/wp\/v2\/comments?post=64"}],"version-history":[{"count":5,"href":"https:\/\/blogsaverroes.juntadeandalucia.es\/museoantoniocabral\/wp-json\/wp\/v2\/pages\/64\/revisions"}],"predecessor-version":[{"id":200,"href":"https:\/\/blogsaverroes.juntadeandalucia.es\/museoantoniocabral\/wp-json\/wp\/v2\/pages\/64\/revisions\/200"}],"wp:attachment":[{"href":"https:\/\/blogsaverroes.juntadeandalucia.es\/museoantoniocabral\/wp-json\/wp\/v2\/media?parent=64"}],"curies":[{"name":"wp","href":"https:\/\/api.w.org\/{rel}","templated":true}]}}