{"id":87,"date":"2022-03-18T07:52:54","date_gmt":"2022-03-18T07:52:54","guid":{"rendered":"https:\/\/blogsaverroes.juntadeandalucia.es\/museoantoniocabral\/?page_id=87"},"modified":"2022-06-22T09:17:20","modified_gmt":"2022-06-22T09:17:20","slug":"biografia","status":"publish","type":"page","link":"https:\/\/blogsaverroes.juntadeandalucia.es\/museoantoniocabral\/biografia\/","title":{"rendered":"Antonio Cabral Chamorro"},"content":{"rendered":"<h3 style=\"text-align: justify\">Biograf\u00eda<\/h3>\n<p style=\"text-align: justify\"><img loading=\"lazy\" decoding=\"async\" class=\"wp-image-111 alignright\" src=\"https:\/\/blogsaverroes.juntadeandalucia.es\/museoantoniocabral\/files\/2022\/03\/Antonio-Cabral-foto2-300x213.jpg\" alt=\"\" width=\"500\" height=\"355\" srcset=\"https:\/\/blogsaverroes.juntadeandalucia.es\/museoantoniocabral\/files\/2022\/03\/Antonio-Cabral-foto2-300x213.jpg 300w, https:\/\/blogsaverroes.juntadeandalucia.es\/museoantoniocabral\/files\/2022\/03\/Antonio-Cabral-foto2-768x546.jpg 768w, https:\/\/blogsaverroes.juntadeandalucia.es\/museoantoniocabral\/files\/2022\/03\/Antonio-Cabral-foto2.jpg 833w\" sizes=\"(max-width: 500px) 100vw, 500px\" \/>Licenciado en Geograf\u00eda e Historia por la Universidad de C\u00e1diz (1981) y Doctor en Historia (1995), el profesor Antonio Cabral imparti\u00f3 clases en el IES Santa Isabel de Hungr\u00eda, donde cre\u00f3, en 1994, un Museo dedicado a la Tecnolog\u00eda Agraria.<\/p>\n<p style=\"text-align: justify\">Fue un incansable, entusiasta y f\u00e9rtil investigador de la historia econ\u00f3mica y social de la provincia de C\u00e1diz y de Andaluc\u00eda en su conjunto en la Edad Contempor\u00e1nea.<\/p>\n<p style=\"text-align: justify\">Falleci\u00f3 en 1997. A su muerte sus familiares donaron su legado al Archivo Municipal de Jerez.<\/p>\n<p style=\"text-align: justify\">En 1998 el Centro de Estudios y Documentaci\u00f3n public\u00f3 Panfletos y materiales: homenaje a Antonio Cabral Chamorro, historiador (1953-1997), coordinado por Manuel Aguilar Villagr\u00e1n; y en 2009 el Centro de Estudios Hist\u00f3ricos Jerezanos, al que pertenec\u00eda, le dedic\u00f3 el N.\u00ba 14\/15 de la Revista de Historia de Jerez, pasados ya 10 a\u00f1os desde su fallecimiento.<\/p>\n<p>&nbsp;<\/p>\n<h3>Bibliograf\u00eda<\/h3>\n<p style=\"text-align: justify\">Entre sus publicaciones est\u00e1n:&nbsp;<\/p>\n<ul style=\"list-style-type: disc;text-align: justify\">\n<li>La C\u00e1mara de Comercio en la crisis y reconversi\u00f3n de la econom\u00eda&nbsp;jerezana: 1886-1900&nbsp;(C\u00e1mara de Comercio e Industria de Jerez y Editoriales Jerezanas Unidas, Jerez,&nbsp;1986).<\/li>\n<li>Socialismo ut\u00f3pico y revoluci\u00f3n burguesa: el Fourierismo gaditano, 1834-1848&nbsp;(Diputaci\u00f3n Provincial, C\u00e1diz, 1990).<\/li>\n<li>Agronom\u00eda, agr\u00f3nomos y fomento de la Agricultura en C\u00e1diz, 1750-1855&nbsp;(Universidad de C\u00e1diz-Consejo Regulador, C\u00e1diz, 1995).<\/li>\n<li>Propiedad comunal y repartos de tierras en&nbsp;C\u00e1diz, siglos XV-XIX&nbsp;(Universidad de C\u00e1diz, Diputaci\u00f3n de C\u00e1diz y Consejo Regulador del Jerez, C\u00e1diz,&nbsp;1995).<\/li>\n<li>Renovaci\u00f3n tecnol\u00f3gica y mecanizaci\u00f3n de la agricultura en C\u00e1diz, 1850-1932&nbsp;(Universdad de&nbsp;C\u00e1diz y Diputaci\u00f3n de C\u00e1diz, C\u00e1diz, 2000, edici\u00f3n p\u00f3stuma).<\/li>\n<\/ul>\n<p style=\"text-align: justify\">Entre sus principales art\u00edculos, se pueden citar:&nbsp;<\/p>\n<ul>\n<li style=\"text-align: justify\">\u00abObservaciones sobre la regulaci\u00f3n y ordenaci\u00f3n del&nbsp;mercado del vino de Jerez de la Frontera, 1850-1935: Los antecedentes del Consejo Regulador de&nbsp;Denominaci\u00f3n de origen Jerez-Xeres-Sherry\u00bb (en la&nbsp;Revista Agricultura y Sociedad&nbsp;N.\u00ba 44, Madrid, 1987).<\/li>\n<li style=\"text-align: justify\">\u00abLas ga\u00f1an\u00edas&nbsp;de la campi\u00f1a gaditana 1900-1930\u00bb (junto a Juan Cabral Bustillo, en&nbsp;Historia Social&nbsp;N.\u00ba 9, Valencia,&nbsp;1991).<\/li>\n<\/ul>\n<!--themify_builder_content-->\n<div id=\"themify_builder_content-87\" data-postid=\"87\" class=\"themify_builder_content themify_builder_content-87 themify_builder tf_clear\">\n    <\/div>\n<!--\/themify_builder_content-->\n","protected":false},"excerpt":{"rendered":"<p>Biograf\u00eda Licenciado en Geograf\u00eda e Historia por la Universidad de C\u00e1diz (1981) y Doctor en Historia (1995), el profesor Antonio Cabral imparti\u00f3 clases en el IES Santa Isabel de Hungr\u00eda, donde cre\u00f3, en 1994, un Museo dedicado a la Tecnolog\u00eda Agraria. Fue un incansable, entusiasta y f\u00e9rtil investigador de la historia econ\u00f3mica y social de [&hellip;]<\/p>\n","protected":false},"author":12290,"featured_media":0,"parent":0,"menu_order":0,"comment_status":"closed","ping_status":"closed","template":"","meta":{"ngg_post_thumbnail":0,"footnotes":""},"aioseo_notices":[],"_links":{"self":[{"href":"https:\/\/blogsaverroes.juntadeandalucia.es\/museoantoniocabral\/wp-json\/wp\/v2\/pages\/87"}],"collection":[{"href":"https:\/\/blogsaverroes.juntadeandalucia.es\/museoantoniocabral\/wp-json\/wp\/v2\/pages"}],"about":[{"href":"https:\/\/blogsaverroes.juntadeandalucia.es\/museoantoniocabral\/wp-json\/wp\/v2\/types\/page"}],"author":[{"embeddable":true,"href":"https:\/\/blogsaverroes.juntadeandalucia.es\/museoantoniocabral\/wp-json\/wp\/v2\/users\/12290"}],"replies":[{"embeddable":true,"href":"https:\/\/blogsaverroes.juntadeandalucia.es\/museoantoniocabral\/wp-json\/wp\/v2\/comments?post=87"}],"version-history":[{"count":24,"href":"https:\/\/blogsaverroes.juntadeandalucia.es\/museoantoniocabral\/wp-json\/wp\/v2\/pages\/87\/revisions"}],"predecessor-version":[{"id":331,"href":"https:\/\/blogsaverroes.juntadeandalucia.es\/museoantoniocabral\/wp-json\/wp\/v2\/pages\/87\/revisions\/331"}],"wp:attachment":[{"href":"https:\/\/blogsaverroes.juntadeandalucia.es\/museoantoniocabral\/wp-json\/wp\/v2\/media?parent=87"}],"curies":[{"name":"wp","href":"https:\/\/api.w.org\/{rel}","templated":true}]}}