{"id":44,"date":"2019-12-01T22:40:51","date_gmt":"2019-12-01T21:40:51","guid":{"rendered":"https:\/\/blogsaverroes.juntadeandalucia.es\/musicaelcano\/?page_id=44"},"modified":"2022-10-02T14:31:11","modified_gmt":"2022-10-02T12:31:11","slug":"como-contactarme","status":"publish","type":"page","link":"https:\/\/blogsaverroes.juntadeandalucia.es\/musicaelcano\/como-contactarme\/","title":{"rendered":"C\u00d3MO CONTACTARME"},"content":{"rendered":"<p style=\"text-align: center\"><strong>Departamento de M\u00fasica del IES J. S. Elcano<\/strong><\/p>\n<p><strong>Correo electr\u00f3nico:<\/strong> elcano.musica@ieselcano.es<\/p>\n<p><strong>Tel\u00e9fono del centro:<\/strong> 956 386981<\/p>\n<p><strong>Direcci\u00f3n:<\/strong> Plaza Escritor Eduardo Mendicutti, S\/N. 11540 Sanl\u00facar de Barrameda.<\/p>\n<p><strong>Horario de atenci\u00f3n:<\/strong>&nbsp;jueves y viernes de 11:15 a 11:45.<\/p>\n<p><img loading=\"lazy\" decoding=\"async\" class=\"aligncenter size-full wp-image-698\" src=\"https:\/\/blogsaverroes.juntadeandalucia.es\/musicaelcano\/files\/2022\/10\/DP-Music_QR.png\" alt=\"\" width=\"1804\" height=\"1384\" srcset=\"https:\/\/blogsaverroes.juntadeandalucia.es\/musicaelcano\/files\/2022\/10\/DP-Music_QR.png 1804w, https:\/\/blogsaverroes.juntadeandalucia.es\/musicaelcano\/files\/2022\/10\/DP-Music_QR-300x230.png 300w, https:\/\/blogsaverroes.juntadeandalucia.es\/musicaelcano\/files\/2022\/10\/DP-Music_QR-1024x786.png 1024w, https:\/\/blogsaverroes.juntadeandalucia.es\/musicaelcano\/files\/2022\/10\/DP-Music_QR-768x589.png 768w, https:\/\/blogsaverroes.juntadeandalucia.es\/musicaelcano\/files\/2022\/10\/DP-Music_QR-1536x1178.png 1536w\" sizes=\"(max-width: 1804px) 100vw, 1804px\" \/><\/p>\n","protected":false},"excerpt":{"rendered":"<p>Departamento de M\u00fasica del IES J. S. Elcano Correo electr\u00f3nico: elcano.musica@ieselcano.es Tel\u00e9fono del centro: 956 386981 Direcci\u00f3n: Plaza Escritor Eduardo Mendicutti, S\/N. 11540 Sanl\u00facar de Barrameda. Horario de atenci\u00f3n:&nbsp;jueves y viernes de 11:15 a&#46;&#46;&#46;<\/p>\n","protected":false},"author":6269,"featured_media":0,"parent":0,"menu_order":0,"comment_status":"closed","ping_status":"closed","template":"","meta":{"ngg_post_thumbnail":0,"footnotes":""},"aioseo_notices":[],"_links":{"self":[{"href":"https:\/\/blogsaverroes.juntadeandalucia.es\/musicaelcano\/wp-json\/wp\/v2\/pages\/44"}],"collection":[{"href":"https:\/\/blogsaverroes.juntadeandalucia.es\/musicaelcano\/wp-json\/wp\/v2\/pages"}],"about":[{"href":"https:\/\/blogsaverroes.juntadeandalucia.es\/musicaelcano\/wp-json\/wp\/v2\/types\/page"}],"author":[{"embeddable":true,"href":"https:\/\/blogsaverroes.juntadeandalucia.es\/musicaelcano\/wp-json\/wp\/v2\/users\/6269"}],"replies":[{"embeddable":true,"href":"https:\/\/blogsaverroes.juntadeandalucia.es\/musicaelcano\/wp-json\/wp\/v2\/comments?post=44"}],"version-history":[{"count":7,"href":"https:\/\/blogsaverroes.juntadeandalucia.es\/musicaelcano\/wp-json\/wp\/v2\/pages\/44\/revisions"}],"predecessor-version":[{"id":699,"href":"https:\/\/blogsaverroes.juntadeandalucia.es\/musicaelcano\/wp-json\/wp\/v2\/pages\/44\/revisions\/699"}],"wp:attachment":[{"href":"https:\/\/blogsaverroes.juntadeandalucia.es\/musicaelcano\/wp-json\/wp\/v2\/media?parent=44"}],"curies":[{"name":"wp","href":"https:\/\/api.w.org\/{rel}","templated":true}]}}