{"id":1711,"date":"2021-10-08T21:12:49","date_gmt":"2021-10-08T19:12:49","guid":{"rendered":"https:\/\/iesnicolassalmeron.es\/?page_id=1711"},"modified":"2025-05-09T13:35:03","modified_gmt":"2025-05-09T12:35:03","slug":"plan-de-emprendimiento","status":"publish","type":"page","link":"https:\/\/blogsaverroes.juntadeandalucia.es\/nicolas-salmeron\/plan-de-emprendimiento\/","title":{"rendered":"Plan de Emprendimiento"},"content":{"rendered":"<p>[et_pb_section fb_built=&#8221;1&#8243; _builder_version=&#8221;4.24.2&#8243; _module_preset=&#8221;default&#8221; global_colors_info=&#8221;{}&#8221;][et_pb_row _builder_version=&#8221;4.24.2&#8243; _module_preset=&#8221;default&#8221; global_colors_info=&#8221;{}&#8221;][et_pb_column type=&#8221;4_4&#8243; _builder_version=&#8221;4.24.2&#8243; _module_preset=&#8221;default&#8221; global_colors_info=&#8221;{}&#8221;][et_pb_text _builder_version=&#8221;4.24.2&#8243; _module_preset=&#8221;default&#8221; hover_enabled=&#8221;0&#8243; global_colors_info=&#8221;{}&#8221; sticky_enabled=&#8221;0&#8243;]<\/p>\n<h1><span style=\"color: #e02b20\"><strong>Plan de Emprendimiento<\/strong><\/span><\/h1>\n<p>&nbsp;<\/p>\n<p><strong>Coordinadora:<\/strong> D\u00aa. Soledad Rueda Parra<\/p>\n<p><strong>Contacto:<\/strong><\/p>\n<p>&nbsp;<\/p>\n<p>Seg\u00fan lo establecido en el art\u00edculo 27 de la Ley 3\/2018, de 8 de mayo, el Plan General de Emprendimiento (en adelante, PGE) se define como el instrumento b\u00e1sico de planificaci\u00f3n, coordinaci\u00f3n, ejecuci\u00f3n, desarrollo y evaluaci\u00f3n de las pol\u00edticas p\u00fablicas que se desarrollen en materia de emprendimiento.<\/p>\n<p>&nbsp;<\/p>\n<p>El PGE define 8 objetivos estrat\u00e9gicos:<\/p>\n<ul>\n<li>OE1 &#8211; Puesta en marcha de un Sistema Andaluz para Emprender eficiente y completo.<\/li>\n<li>OE2 &#8211; Fortalecer el papel de las Universidades, la FP, y el sistema educativo en su conjunto, como factores clave de la cultura emprendedora.<\/li>\n<li>OE3 &#8211; Incrementar el emprendimiento gen\u00e9rico y la creaci\u00f3n de nuevas empresas, aut\u00f3nomos y cooperativas.<\/li>\n<li>OE4 &#8211; Incrementar el emprendimiento de base tecnol\u00f3gica y otros de alto valor a\u00f1adido.<\/li>\n<li>OE5 &#8211; Fortalecer el emprendimiento social y rural para aportar mayor valor a los sectores estrat\u00e9gicos de Andaluc\u00eda.<\/li>\n<li>OE6 &#8211; Incrementar el emprendimiento por mujeres.<\/li>\n<li>OE7 &#8211; Aumentar el impacto de la inversi\u00f3n realizada para el apoyo al emprendimiento.<\/li>\n<li>OE8 &#8211; Incrementar la retenci\u00f3n, atracci\u00f3n y retorno del talento mediante el emprendimiento.<\/li>\n<\/ul>\n<p>[\/et_pb_text][\/et_pb_column][\/et_pb_row][\/et_pb_section]<\/p>\n","protected":false},"excerpt":{"rendered":"<p>Plan de Emprendimiento &nbsp; Coordinadora: D\u00aa. Soledad Rueda Parra Contacto: &nbsp; Seg\u00fan lo establecido en el art\u00edculo 27 de la Ley 3\/2018, de 8 de mayo, el Plan General de Emprendimiento (en adelante, PGE) se define como el instrumento b\u00e1sico de planificaci\u00f3n, coordinaci\u00f3n, ejecuci\u00f3n, desarrollo y evaluaci\u00f3n de las pol\u00edticas p\u00fablicas que se desarrollen en [&hellip;]<\/p>\n","protected":false},"author":13523,"featured_media":0,"parent":0,"menu_order":0,"comment_status":"closed","ping_status":"closed","template":"","meta":{"_et_pb_use_builder":"on","_et_pb_old_content":"","_et_gb_content_width":"","ngg_post_thumbnail":0,"footnotes":""},"aioseo_notices":[],"_links":{"self":[{"href":"https:\/\/blogsaverroes.juntadeandalucia.es\/nicolas-salmeron\/wp-json\/wp\/v2\/pages\/1711"}],"collection":[{"href":"https:\/\/blogsaverroes.juntadeandalucia.es\/nicolas-salmeron\/wp-json\/wp\/v2\/pages"}],"about":[{"href":"https:\/\/blogsaverroes.juntadeandalucia.es\/nicolas-salmeron\/wp-json\/wp\/v2\/types\/page"}],"author":[{"embeddable":true,"href":"https:\/\/blogsaverroes.juntadeandalucia.es\/nicolas-salmeron\/wp-json\/wp\/v2\/users\/13523"}],"replies":[{"embeddable":true,"href":"https:\/\/blogsaverroes.juntadeandalucia.es\/nicolas-salmeron\/wp-json\/wp\/v2\/comments?post=1711"}],"version-history":[{"count":4,"href":"https:\/\/blogsaverroes.juntadeandalucia.es\/nicolas-salmeron\/wp-json\/wp\/v2\/pages\/1711\/revisions"}],"predecessor-version":[{"id":2566,"href":"https:\/\/blogsaverroes.juntadeandalucia.es\/nicolas-salmeron\/wp-json\/wp\/v2\/pages\/1711\/revisions\/2566"}],"wp:attachment":[{"href":"https:\/\/blogsaverroes.juntadeandalucia.es\/nicolas-salmeron\/wp-json\/wp\/v2\/media?parent=1711"}],"curies":[{"name":"wp","href":"https:\/\/api.w.org\/{rel}","templated":true}]}}