{"id":228,"date":"2019-09-05T20:41:34","date_gmt":"2019-09-05T18:41:34","guid":{"rendered":"https:\/\/iesnicolassalmeron.es\/?page_id=228"},"modified":"2025-09-18T10:10:23","modified_gmt":"2025-09-18T09:10:23","slug":"areas-educativas","status":"publish","type":"page","link":"https:\/\/blogsaverroes.juntadeandalucia.es\/nicolas-salmeron\/areas-educativas\/","title":{"rendered":"\u00c1reas educativas"},"content":{"rendered":"<p>[et_pb_section fb_built=&#8221;1&#8243; admin_label=&#8221;section&#8221; _builder_version=&#8221;4.16&#8243; global_colors_info=&#8221;{}&#8221;][et_pb_row admin_label=&#8221;row&#8221; _builder_version=&#8221;4.16&#8243; background_size=&#8221;initial&#8221; background_position=&#8221;top_left&#8221; background_repeat=&#8221;repeat&#8221; global_colors_info=&#8221;{}&#8221;][et_pb_column type=&#8221;4_4&#8243; _builder_version=&#8221;4.16&#8243; custom_padding=&#8221;|||&#8221; global_colors_info=&#8221;{}&#8221; custom_padding__hover=&#8221;|||&#8221;][et_pb_text admin_label=&#8221;Text&#8221; _builder_version=&#8221;4.24.2&#8243; background_size=&#8221;initial&#8221; background_position=&#8221;top_left&#8221; background_repeat=&#8221;repeat&#8221; hover_enabled=&#8221;0&#8243; global_colors_info=&#8221;{}&#8221; sticky_enabled=&#8221;0&#8243;]<\/p>\n<h2><span style=\"text-decoration: underline\"><strong>\u00c1REA CIENT\u00cdFICO-TECNOL\u00d3GICA<\/strong><\/span><\/h2>\n<h4><strong>DEPARTAMENTO DE MATEM\u00c1TICAS<\/strong><\/h4>\n<p>Alfonso Garc\u00eda, Mar\u00eda Jos\u00e9<br \/>Amate Romera, Alejandro Jos\u00e9<br \/>Campos P\u00e9rez, Inmaculada Concepci\u00f3n<br \/>Gil Piedra, Mar\u00eda de los \u00c1ngeles<br \/>Hern\u00e1ndez Flores, Miguel \u00c1ngel<br \/>Pardo Vidal, Nuria Mar\u00eda<br \/>Herrera Ciudad, Mar\u00eda del Carmen<br \/>Torres Matilla, Antonio (Jefatura de departamento)<\/p>\n<p>&nbsp;<\/p>\n<h4><strong>DEPARTAMENTO DE F\u00cdSICA Y QU\u00cdMICA<\/strong><\/h4>\n<p>Serrano Selva, Cristina<br \/>Mart\u00ednez Guil, \u00c1ngel Manuel<br \/>Miguelsanz Arag\u00f3n, Teresita<br \/>Ortigosa Vicente, Mar\u00eda Dolores<br \/>P\u00e9rez Ruiz, Jos\u00e9 (Jefatura de departamento)<\/p>\n<p>&nbsp;<\/p>\n<h4><strong>DEPARTAMENTO DE BIOLOG\u00cdA Y GEOLOG\u00cdA<\/strong><\/h4>\n<p>Cuadrado Le\u00f3n, Juan Francisco<br \/>Navarro Noguera, Leonor<br \/>Padilla Capel, Sonia<br \/>S\u00e1nchez Jim\u00e9nez, Manuel (Jefatura de departamento)<\/p>\n<p>&nbsp;<\/p>\n<h4><strong>DEPARTAMENTO DE INFORM\u00c1TICA<\/strong><\/h4>\n<p>L\u00f3pez T\u00fanez, Aida (Jefatura de departamento)<\/p>\n<p>&nbsp;<\/p>\n<h4><strong>DEPARTAMENTO DE ECONOM\u00cdA<\/strong><\/h4>\n<p>Garc\u00eda Pe\u00f1a, Nora (Jefatura de departamento)<br \/>Rueda Parra, Mar\u00eda Soledad<\/p>\n<p>&nbsp;<\/p>\n<h2><span style=\"text-decoration: underline\"><strong>\u00c1REA SOCIO-LING\u00dc\u00cdSTICA<\/strong><\/span><\/h2>\n<h4><strong>DEPARTAMENTO DE LENGUA CASTELLANA, LITERATURA Y CULTURA CL\u00c1SICA<\/strong><\/h4>\n<p>Gil Mart\u00ednez, Juan Manuel<br \/>Lodeiro Villamayor, Fernando<br \/>Romera Garc\u00eda, Mart\u00edn<br \/>Ruiz L\u00e1zaro, Mar\u00eda Consuelo<br \/>Salazar Rumi, Mar\u00eda Jos\u00e9<br \/>S\u00e1nchez Garc\u00eda, Carmen Mar\u00eda<br \/>Torrellas Castillo, Mar\u00eda Pilar (Jefatura de departamento)<br \/>Pardo Benet, Jos\u00e9 Miguel<\/p>\n<p>&nbsp;<\/p>\n<h4><strong>DEPARTAMENTO DE INGL\u00c9S<\/strong><\/h4>\n<p>Berbel Garc\u00eda, Beatriz Ana (Jefatura de departamento)<br \/>Callej\u00f3n Mart\u00ednez, Laudelina<br \/>D\u00edaz Parra, Cristina<br \/>Garc\u00eda Camacho, Mar\u00eda Jes\u00fas<br \/>Garc\u00eda Fajardo, Ignacio Jos\u00e9<br \/>Jim\u00e9nez Abad, Mar\u00eda del Mar<br \/>L\u00f3pez Glaria, Mar\u00eda Adela<br \/>Pozo Blazquez, Mar\u00eda del Carmen<\/p>\n<h4><strong>DEPARTAMENTO DE FRANC\u00c9S<\/strong><\/h4>\n<p>Bar\u00f3n S\u00e1nchez, \u00c1ngeles (Jefatura de departamento)<br \/>Garc\u00eda Mart\u00ednez, Ana<br \/>L\u00f3pez, Martine<\/p>\n<p>&nbsp;<\/p>\n<h4><strong>DEPARTAMENTO DE GEOGRAF\u00cdA E HISTORIA<\/strong><\/h4>\n<p>Asenjo Rodr\u00edguez, Francisco<br \/>Gea Romero, Montserrat (Jefatura de departamento)<br \/>Oteo Cort\u00e1zar, Marta<br \/>Ponte Ortega, Pablo<br \/>Prieto Fernandez, Mar\u00eda Sabrina<br \/>Sim\u00f3n Mart\u00ednez, Mar\u00eda del Mar<\/p>\n<p>&nbsp;<\/p>\n<h4><strong>DEPARTAMENTO DE FILOSOF\u00cdA<\/strong><\/h4>\n<p>Ferr\u00e1ndez M\u00e9ndez, Mar\u00eda Africa<br \/>Miras L\u00f3pez, Inmaculada (Jefatura de departamento)<br \/>Perales Mart\u00ednez, Pedro<\/p>\n<p>&nbsp;<\/p>\n<h2><span style=\"text-decoration: underline\"><strong>\u00c1REA ART\u00cdSTICO-PR\u00c1CTICA<\/strong><\/span><\/h2>\n<h4><strong>DEPARTAMENTO DE TECNOLOG\u00cdA<\/strong><\/h4>\n<p>Carmona Martos, Jos\u00e9 Miguel<br \/>P\u00e9rez Galaso, Alberto<br \/>Morales Gonz\u00e1lez, Roberto Bernardo<br \/>S\u00e1nchez S\u00e1nchez, Araceli Isabel (Jefatura de departamento)<\/p>\n<p>&nbsp;<\/p>\n<h4><strong>DEPARTAMENTO DE EDUCACI\u00d3N F\u00cdSICA<\/strong><\/h4>\n<p>G\u00e1zquez Cant\u00f3n, David<br \/>G\u00f3mez Montalvo, Antonio Jes\u00fas<br \/>Guill\u00e9n L\u00f3pez, Carlos Alberto<br \/>Guti\u00e9rrez Fern\u00e1ndez, David (Jefatura de departamento)<br \/>Mart\u00ednez Portero, Irina<br \/>Murillo Yelamos, Jos\u00e9 Francisco<br \/>Ruiz Serna, Isabel Mar\u00eda<br \/>Tamayo Fernandez, Sebasti\u00e1n<br \/>Verdegay Ma\u00f1as, Miguel<\/p>\n<p>&nbsp;<\/p>\n<h4><strong>DEPARTAMENTO DE DIBUJO<\/strong><\/h4>\n<p>Fern\u00e1ndez Mart\u00edn, Beatriz (Jefatura de departamento)<br \/>Vara Garc\u00eda, Pablo<\/p>\n<p>&nbsp;<\/p>\n<h4><strong>DEPARTAMENTO DE M\u00daSICA<\/strong><\/h4>\n<p>Casta\u00f1o Allely, Mar\u00eda \u00c1ngeles<br \/>Cordero Poyatos, Antonio Mat\u00edas (Jefatura de departamento)<\/p>\n<p>&nbsp;<\/p>\n<h2><span style=\"text-decoration: underline\"><strong>\u00c1REA FORMACI\u00d3N &#8211; PROFESIONAL<\/strong><\/span><\/h2>\n<h4><strong>DEPARTAMENTO DE GESTI\u00d3N ADMINISTRATIVA<\/strong><\/h4>\n<p>D\u00edaz G\u00f3mez, Adriana Mar\u00eda (Jefatura de departamento)<br \/>Linares Pe\u00f1a, Emilia<\/p>\n<p>[\/et_pb_text][et_pb_image _builder_version=&#8221;4.24.2&#8243; _module_preset=&#8221;default&#8221; global_colors_info=&#8221;{}&#8221;][\/et_pb_image][\/et_pb_column][\/et_pb_row][\/et_pb_section]<\/p>\n","protected":false},"excerpt":{"rendered":"<p>\u00c1REA CIENT\u00cdFICO-TECNOL\u00d3GICA DEPARTAMENTO DE MATEM\u00c1TICAS Alfonso Garc\u00eda, Mar\u00eda Jos\u00e9Amate Romera, Alejandro Jos\u00e9Campos P\u00e9rez, Inmaculada Concepci\u00f3nGil Piedra, Mar\u00eda de los \u00c1ngelesHern\u00e1ndez Flores, Miguel \u00c1ngelPardo Vidal, Nuria Mar\u00edaHerrera Ciudad, Mar\u00eda del CarmenTorres Matilla, Antonio (Jefatura de departamento) &nbsp; DEPARTAMENTO DE F\u00cdSICA Y QU\u00cdMICA Serrano Selva, CristinaMart\u00ednez Guil, \u00c1ngel ManuelMiguelsanz Arag\u00f3n, TeresitaOrtigosa Vicente, Mar\u00eda DoloresP\u00e9rez Ruiz, Jos\u00e9 (Jefatura [&hellip;]<\/p>\n","protected":false},"author":13523,"featured_media":0,"parent":0,"menu_order":0,"comment_status":"closed","ping_status":"closed","template":"","meta":{"_et_pb_use_builder":"on","_et_pb_old_content":"[vc_row thb_full_width=\"true\" thb_row_padding=\"true\" thb_column_padding=\"true\" content_placement=\"middle\" css=\".vc_custom_1568391832877{padding-top: 15vh !important;padding-bottom: 10vh !important;background-image: url(https:\/\/blogsaverroes.juntadeandalucia.es\/nicolas-salmeron\/files\/2019\/09\/areasocio-min.jpg?id=517) !important;background-position: center !important;background-repeat: no-repeat !important;background-size: cover !important;}\"][vc_column thb_color=\"thb-light-column\"][vc_row_inner][vc_column_inner offset=\"vc_col-lg-6 vc_col-md-9\"][thb_slidetype slide_text=\"\r\n<h6>*\u00c1rea*<\/h6>\r\n\"][thb_slidetype slide_text=\"\r\n<h1>*Socio-ling\u00fc\u00edstica*<\/h1>\r\n\"][vc_empty_space height=\"10px\"][vc_column_text animation=\"animation fade-in\"]El objetivo es que el alumno adquiera la capacidad ling\u00fc\u00edstica necesaria para que sea capaz de desenvolverse tanto en su etapa de formaci\u00f3n como en su futuro, y la capacidad reflexiva y cr\u00edtica desde el punto de vista social.[\/vc_column_text][vc_empty_space height=\"20px\"][vc_column_text]<strong>Coordinador del \u00e1rea:<\/strong> Domingo A. Hern\u00e1ndez Jim\u00e9nez[\/vc_column_text][\/vc_column_inner][\/vc_row_inner][\/vc_column][\/vc_row][vc_row el_class=\"align-center\"][vc_column offset=\"vc_col-lg-10\"][thb_horizontal_list thb_columns=\"2\" columns_2_size=\"size2_30_70\" add_arrow=\"true\" size=\"small\" color=\"gradient\" column_1_content=\"\r\n<h4>Dpto. Lengua Castellana\r\ny Literatura<\/h4>\r\n\" column_2_content=\"D. Domingo A. Hern\u00e1ndez Jim\u00e9nez (Jefe de Departamento)\r\nD. Fernando Lodeiro Villamayor\r\nD.\u00aa Luisa Mar\u00eda L\u00f3pez Hita\r\nD.\u00aa Dolores Manzanares Plaza\r\nD.\u00aa Carmen Membrive Gonz\u00e1lez\r\nD. Mart\u00edn Romera Garc\u00eda\r\nD.\u00aa Carmen Mar\u00eda Rubio Alonso\r\nD.\u00aa Mar\u00eda Consuelo Ruiz L\u00e1zaro\r\nD.\u00aa Mar\u00eda Jos\u00e9 Salazar Rum\u00ed\r\nD.\u00aa Mar\u00eda Pilar Torrellas Castillo\r\nD.\u00aa Noemi Hern\u00e1ndez Mu\u00f1oz\r\nD.\u00aa Mar\u00eda Araceli Salinas \u00c1lvarez\r\nD. Alberto Cuadrado Oliver\" cta_1=\"url:%2Fwp-content%2Fuploads%2F2021%2F12%2FPD-21-22-Lengua-y-%C3%81mbito-LS.pdf||target:%20_blank|\" bg_gradient1=\"#28b0ff\" bg_gradient2=\"#006ccc\" cta_2=\"url:%2Fwp-content%2Fuploads%2F2021%2F12%2FPD-21-22-Lat%C3%ADn-y-Griego.pdf||target:%20_blank|\"][thb_horizontal_list thb_columns=\"2\" columns_2_size=\"size2_30_70\" add_arrow=\"true\" size=\"small\" color=\"gradient\" column_1_content=\"\r\n<h4>Dpto. Ingl\u00e9s<\/h4>\r\n\" column_2_content=\"D.\u00aa Beatriz Ana Berbel Garc\u00eda (Jefa de Departamento)\r\nD.\u00aa Laudelina Callej\u00f3n Mart\u00ednez\r\nD.\u00aa Mar\u00eda del Prado Cano Guervos\r\nD.\u00aa Mar\u00eda Jes\u00fas Garc\u00eda Camacho\r\nD. Ignacio Jos\u00e9 Garc\u00eda\r\nD.\u00aa Mar\u00eda del Mar Jim\u00e9nez Abad\r\nD.\u00aa Francisca Ana Jim\u00e9nez Iborra\r\nD.\u00aa Mar\u00eda Adela L\u00f3pez Glaria\" cta_1=\"url:%2Fwp-content%2Fuploads%2F2021%2F12%2FPD-21-22-Ingl%C3%A9s.pdf||target:%20_blank|\" bg_gradient1=\"#28b0ff\" bg_gradient2=\"#006ccc\" cta_2=\"url:%2Fwp-content%2Fuploads%2F2021%2F12%2FPD-21-22-PMAR-%C3%81mbito-Lengua-Extranjera.pdf||target:%20_blank|\"][thb_horizontal_list thb_columns=\"2\" columns_2_size=\"size2_30_70\" add_arrow=\"true\" size=\"small\" color=\"gradient\" column_1_content=\"\r\n<h4>Dpto. Geograf\u00eda e Historia<\/h4>\r\n\" column_2_content=\"D.\u00aa Mar\u00eda del Mar Sim\u00f3n Mart\u00ednez (Jefa de Departamento)\r\nD. Francisco Asenjo Rodr\u00edguez\r\nD. Pablo Ponte Ortega\r\nD.\u00aa Montserrat Gea Romero\r\nD.\u00aa Manuela Jim\u00e9nez Mart\u00ednez\r\nD.\u00aa Mar\u00eda Teresa Manzano Garro\r\nD.\u00aa Marta Oteo Cort\u00e1zar\" cta_1=\"url:%2Fwp-content%2Fuploads%2F2021%2F12%2FPD-21-22-Geograf%C3%ADa-e-Historia.pdf||target:%20_blank|\" bg_gradient1=\"#28b0ff\" bg_gradient2=\"#006ccc\" cta_2=\"|||\"][thb_horizontal_list thb_columns=\"2\" columns_2_size=\"size2_30_70\" add_arrow=\"true\" size=\"small\" color=\"gradient\" column_1_content=\"\r\n<h4>Dpto. Franc\u00e9s<\/h4>\r\n\" column_2_content=\"D.\u00aa \u00c1ngeles Bar\u00f3n S\u00e1nchez (Jefa de Departamento)\r\nD. Antoni Xavier Cano Mestres\r\nD.\u00aa Catherine Marie Chapman de Gaalon\r\nD.\u00aa \u00c1ngeles Sagrado Rodr\u00edguez Quesada\" cta_1=\"url:%2Fwp-content%2Fuploads%2F2021%2F12%2FPD-21-22-Franc%C3%A9s.pdf||target:%20_blank|\" bg_gradient1=\"#28b0ff\" bg_gradient2=\"#006ccc\"][thb_horizontal_list thb_columns=\"2\" columns_2_size=\"size2_30_70\" add_arrow=\"true\" size=\"small\" color=\"gradient\" column_1_content=\"\r\n<h4>Dpto. Filosof\u00eda<\/h4>\r\n\" column_2_content=\"Mar\u00eda \u00c1frica Ferr\u00e1ndez M\u00e9ndez (Jefa de Departamento)\r\nD.\u00aa Leticia Luque Ysern\r\nD.\u00aa Inmaculada Miras L\u00f3pez\r\nD. Francisco Tejero Gonz\u00e1lez\" cta_1=\"url:%2Fwp-content%2Fuploads%2F2021%2F12%2FPD-21-22-Filosof%C3%ADa.pdf||target:%20_blank|\" bg_gradient1=\"#28b0ff\" bg_gradient2=\"#006ccc\"][vc_empty_space height=\"50px\"][\/vc_column][\/vc_row][vc_row thb_full_width=\"true\" thb_row_padding=\"true\" thb_column_padding=\"true\" content_placement=\"middle\" css=\".vc_custom_1568391841689{padding-top: 15vh !important;padding-bottom: 10vh !important;background-image: url(https:\/\/blogsaverroes.juntadeandalucia.es\/nicolas-salmeron\/files\/2019\/09\/areaciencia-min.jpg?id=515) !important;background-position: center !important;background-repeat: no-repeat !important;background-size: cover !important;}\"][vc_column thb_color=\"thb-light-column\"][vc_row_inner][vc_column_inner offset=\"vc_col-lg-6 vc_col-md-9\"][thb_slidetype slide_text=\"\r\n<h6>*\u00c1rea*<\/h6>\r\n\"][thb_slidetype slide_text=\"\r\n<h1>*Cient\u00edfica-tecnol\u00f3gica*<\/h1>\r\n\"][vc_empty_space height=\"10px\"][vc_column_text animation=\"animation fade-in\"]El objetivo es que el alumno adquiera la la <em>competencia de razonamiento matem\u00e1tico<\/em>, entendida como la habilidad para utilizar n\u00fameros y operaciones b\u00e1sicas, los s\u00edmbolos y las formas de expresi\u00f3n del razonamiento matem\u00e1tico para producir e interpretar informaciones y resolver problemas relacionados con la vida diaria y el mundo laboral; de la<em> competencia en el conocimiento y la interacci\u00f3n con el mundo f\u00edsico y natural<\/em>, que recoger\u00e1 la habilidad para la comprensi\u00f3n de los sucesos, la predicci\u00f3n de las consecuencias y la actividad sobre el estado de salud de las personas y la sostenibilidad medioambiental; y de la <em>competencia digital y tratamiento de la informaci\u00f3n<\/em>, entendida como la habilidad para buscar, obtener, procesar y comunicar la informaci\u00f3n y transformarla en conocimiento, incluyendo la utilizaci\u00f3n de las tecnolog\u00edas de la informaci\u00f3n y comunicaci\u00f3n como un elemento esencial para informarse y comunicarse.[\/vc_column_text][vc_empty_space height=\"20px\"][vc_column_text]<strong>Coordinador del \u00e1rea:<\/strong> Jos\u00e9 P\u00e9rez Ruiz[\/vc_column_text][\/vc_column_inner][\/vc_row_inner][\/vc_column][\/vc_row][vc_row el_class=\"align-center\"][vc_column offset=\"vc_col-lg-10\"][thb_horizontal_list thb_columns=\"2\" columns_2_size=\"size2_30_70\" add_arrow=\"true\" size=\"small\" color=\"gradient\" column_1_content=\"\r\n<h4>Dpto. Matem\u00e1ticas<\/h4>\r\n\" column_2_content=\"D. Antonio Torres Matilla (Jefe de Departamento)\r\nD. Jos\u00e9 Manuel Casas Toquero\r\nD. Alejandro Jos\u00e9 Amate Romera\r\nD. Miguel \u00c1ngel Hern\u00e1ndez Flores\r\nD.\u00aa Isabel Mar\u00eda Mar\u00edn Carre\u00f1o\r\nD.\u00aa Nuria Mar\u00eda Pardo Vidal\r\nD.\u00aa Pilar Pastrana Duarte\r\nD.\u00aa Mar\u00eda Piedad R\u00edos Moreno\r\nD.\u00aa Josefa Rull Montoya\r\nD.\u00aa Mar\u00eda Isabel Ba\u00f1os L\u00f3pez\" cta_1=\"url:%2Fwp-content%2Fuploads%2F2021%2F12%2FPD-21-22-Matem%C3%A1ticas.pdf||target:%20_blank|\" bg_gradient1=\"#28b0ff\" bg_gradient2=\"#006ccc\"][thb_horizontal_list thb_columns=\"2\" columns_2_size=\"size2_30_70\" add_arrow=\"true\" size=\"small\" color=\"gradient\" column_1_content=\"\r\n<h4>Dpto. Biolog\u00eda y Geolog\u00eda<\/h4>\r\n\" column_2_content=\"D. Manuel S\u00e1nchez Jim\u00e9nez (Jefe de Departamento)\r\nD.\u00aa Marta Camino Serrano\r\nD.\u00aa Elena Gracia Cueto Avellaneda\r\nD. Antonio L\u00f3pez Fern\u00e1ndez\r\nD.\u00aa Sonia Padilla Capel\" cta_1=\"url:%2Fwp-content%2Fuploads%2F2021%2F12%2FPD-21-22-Biolog%C3%ADa-y-Geolog%C3%ADa.pdf||target:%20_blank|\" bg_gradient1=\"#28b0ff\" bg_gradient2=\"#006ccc\" cta_2=\"|||\"][thb_horizontal_list thb_columns=\"2\" columns_2_size=\"size2_30_70\" add_arrow=\"true\" size=\"small\" color=\"gradient\" column_1_content=\"\r\n<h4>Dpto. F\u00edsica y Qu\u00edmica<\/h4>\r\n\" column_2_content=\"D. Jos\u00e9 P\u00e9rez Ruiz (Jefe de Departamento)\r\nD.\u00aa Mar\u00eda Jos\u00e9 Mart\u00ednez Mart\u00ednez\r\nD.\u00aa Laura Mascarell Borreda\r\nD.\u00aa Teresita Miguelsanz Arag\u00f3n\r\nD. Jos\u00e9 Luis Montero Pascual\" cta_1=\"url:%2Fwp-content%2Fuploads%2F2021%2F12%2FPD-21-22-F%C3%ADsica-y-Qu%C3%ADmica.pdf||target:%20_blank|\" bg_gradient1=\"#28b0ff\" bg_gradient2=\"#006ccc\"][thb_horizontal_list thb_columns=\"2\" columns_2_size=\"size2_30_70\" add_arrow=\"true\" size=\"small\" color=\"gradient\" column_1_content=\"\r\n<h4>Dpto. Inform\u00e1tica<\/h4>\r\n\" column_2_content=\"D.\u00aa Aida L\u00f3pez T\u00fanez (Jefa de Departamento)\r\nD. Rafael Francisco Benedicto Tovar\" cta_1=\"url:%2Fwp-content%2Fuploads%2F2021%2F12%2FPD-21-22-Inform%C3%A1tica.pdf||target:%20_blank|\" bg_gradient1=\"#28b0ff\" bg_gradient2=\"#006ccc\"][thb_horizontal_list thb_columns=\"2\" columns_2_size=\"size2_30_70\" add_arrow=\"true\" size=\"small\" color=\"gradient\" column_1_content=\"\r\n<h4>Dpto. Econom\u00eda<\/h4>\r\n\" column_2_content=\"D.\u00aa Nora Garc\u00eda Pe\u00f1a (Jefa de Departamento)\r\nD.\u00aa Celestina L\u00f3pez Enr\u00edquez\r\nD.\u00aa Mar\u00eda Dolores Majuelos Torralbo\" cta_1=\"url:%2Fwp-content%2Fuploads%2F2021%2F02%2FPD-20-21-Econom%C3%ADa.pdf||target:%20_blank|\" bg_gradient1=\"#28b0ff\" bg_gradient2=\"#006ccc\"][vc_empty_space height=\"50px\"][\/vc_column][\/vc_row][vc_row thb_full_width=\"true\" thb_row_padding=\"true\" thb_column_padding=\"true\" content_placement=\"middle\" css=\".vc_custom_1568391848917{padding-top: 15vh !important;padding-bottom: 10vh !important;background-image: url(https:\/\/blogsaverroes.juntadeandalucia.es\/nicolas-salmeron\/files\/2019\/09\/areaartistica-min.jpg?id=516) !important;background-position: center !important;background-repeat: no-repeat !important;background-size: cover !important;}\"][vc_column thb_color=\"thb-light-column\"][vc_row_inner][vc_column_inner offset=\"vc_col-lg-6 vc_col-md-9\"][thb_slidetype slide_text=\"\r\n<h6>*\u00c1rea*<\/h6>\r\n\"][thb_slidetype slide_text=\"\r\n<h1>*Art\u00edstica-pr\u00e1ctica*<\/h1>\r\n\"][vc_empty_space height=\"10px\"][vc_column_text animation=\"animation fade-in\"]El objetivo es que el alumno adquiera la<em> competencia cultural y art\u00edstica<\/em>, que supone apreciar, comprender y valorar cr\u00edticamente diferentes manifestaciones culturales y art\u00edsticas, utilizarlas como fuente de disfrute y enriquecimiento personal y considerarlas como parte del patrimonio cultural de los pueblos.[\/vc_column_text][vc_empty_space height=\"20px\"][vc_column_text]<strong>Coordinador del \u00e1rea:<\/strong> D. Jos\u00e9 Miguel Carmona Martos[\/vc_column_text][\/vc_column_inner][\/vc_row_inner][\/vc_column][\/vc_row][vc_row el_class=\"align-center\"][vc_column offset=\"vc_col-lg-10\"][thb_horizontal_list thb_columns=\"2\" columns_2_size=\"size2_30_70\" add_arrow=\"true\" size=\"small\" color=\"gradient\" column_1_content=\"\r\n<h4>Dpto. Dibujo<\/h4>\r\n\" column_2_content=\"D.\u00aa Remedios Loreto Jim\u00e9nez L\u00f3pez (Jefa de Departamento)\r\nD.\u00aa Mar\u00eda Dolores Hoyos Garc\u00eda\" cta_1=\"url:%2Fwp-content%2Fuploads%2F2021%2F12%2FPD-21-22-Dibujo.pdf||target:%20_blank|\" bg_gradient1=\"#28b0ff\" bg_gradient2=\"#006ccc\"][thb_horizontal_list thb_columns=\"2\" columns_2_size=\"size2_30_70\" add_arrow=\"true\" size=\"small\" color=\"gradient\" column_1_content=\"\r\n<h4>Dpto. Educaci\u00f3n F\u00edsica<\/h4>\r\n\" column_2_content=\"D. David Guti\u00e9rrez Fern\u00e1ndez (Jefe de Departamento)\r\nD.\u00aa Isabel Ruiz Serna\r\nD. Ernesto Su\u00e1rez Cadenas\r\nD. Carlos Alberto Guill\u00e9n L\u00f3pez\r\nD. Jos\u00e9 Ruano Maldonado\" cta_1=\"url:%2Fwp-content%2Fuploads%2F2021%2F12%2FPD-21-22-Educaci%C3%B3n-F%C3%ADsica.pdf||target:%20_blank|\" bg_gradient1=\"#28b0ff\" bg_gradient2=\"#006ccc\"][thb_horizontal_list thb_columns=\"2\" columns_2_size=\"size2_30_70\" add_arrow=\"true\" size=\"small\" color=\"gradient\" column_1_content=\"\r\n<h4>Dpto. Tecnolog\u00eda<\/h4>\r\n\" column_2_content=\"D. Jos\u00e9 Miguel Carmona Martos (Jefe de Departamento)\r\nD. Armando Navarro Alarc\u00f3n\r\nD.\u00aa Araceli Isabel S\u00e1nchez S\u00e1nchez\r\nD. Alejandro Garc\u00eda Hern\u00e1ndez\r\nD. Jorge Luis Navarro Romero\" cta_1=\"url:%2Fwp-content%2Fuploads%2F2021%2F12%2FPD-21-22-Tecnolog%C3%ADa.pdf||target:%20_blank|\" bg_gradient1=\"#28b0ff\" bg_gradient2=\"#006ccc\" cta_2=\"url:%2Fwp-content%2Fuploads%2F2021%2F12%2FTecnolog%C3%ADa-PROGRAMACI%C3%93N-DEPARTAMENTO-2021-2022.pdf||target:%20_blank|\"][thb_horizontal_list thb_columns=\"2\" columns_2_size=\"size2_30_70\" add_arrow=\"true\" size=\"small\" color=\"gradient\" column_1_content=\"\r\n<h4>Dpto. M\u00fasica<\/h4>\r\n\" column_2_content=\"D.\u00aa Ana Elena G\u00f3mez Torrente (Jefa de Departamento)\r\nD.\u00aa Mar\u00eda \u00c1ngeles Casta\u00f1o Allely\" cta_1=\"url:%2Fwp-content%2Fuploads%2F2021%2F12%2FPD-21-22-M%C3%BAsica.pdf||target:%20_blank|\" bg_gradient1=\"#28b0ff\" bg_gradient2=\"#006fff\"][vc_empty_space height=\"50px\"][\/vc_column][\/vc_row][vc_row thb_full_width=\"true\" thb_row_padding=\"true\" thb_column_padding=\"true\" content_placement=\"middle\" css=\".vc_custom_1603918396655{padding-top: 15vh !important;padding-bottom: 10vh !important;background-image: url(https:\/\/blogsaverroes.juntadeandalucia.es\/nicolas-salmeron\/files\/2020\/10\/area-FP-darken.jpg?id=1110) !important;background-position: center !important;background-repeat: no-repeat !important;background-size: cover !important;}\"][vc_column thb_color=\"thb-light-column\"][vc_row_inner][vc_column_inner offset=\"vc_col-lg-6 vc_col-md-9\"][thb_slidetype slide_text=\"\r\n<h6>*\u00c1rea*<\/h6>\r\n\"][thb_slidetype slide_text=\"\r\n<h1>*Formaci\u00f3n profesional*<\/h1>\r\n\"][vc_empty_space height=\"10px\"][vc_column_text animation=\"animation fade-in\"][\/vc_column_text][vc_empty_space height=\"20px\"][vc_column_text]<strong>Coordinadora del \u00e1rea:<\/strong> D.\u00aa Mar\u00eda de las Nieves S\u00e1nchez Ortega[\/vc_column_text][\/vc_column_inner][\/vc_row_inner][\/vc_column][\/vc_row][vc_row el_class=\"align-center\"][vc_column offset=\"vc_col-lg-10\"][thb_horizontal_list thb_columns=\"2\" columns_2_size=\"size2_30_70\" add_arrow=\"true\" size=\"small\" color=\"gradient\" column_1_content=\"\r\n<h4>Dpto. Administraci\u00f3n y Gesti\u00f3n<\/h4>\r\n\" column_2_content=\"D.\u00aa Mar\u00eda de las Nieves S\u00e1nchez Ortega (Jefa de Departamento)\r\nD.\u00aa Adriana Mar\u00eda D\u00edaz G\u00f3mez\" cta_1=\"url:%2Fwp-content%2Fuploads%2F2021%2F12%2FPD-21-22-Administraci%C3%B3n-1FPB.pdf||target:%20_blank|\" bg_gradient1=\"#28b0ff\" bg_gradient2=\"#006ccc\" cta_2=\"url:%2Fwp-content%2Fuploads%2F2021%2F12%2FPD-21-22-Administraci%C3%B3n-2FPB.pdf||target:%20_blank|\"][thb_horizontal_list thb_columns=\"2\" columns_2_size=\"size2_30_70\" add_arrow=\"true\" size=\"small\" color=\"gradient\" column_1_content=\"\r\n<h4>Dpto. ACOFI<\/h4>\r\n\" column_2_content=\"D. Jos\u00e9 Ruano Maldonado (Jefe de Departamento)\r\nD. David Guti\u00e9rrez Fern\u00e1ndez\r\nD.\u00aa Isabel Ruiz Serna\r\nD. Ernesto Su\u00e1rez Cadenas\r\nD. Carlos Alberto Guill\u00e9n L\u00f3pez\" cta_1=\"url:%2Fwp-content%2Fuploads%2F2021%2F12%2FPD-21-22-ACOFI.pdf||target:%20_blank|\" bg_gradient1=\"#28b0ff\" bg_gradient2=\"#006ccc\"][vc_empty_space height=\"50px\"][\/vc_column][\/vc_row][vc_row thb_full_width=\"true\" thb_row_padding=\"true\" thb_column_padding=\"true\" content_placement=\"middle\" css=\".vc_custom_1603918625774{padding-top: 15vh !important;padding-bottom: 10vh !important;background-image: url(https:\/\/blogsaverroes.juntadeandalucia.es\/nicolas-salmeron\/files\/2020\/07\/6051338334_581634c069_b.jpg?id=1012) !important;background-position: center !important;background-repeat: no-repeat !important;background-size: cover !important;}\"][vc_column thb_color=\"thb-light-column\"][vc_row_inner][vc_column_inner offset=\"vc_col-lg-6 vc_col-md-9\"][thb_slidetype slide_text=\"\r\n<h1>*Otros departamentos*<\/h1>\r\n\"][vc_empty_space height=\"10px\"][\/vc_column_inner][\/vc_row_inner][\/vc_column][\/vc_row][vc_row el_class=\"align-center\"][vc_column offset=\"vc_col-lg-10\"][thb_horizontal_list thb_columns=\"2\" columns_2_size=\"size2_30_70\" add_arrow=\"true\" size=\"small\" color=\"gradient\" column_1_content=\"\r\n<h4>Dpto. Orientaci\u00f3n Educativa<\/h4>\r\n\" column_2_content=\"D.\u00aa Jorge Ram\u00edrez Vongrej (Jefe de Departamento)\r\nD. Pedro Hern\u00e1ndez L\u00f3pez\" cta_1=\"url:%2Fwp-content%2Fuploads%2F2021%2F12%2FPD-21-22-Orientaci%C3%B3n.pdf||target:%20_blank|\" bg_gradient1=\"#28b0ff\" bg_gradient2=\"#006ccc\"][thb_horizontal_list thb_columns=\"2\" columns_2_size=\"size2_30_70\" add_arrow=\"true\" size=\"small\" color=\"gradient\" column_1_content=\"\r\n<h4>Dpto. Formaci\u00f3n, Evaluaci\u00f3n e Innovaci\u00f3n Educativa<\/h4>\r\n\" column_2_content=\"D. Alejandro Jos\u00e9 Amate Romera (Jefe de Departamento)\" cta_1=\"||target:%20_blank|\" bg_gradient1=\"#28b0ff\" bg_gradient2=\"#00a1ff\"][thb_horizontal_list thb_columns=\"2\" columns_2_size=\"size2_30_70\" add_arrow=\"true\" size=\"small\" color=\"gradient\" column_1_content=\"\r\n<h4>Dpto. Actividades Extraescolares<\/h4>\r\n\" column_2_content=\"D.\u00aa Josefa Rull Montoya (Jefa de departamento)\" cta_1=\"||target:%20_blank|\" bg_gradient1=\"#28b0ff\" bg_gradient2=\"#00a1ff\"][thb_horizontal_list thb_columns=\"2\" columns_2_size=\"size2_30_70\" add_arrow=\"true\" size=\"small\" color=\"gradient\" column_1_content=\"\r\n<h4>Dpto. Religi\u00f3n<\/h4>\r\n\" column_2_content=\"D.\u00aa Adela Mar\u00eda Requena Garc\u00eda\r\nD.\u00aa Joaqu\u00edn Moya S\u00e1nchez\" cta_1=\"||target:%20_blank|\" bg_gradient1=\"#28b0ff\" bg_gradient2=\"#00a1ff\"][vc_empty_space height=\"50px\"][\/vc_column][\/vc_row]","_et_gb_content_width":"","ngg_post_thumbnail":0,"footnotes":""},"aioseo_notices":[],"_links":{"self":[{"href":"https:\/\/blogsaverroes.juntadeandalucia.es\/nicolas-salmeron\/wp-json\/wp\/v2\/pages\/228"}],"collection":[{"href":"https:\/\/blogsaverroes.juntadeandalucia.es\/nicolas-salmeron\/wp-json\/wp\/v2\/pages"}],"about":[{"href":"https:\/\/blogsaverroes.juntadeandalucia.es\/nicolas-salmeron\/wp-json\/wp\/v2\/types\/page"}],"author":[{"embeddable":true,"href":"https:\/\/blogsaverroes.juntadeandalucia.es\/nicolas-salmeron\/wp-json\/wp\/v2\/users\/13523"}],"replies":[{"embeddable":true,"href":"https:\/\/blogsaverroes.juntadeandalucia.es\/nicolas-salmeron\/wp-json\/wp\/v2\/comments?post=228"}],"version-history":[{"count":14,"href":"https:\/\/blogsaverroes.juntadeandalucia.es\/nicolas-salmeron\/wp-json\/wp\/v2\/pages\/228\/revisions"}],"predecessor-version":[{"id":3034,"href":"https:\/\/blogsaverroes.juntadeandalucia.es\/nicolas-salmeron\/wp-json\/wp\/v2\/pages\/228\/revisions\/3034"}],"wp:attachment":[{"href":"https:\/\/blogsaverroes.juntadeandalucia.es\/nicolas-salmeron\/wp-json\/wp\/v2\/media?parent=228"}],"curies":[{"name":"wp","href":"https:\/\/api.w.org\/{rel}","templated":true}]}}