{"id":2620,"date":"2025-05-20T12:57:22","date_gmt":"2025-05-20T11:57:22","guid":{"rendered":"https:\/\/blogsaverroes.juntadeandalucia.es\/nicolas-salmeron\/?page_id=2620"},"modified":"2025-05-20T12:57:47","modified_gmt":"2025-05-20T11:57:47","slug":"master-secundaria","status":"publish","type":"page","link":"https:\/\/blogsaverroes.juntadeandalucia.es\/nicolas-salmeron\/master-secundaria\/","title":{"rendered":"Practicum M\u00e1ster Secundaria"},"content":{"rendered":"<p>[et_pb_section fb_built=&#8221;1&#8243; _builder_version=&#8221;4.24.2&#8243; _module_preset=&#8221;default&#8221; global_colors_info=&#8221;{}&#8221;][et_pb_row _builder_version=&#8221;4.24.2&#8243; _module_preset=&#8221;default&#8221; global_colors_info=&#8221;{}&#8221;][et_pb_column type=&#8221;4_4&#8243; _builder_version=&#8221;4.24.2&#8243; _module_preset=&#8221;default&#8221; global_colors_info=&#8221;{}&#8221;][et_pb_text _builder_version=&#8221;4.24.2&#8243; _module_preset=&#8221;default&#8221; global_colors_info=&#8221;{}&#8221;]<\/p>\n<h1><span style=\"color: #e02b20\"><strong>Practicum del M\u00e1ster de Secundaria<\/strong><\/span><\/h1>\n<p>&nbsp;<\/p>\n<p><strong>Coordinadora:<\/strong> D.\u00aa Mar\u00eda del Mar Jim\u00e9nez Abad<\/p>\n<p>&nbsp;<\/p>\n<p>La Orden ECI\/3858\/2007, de 27 de diciembre, por la que se establecen los requisitos para la verificaci\u00f3n de los t\u00edtulos universitarios oficiales que habiliten para el ejercicio de las profesiones de Profesor de Educaci\u00f3n Secundaria Obligatoria y Bachillerato, Formaci\u00f3n Profesional y Ense\u00f1anzas de Idiomas (BOE n\u00fam. 312, de 29 de diciembre de 2007) contempla que el plan de estudios debe incluir un M\u00f3dulo Pr\u00e1cticum en el que se adquieran las siguientes competencias:<\/p>\n<ul>\n<li>Adquirir experiencia en la planificaci\u00f3n, la docencia y la evaluaci\u00f3n de las materias correspondientes a la especializaci\u00f3n.<\/li>\n<li>Acreditar un buen dominio de la expresi\u00f3n oral y escrita en la pr\u00e1ctica docente.<\/li>\n<li>Dominar las destrezas y habilidades sociales necesarias para fomentar un clima que facilite el aprendizaje y la convivencia.<\/li>\n<li>Participar en las propuestas de mejora en los distintos \u00e1mbitos de actuaci\u00f3n a partir de la reflexi\u00f3n basada en la pr\u00e1ctica.<\/li>\n<li>Para la Formaci\u00f3n Profesional, conocer la tipolog\u00eda empresarial correspondiente a los sectores productivos y comprender los sistemas organizativos m\u00e1s comunes en las empresas.<\/li>\n<li>Respecto a la orientaci\u00f3n, ejercitarse en la evaluaci\u00f3n psicopedag\u00f3gica, el asesoramiento a otros profesionales de la educaci\u00f3n, a los estudiantes y a las familias.<\/li>\n<\/ul>\n<p>&nbsp;<\/p>\n<h3><strong>Para este curso 24\/25 hay que tener en cuenta estas instrucciones:<\/strong><\/h3>\n<p>&nbsp;<\/p>\n<p>INSTRUCCI\u00d3N DE LA DIRECCI\u00d3N GENERAL DE INNOVACI\u00d3N Y FORMACI\u00d3N DEL PROFESORADO PARA EL DESARROLLO DEL PR\u00c1CTICUM DEL ALUMNADO UNIVERSITARIO DE LAS TITULACIONES DE GRADO, M\u00c1STER UNIVERSITARIO EN FORMACI\u00d3N DEL PROFESORADO DE EDUCACI\u00d3N SECUNDARIA OBLIGATORIA Y BACHILLERATO, FORMACI\u00d3N PROFESIONAL Y ENSE\u00d1ANZAS DE IDIOMAS, Y CERTIFICADO OFICIAL DE FORMACI\u00d3N PEDAG\u00d3GICA Y DID\u00c1CTICA EQUIVALENTE, VINCULADAS CON LA DOCENCIA EN CENTROS SOSTENIDOS CON FONDOS P\u00daBLICOS DONDE SE IMPARTEN ENSE\u00d1ANZAS NO UNIVERSITARIAS PARA EL CURSO 2024\/2025.<\/p>\n<p>&nbsp;<\/p>\n<p>Con el objeto de que el alumnado universitario de las titulaciones vinculadas con la docencia, de Grado, de M\u00e1ster Universitario en Formaci\u00f3n del Profesorado de Educaci\u00f3n Secundaria Obligatoria y Bachillerato, Formaci\u00f3n Profesional y Ense\u00f1anzas de Idiomas, y el Certificado Oficial de Formaci\u00f3n Pedag\u00f3gica y Did\u00e1ctica Equivalente (COFPyDE), adquieran las competencias profesionales necesarias para obtener la titulaci\u00f3n correspondiente, y en aras de colaborar en el con la formaci\u00f3n inicial del futuro profesorado y ajustarla a las necesidades de cualificaci\u00f3n requeridas por el Sistema Educativo Andaluz, la Administraci\u00f3n educativa asume la tarea de establecer un marco de actuaci\u00f3n que permita al futuro profesorado realizar una fase de pr\u00e1cticas en la que desarrolle y adquiera parte de las competencias profesionales que le sean necesarias para el ejercicio de la docencia, facilitando una red de centros para su realizaci\u00f3n, as\u00ed como su tutela por parte de personal docente experimentado.<\/p>\n<p>&nbsp;La equidad educativa es inseparable de la calidad. Son dos principios indisociables. Son ambas inherentes ya que una se asienta en la otra y viceversa. Por lo tanto, un sistema educativo que aspire a la excelencia debe arbitrar un conjunto de medidas coherentes entre s\u00ed y coordinadas, siempre orientadas a mejorar los resultados acad\u00e9micos y escolares del alumnado. Lograr que todos los ciudadanos puedan recibir una educaci\u00f3n y una formaci\u00f3n de calidad, sin que ese bien quede limitado solamente a algunas personas o sectores sociales, resulta una finalidad prioritaria. En definitiva, se trata de mejorar el nivel educativo de todo el alumnado andaluz alcanzando el pleno desarrollo de las capacidades individuales, haciendo viable y compaginando a la vez, la calidad de la educaci\u00f3n con la equidad en su tratamiento. De esta manera llegaremos a la excelencia del sistema. La combinaci\u00f3n de calidad y equidad exige ineludiblemente la realizaci\u00f3n de un esfuerzo compartido: administraci\u00f3n y sociedad en su conjunto. De esta forma, la excelencia educativa se vincular\u00e1 con un conocimiento m\u00e1s competitivo y din\u00e1mico, capaz de contribuir a un crecimiento econ\u00f3mico sostenido, acompa\u00f1ado de una mejora cuantitativa y cualitativa del empleo y de una mayor cohesi\u00f3n social. La realizaci\u00f3n de pr\u00e1cticas del alumnado universitario en los centros educativos de Andaluc\u00eda.<\/p>\n<p>[\/et_pb_text][\/et_pb_column][\/et_pb_row][\/et_pb_section]<\/p>\n","protected":false},"excerpt":{"rendered":"<p>Practicum del M\u00e1ster de Secundaria &nbsp; Coordinadora: D.\u00aa Mar\u00eda del Mar Jim\u00e9nez Abad &nbsp; La Orden ECI\/3858\/2007, de 27 de diciembre, por la que se establecen los requisitos para la verificaci\u00f3n de los t\u00edtulos universitarios oficiales que habiliten para el ejercicio de las profesiones de Profesor de Educaci\u00f3n Secundaria Obligatoria y Bachillerato, Formaci\u00f3n Profesional y [&hellip;]<\/p>\n","protected":false},"author":14264,"featured_media":0,"parent":0,"menu_order":0,"comment_status":"closed","ping_status":"closed","template":"","meta":{"_et_pb_use_builder":"on","_et_pb_old_content":"","_et_gb_content_width":"","ngg_post_thumbnail":0,"footnotes":""},"aioseo_notices":[],"_links":{"self":[{"href":"https:\/\/blogsaverroes.juntadeandalucia.es\/nicolas-salmeron\/wp-json\/wp\/v2\/pages\/2620"}],"collection":[{"href":"https:\/\/blogsaverroes.juntadeandalucia.es\/nicolas-salmeron\/wp-json\/wp\/v2\/pages"}],"about":[{"href":"https:\/\/blogsaverroes.juntadeandalucia.es\/nicolas-salmeron\/wp-json\/wp\/v2\/types\/page"}],"author":[{"embeddable":true,"href":"https:\/\/blogsaverroes.juntadeandalucia.es\/nicolas-salmeron\/wp-json\/wp\/v2\/users\/14264"}],"replies":[{"embeddable":true,"href":"https:\/\/blogsaverroes.juntadeandalucia.es\/nicolas-salmeron\/wp-json\/wp\/v2\/comments?post=2620"}],"version-history":[{"count":4,"href":"https:\/\/blogsaverroes.juntadeandalucia.es\/nicolas-salmeron\/wp-json\/wp\/v2\/pages\/2620\/revisions"}],"predecessor-version":[{"id":2625,"href":"https:\/\/blogsaverroes.juntadeandalucia.es\/nicolas-salmeron\/wp-json\/wp\/v2\/pages\/2620\/revisions\/2625"}],"wp:attachment":[{"href":"https:\/\/blogsaverroes.juntadeandalucia.es\/nicolas-salmeron\/wp-json\/wp\/v2\/media?parent=2620"}],"curies":[{"name":"wp","href":"https:\/\/api.w.org\/{rel}","templated":true}]}}

Practicum Máster Secundaria

<p>[et_pb_section fb_built=&#8221;1&#8243; _builder_version=&#8221;4.24.2&#8243; _module_preset=&#8221;default&#8221; global_colors_info=&#8221;{}&#8221;][et_pb_row _builder_version=&#8221;4.24.2&#8243; _module_preset=&#8221;default&#8221; global_colors_info=&#8221;{}&#8221;][et_pb_column type=&#8221;4_4&#8243; _builder_version=&#8221;4.24.2&#8243; _module_preset=&#8221;default&#8221; global_colors_info=&#8221;{}&#8221;][et_pb_text _builder_version=&#8221;4.24.2&#8243; _module_preset=&#8221;default&#8221; global_colors_info=&#8221;{}&#8221;]</p>
<h1><span style="color: #e02b20"><strong>Practicum del Máster de Secundaria</strong></span></h1>
<p>&nbsp;</p>
<p><strong>Coordinadora:</strong> D.ª María del Mar Jiménez Abad</p>
<p>&nbsp;</p>
<p>La Orden ECI/3858/2007, de 27 de diciembre, por la que se establecen los requisitos para la verificación de los títulos universitarios oficiales que habiliten para el ejercicio de las profesiones de Profesor de Educación Secundaria Obligatoria y Bachillerato, Formación Profesional y Enseñanzas de Idiomas (BOE núm. 312, de 29 de diciembre de 2007) contempla que el plan de estudios debe incluir un Módulo Prácticum en el que se adquieran las siguientes competencias:</p>
<ul>
<li>Adquirir experiencia en la planificación, la docencia y la evaluación de las materias correspondientes a la especialización.</li>
<li>Acreditar un buen dominio de la expresión oral y escrita en la práctica docente.</li>
<li>Dominar las destrezas y habilidades sociales necesarias para fomentar un clima que facilite el aprendizaje y la convivencia.</li>
<li>Participar en las propuestas de mejora en los distintos ámbitos de actuación a partir de la reflexión basada en la práctica.</li>
<li>Para la Formación Profesional, conocer la tipología empresarial correspondiente a los sectores productivos y comprender los sistemas organizativos más comunes en las empresas.</li>
<li>Respecto a la orientación, ejercitarse en la evaluación psicopedagógica, el asesoramiento a otros profesionales de la educación, a los estudiantes y a las familias.</li>
</ul>
<p>&nbsp;</p>
<h3><strong>Para este curso 24/25 hay que tener en cuenta estas instrucciones:</strong></h3>
<p>&nbsp;</p>
<p>INSTRUCCIÓN DE LA DIRECCIÓN GENERAL DE INNOVACIÓN Y FORMACIÓN DEL PROFESORADO PARA EL DESARROLLO DEL PRÁCTICUM DEL ALUMNADO UNIVERSITARIO DE LAS TITULACIONES DE GRADO, MÁSTER UNIVERSITARIO EN FORMACIÓN DEL PROFESORADO DE EDUCACIÓN SECUNDARIA OBLIGATORIA Y BACHILLERATO, FORMACIÓN PROFESIONAL Y ENSEÑANZAS DE IDIOMAS, Y CERTIFICADO OFICIAL DE FORMACIÓN PEDAGÓGICA Y DIDÁCTICA EQUIVALENTE, VINCULADAS CON LA DOCENCIA EN CENTROS SOSTENIDOS CON FONDOS PÚBLICOS DONDE SE IMPARTEN ENSEÑANZAS NO UNIVERSITARIAS PARA EL CURSO 2024/2025.</p>
<p>&nbsp;</p>
<p>Con el objeto de que el alumnado universitario de las titulaciones vinculadas con la docencia, de Grado, de Máster Universitario en Formación del Profesorado de Educación Secundaria Obligatoria y Bachillerato, Formación Profesional y Enseñanzas de Idiomas, y el Certificado Oficial de Formación Pedagógica y Didáctica Equivalente (COFPyDE), adquieran las competencias profesionales necesarias para obtener la titulación correspondiente, y en aras de colaborar en el con la formación inicial del futuro profesorado y ajustarla a las necesidades de cualificación requeridas por el Sistema Educativo Andaluz, la Administración educativa asume la tarea de establecer un marco de actuación que permita al futuro profesorado realizar una fase de prácticas en la que desarrolle y adquiera parte de las competencias profesionales que le sean necesarias para el ejercicio de la docencia, facilitando una red de centros para su realización, así como su tutela por parte de personal docente experimentado.</p>
<p>&nbsp;La equidad educativa es inseparable de la calidad. Son dos principios indisociables. Son ambas inherentes ya que una se asienta en la otra y viceversa. Por lo tanto, un sistema educativo que aspire a la excelencia debe arbitrar un conjunto de medidas coherentes entre sí y coordinadas, siempre orientadas a mejorar los resultados académicos y escolares del alumnado. Lograr que todos los ciudadanos puedan recibir una educación y una formación de calidad, sin que ese bien quede limitado solamente a algunas personas o sectores sociales, resulta una finalidad prioritaria. En definitiva, se trata de mejorar el nivel educativo de todo el alumnado andaluz alcanzando el pleno desarrollo de las capacidades individuales, haciendo viable y compaginando a la vez, la calidad de la educación con la equidad en su tratamiento. De esta manera llegaremos a la excelencia del sistema. La combinación de calidad y equidad exige ineludiblemente la realización de un esfuerzo compartido: administración y sociedad en su conjunto. De esta forma, la excelencia educativa se vinculará con un conocimiento más competitivo y dinámico, capaz de contribuir a un crecimiento económico sostenido, acompañado de una mejora cuantitativa y cualitativa del empleo y de una mayor cohesión social. La realización de prácticas del alumnado universitario en los centros educativos de Andalucía.</p>
<p>[/et_pb_text][/et_pb_column][/et_pb_row][/et_pb_section]</p>

<p>Practicum del Máster de Secundaria &nbsp; Coordinadora: D.ª María del Mar Jiménez Abad &nbsp; La Orden ECI/3858/2007, de 27 de diciembre, por la que se establecen los requisitos para la verificación de los títulos universitarios oficiales que habiliten para el ejercicio de las profesiones de Profesor de Educación Secundaria Obligatoria y Bachillerato, Formación Profesional y [&hellip;]</p>
