{"id":279,"date":"2019-09-06T00:01:37","date_gmt":"2019-09-05T22:01:37","guid":{"rendered":"https:\/\/iesnicolassalmeron.es\/?page_id=279"},"modified":"2025-10-30T13:40:03","modified_gmt":"2025-10-30T12:40:03","slug":"historia-ies-nicolas-salmeron","status":"publish","type":"page","link":"https:\/\/blogsaverroes.juntadeandalucia.es\/nicolas-salmeron\/historia-ies-nicolas-salmeron\/","title":{"rendered":"Historia del Centro"},"content":{"rendered":"<p>[et_pb_section fb_built=&#8221;1&#8243; _builder_version=&#8221;4.16&#8243; global_colors_info=&#8221;{}&#8221;][et_pb_row _builder_version=&#8221;4.16&#8243; background_size=&#8221;initial&#8221; background_position=&#8221;top_left&#8221; background_repeat=&#8221;repeat&#8221; global_colors_info=&#8221;{}&#8221;][et_pb_column type=&#8221;4_4&#8243; _builder_version=&#8221;4.16&#8243; custom_padding=&#8221;|||&#8221; global_colors_info=&#8221;{}&#8221; custom_padding__hover=&#8221;|||&#8221;][et_pb_text _builder_version=&#8221;4.24.2&#8243; background_size=&#8221;initial&#8221; background_position=&#8221;top_left&#8221; background_repeat=&#8221;repeat&#8221; link_option_url_new_window=&#8221;on&#8221; hover_enabled=&#8221;0&#8243; global_colors_info=&#8221;{}&#8221; sticky_enabled=&#8221;0&#8243;]<\/p>\n<h1>&nbsp;<\/h1>\n<h1 style=\"text-align: center\"><span style=\"font-size: 36pt;color: #eb5050\"><strong>Historia del Centro<\/strong><\/span><\/h1>\n<p>&nbsp;<\/p>\n<p style=\"text-align: left\"><span style=\"font-size: 18pt\">El primer Instituto de Segunda Ense\u00f1anza de Almer\u00eda, se cre\u00f3 el 1 de noviembre de 1845, gracias al Plan Pidal. Se ubic\u00f3 en el antiguo convento de los dominicos ocupado en la actualidad por la Escuela de Artes.<\/span><\/p>\n<p><span style=\"font-size: 18pt\"><img loading=\"lazy\" decoding=\"async\" class=\" wp-image-1992 aligncenter\" src=\"https:\/\/blogsaverroes.juntadeandalucia.es\/nicolas-salmeron\/files\/2022\/02\/1-300x217.png\" alt=\"\" width=\"418\" height=\"302\"><\/span><\/p>\n<p>&nbsp;<\/p>\n<p><span style=\"font-size: 18pt\">En el antiguo convento de Santo Domingo permanecer\u00e1 durante m\u00e1s de 100 a\u00f1os, hasta el curso acad\u00e9mico 1951-52, en que se traslada por necesidades de espacio al actual Instituto Celia Vi\u00f1as, intercambiando las instalaciones con la Escuela de Arte. En el curso 1966-67, el Instituto masculino -el hoy IES Nicol\u00e1s Salmer\u00f3n- se traslada a un nuevo emplazamiento en el barrio del Zapillo.<\/span><\/p>\n<p><span style=\"font-size: 18pt\"><img loading=\"lazy\" decoding=\"async\" class=\" wp-image-1993 aligncenter\" src=\"https:\/\/blogsaverroes.juntadeandalucia.es\/nicolas-salmeron\/files\/2022\/02\/2-209x300.png\" alt=\"\" width=\"336\" height=\"482\"><\/span><\/p>\n<p>&nbsp;<\/p>\n<p><span style=\"font-size: 18pt\">Si quieres saber m\u00e1s sobre los secreos de IES Nicol\u00e1s Salmer\u00f3n y Alonso pulsa en el siguiente enlace:<\/span><\/p>\n<p>&nbsp;<\/p>\n<p style=\"text-align: center\"><a href='https:\/\/blogsaverroes.juntadeandalucia.es\/nicolas-salmeron\/files\/2022\/02\/Historia-del-centro.pdf' class='big-button biggreen' target=\"_blank\">Descargar Dossier<\/a><\/p>\n<p>&nbsp;<\/p>\n<p>&nbsp;<\/p>\n<p>[\/et_pb_text][\/et_pb_column][\/et_pb_row][\/et_pb_section]<\/p>\n","protected":false},"excerpt":{"rendered":"<p>&nbsp; Historia del Centro &nbsp; El primer Instituto de Segunda Ense\u00f1anza de Almer\u00eda, se cre\u00f3 el 1 de noviembre de 1845, gracias al Plan Pidal. Se ubic\u00f3 en el antiguo convento de los dominicos ocupado en la actualidad por la Escuela de Artes. &nbsp; En el antiguo convento de Santo Domingo permanecer\u00e1 durante m\u00e1s de [&hellip;]<\/p>\n","protected":false},"author":13523,"featured_media":0,"parent":0,"menu_order":0,"comment_status":"closed","ping_status":"closed","template":"","meta":{"_et_pb_use_builder":"on","_et_pb_old_content":"<h1 style=\"text-align: center;\">Historia del Centro<\/h1><p>El primer Instituto de Segunda Ense\u00f1anza de Almer\u00eda, se cre\u00f3 el 1 de noviembre de 1845, gracias al Plan Pidal. Se ubic\u00f3 en el antiguo convento de los dominicos ocupado en la actualidad por la Escuela de Artes.<\/p><p>\u00a0<\/p>","_et_gb_content_width":"","ngg_post_thumbnail":0,"footnotes":""},"aioseo_notices":[],"_links":{"self":[{"href":"https:\/\/blogsaverroes.juntadeandalucia.es\/nicolas-salmeron\/wp-json\/wp\/v2\/pages\/279"}],"collection":[{"href":"https:\/\/blogsaverroes.juntadeandalucia.es\/nicolas-salmeron\/wp-json\/wp\/v2\/pages"}],"about":[{"href":"https:\/\/blogsaverroes.juntadeandalucia.es\/nicolas-salmeron\/wp-json\/wp\/v2\/types\/page"}],"author":[{"embeddable":true,"href":"https:\/\/blogsaverroes.juntadeandalucia.es\/nicolas-salmeron\/wp-json\/wp\/v2\/users\/13523"}],"replies":[{"embeddable":true,"href":"https:\/\/blogsaverroes.juntadeandalucia.es\/nicolas-salmeron\/wp-json\/wp\/v2\/comments?post=279"}],"version-history":[{"count":7,"href":"https:\/\/blogsaverroes.juntadeandalucia.es\/nicolas-salmeron\/wp-json\/wp\/v2\/pages\/279\/revisions"}],"predecessor-version":[{"id":3790,"href":"https:\/\/blogsaverroes.juntadeandalucia.es\/nicolas-salmeron\/wp-json\/wp\/v2\/pages\/279\/revisions\/3790"}],"wp:attachment":[{"href":"https:\/\/blogsaverroes.juntadeandalucia.es\/nicolas-salmeron\/wp-json\/wp\/v2\/media?parent=279"}],"curies":[{"name":"wp","href":"https:\/\/api.w.org\/{rel}","templated":true}]}}