{"id":422,"date":"2019-09-10T00:37:57","date_gmt":"2019-09-09T22:37:57","guid":{"rendered":"https:\/\/iesnicolassalmeron.es\/?page_id=422"},"modified":"2025-05-09T13:22:53","modified_gmt":"2025-05-09T12:22:53","slug":"proyecto-escuela-espacio-paz","status":"publish","type":"page","link":"https:\/\/blogsaverroes.juntadeandalucia.es\/nicolas-salmeron\/proyecto-escuela-espacio-paz\/","title":{"rendered":"Proyecto Escuela Espacio de Paz"},"content":{"rendered":"<p>[et_pb_section fb_built=&#8221;1&#8243; admin_label=&#8221;section&#8221; _builder_version=&#8221;4.16&#8243; global_colors_info=&#8221;{}&#8221;][et_pb_row admin_label=&#8221;row&#8221; _builder_version=&#8221;4.16&#8243; background_size=&#8221;initial&#8221; background_position=&#8221;top_left&#8221; background_repeat=&#8221;repeat&#8221; global_colors_info=&#8221;{}&#8221;][et_pb_column type=&#8221;4_4&#8243; _builder_version=&#8221;4.16&#8243; custom_padding=&#8221;|||&#8221; global_colors_info=&#8221;{}&#8221; custom_padding__hover=&#8221;|||&#8221;][et_pb_text admin_label=&#8221;Text&#8221; _builder_version=&#8221;4.24.2&#8243; background_size=&#8221;initial&#8221; background_position=&#8221;top_left&#8221; background_repeat=&#8221;repeat&#8221; hover_enabled=&#8221;0&#8243; global_colors_info=&#8221;{}&#8221; sticky_enabled=&#8221;0&#8243;]<\/p>\n<div id=\"thb-slidetype-67cc7ef0c5810\" class=\"thb-slidetype \" data-style=\"style1\">\n<h1><span style=\"font-size: xx-large\"><strong><span class=\"thb-slidetype-entry\" style=\"color: #e02b20\"><span class=\"lines\">Proyecto Escuela Espacio de Paz<\/span><\/span><\/strong><\/span><\/h1>\n<\/div>\n<div class=\"wpb_text_column wpb_content_element \">\n<div class=\"wpb_wrapper\">\n<p>&nbsp;<\/p>\n<p><strong>Coordinadora:<\/strong> D\u00aa. Beatriz Fern\u00e1ndez Mart\u00edn<\/p>\n<p><strong>Contacto:<\/strong> <a href=\"mailto:04001141.espaznicolas@g.educaand.es\">04001141.espaznicolas@g.educaand.es<\/a><\/p>\n<\/div>\n<\/div>\n<p>[\/et_pb_text][et_pb_text _builder_version=&#8221;4.24.2&#8243; _module_preset=&#8221;default&#8221; custom_margin=&#8221;||-70px|||&#8221; custom_padding=&#8221;||45px|||&#8221; hover_enabled=&#8221;0&#8243; global_colors_info=&#8221;{}&#8221; sticky_enabled=&#8221;0&#8243;]<\/p>\n<div>\n<div>\n<div>\n<div>\n<div id=\"thb-slidetype-67cc7ef0c87b7\" data-style=\"style1\">\n<p>&nbsp;<\/p>\n<p>Bienvenidos.<\/p>\n<p>El IES Nicol\u00e1s Salmer\u00f3n y Alonso lleva participando de forma activa en la Red Escuela Espacio de Paz desde hace varios a\u00f1os. El objetivo de esta red es promover la reflexi\u00f3n, cooperaci\u00f3n, el trabajo en equipo, el di\u00e1logo y el consenso para la resoluci\u00f3n de conflictos. Sobre todo, formar a nuestro alumnado para que en el futuro sean ciudadanos y ciudadanas responsables, activos y comprometidos con su entorno social, cultural y natural.<\/p>\n<p>&nbsp;<\/p>\n<p>Algunas de las actividades desarrolladas han sido:<\/p>\n<ul>\n<li style=\"list-style-type: none\">\n<ul>\n<li>Actividades de tutor\u00eda coordinadas por el departamento de Orientaci\u00f3n. ( plan de acogida, normas de clase, debates, visionados de cortos&#8230;).<\/li>\n<li>Participaci\u00f3n en concursos literarios y art\u00edsticos.<\/li>\n<li>Taller Save the Children.<\/li>\n<li>Creaci\u00f3n de cortometrajes Acoso.<\/li>\n<\/ul>\n<\/li>\n<\/ul>\n<\/div>\n<\/div>\n<\/div>\n<p>&nbsp;<\/p>\n<\/div>\n<\/div>\n<p>[\/et_pb_text][\/et_pb_column][\/et_pb_row][\/et_pb_section]<\/p>\n","protected":false},"excerpt":{"rendered":"<p>Proyecto Escuela Espacio de Paz &nbsp; Coordinadora: D\u00aa. Beatriz Fern\u00e1ndez Mart\u00edn Contacto: 04001141.espaznicolas@g.educaand.es &nbsp; Bienvenidos. El IES Nicol\u00e1s Salmer\u00f3n y Alonso lleva participando de forma activa en la Red Escuela Espacio de Paz desde hace varios a\u00f1os. El objetivo de esta red es promover la reflexi\u00f3n, cooperaci\u00f3n, el trabajo en equipo, el di\u00e1logo y el [&hellip;]<\/p>\n","protected":false},"author":13523,"featured_media":0,"parent":0,"menu_order":0,"comment_status":"closed","ping_status":"closed","template":"","meta":{"_et_pb_use_builder":"on","_et_pb_old_content":"[vc_row thb_full_width=\"true\" thb_row_padding=\"true\" thb_column_padding=\"true\" content_placement=\"middle\" thb_scroll_bottom=\"true\" thb_scroll_bottom_style=\"style3\" thb_scroll_bottom_color=\"light\" css=\".vc_custom_1568628726912{padding-top: 30vh !important;padding-bottom: 25vh !important;background-image: url(https:\/\/blogsaverroes.juntadeandalucia.es\/nicolas-salmeron\/files\/2019\/09\/Espacio-de-paz-min.jpg?id=522) !important;background-position: center !important;background-repeat: no-repeat !important;background-size: cover !important;}\"][vc_column thb_color=\"thb-light-column\"][vc_row_inner][vc_column_inner offset=\"vc_col-lg-6 vc_col-md-9\"][thb_slidetype slide_text=\"\r\n<h1>*Proyecto Escuela Espacio de Paz*<\/h1>\r\n\"][vc_empty_space height=\"10px\"][vc_column_text]<strong>Coordinador:<\/strong> D. Ernesto Su\u00e1rez Cadenas\r\n\r\n<strong>Contacto:<\/strong> 04001141.espaznicolas@g.educaand.es[\/vc_column_text][vc_empty_space height=\"10px\"][vc_column_text animation=\"animation fade-in\"]Iniciativas, recursos y experiencias para la mejora de la convivencia escolar y la difusi\u00f3n de la Cultura de Paz.[\/vc_column_text][vc_empty_space height=\"20px\"][\/vc_column_inner][\/vc_row_inner][\/vc_column][\/vc_row][vc_row el_class=\"align-center\" css=\".vc_custom_1568066539357{padding-top: 7vh !important;padding-bottom: 7vh !important;background-color: #f9f9f9 !important;}\"][vc_column width=\"1\/2\" offset=\"vc_col-lg-5 vc_col-md-5\"][thb_slidetype slide_text=\"\r\n<h2>*Habla con la sonrisa.*<\/h2>\r\n\"][thb_slidetype slide_text=\"\r\n<h4><i>*\u00c9ric-Emmanuel Schmitt *<\/i><\/h4>\r\n\"][\/vc_column][vc_column width=\"1\/2\"][\/vc_column][\/vc_row][vc_row][vc_column][vc_column_text]\r\n<p style=\"padding-left: 40px\">Bienvenidos.<\/p>\r\n<p style=\"padding-left: 40px\">El IES Nicol\u00e1s Salmer\u00f3n y Alonso lleva participando de forma activa en la Red Escuela Espacio de Paz desde hace varios a\u00f1os. El objetivo de esta red es promover la reflexi\u00f3n, cooperaci\u00f3n, el trabajo en equip o, el di\u00e1logo y el consenso para la resoluci\u00f3n de conflictos. Sobre todo, formar a nuestro alumnado para que en el futuro sean\r\nciudadanos y ciudadanas responsables, activos y comprometidos con su entorno social, cultural y natural.<\/p>\r\n[\/vc_column_text][\/vc_column][\/vc_row][vc_row][vc_column][thb_slidetype slide_text=\"\r\n<h2><strong>*Actividades:*<\/strong><\/h2>\r\n\"][vc_column_text]\r\n<p style=\"padding-left: 40px\">Algunas de las actividades desarrolladas han sido:<\/p>\r\n[\/vc_column_text][\/vc_column][\/vc_row][vc_row][vc_column width=\"1\/4\"][thb_iconbox type=\"top type4\" heading=\"Participaci\u00f3n en concursos literarios y art\u00edsticos.\"][\/vc_column][vc_column width=\"1\/4\"][thb_iconbox type=\"top type4\" heading=\"Actividades de tutor\u00eda coordinadas por el departamento de Orientaci\u00f3n.\" description=\"Plan de acogida, normas de clase, debates, visionados de cortos, ...\"][\/vc_column][vc_column width=\"1\/4\"][thb_iconbox type=\"top type4\" heading=\"Creaci\u00f3n de cortometrajes sobre el acoso escolar.\"][\/vc_column][vc_column width=\"1\/4\"][thb_iconbox type=\"top type4\" heading=\"Taller Save the children.\"][\/vc_column][\/vc_row][vc_row disable_element=\"yes\" css=\".vc_custom_1569340750370{padding-top: 7vh !important;padding-bottom: 7vh !important;}\"][vc_column][vc_row_inner][vc_column_inner][thb_slidetype slide_text=\"\r\n<h1>*Publicaciones*<\/h1>\r\n\"][vc_empty_space height=\"20px\"][\/vc_column_inner][\/vc_row_inner][vc_row_inner][vc_column_inner][thb_post columns=\"3\" source=\"size:3|order_by:date|order:DESC|post_type:post\" style=\"style1\"][\/vc_column_inner][\/vc_row_inner][\/vc_column][\/vc_row]","_et_gb_content_width":"","ngg_post_thumbnail":0,"footnotes":""},"aioseo_notices":[],"_links":{"self":[{"href":"https:\/\/blogsaverroes.juntadeandalucia.es\/nicolas-salmeron\/wp-json\/wp\/v2\/pages\/422"}],"collection":[{"href":"https:\/\/blogsaverroes.juntadeandalucia.es\/nicolas-salmeron\/wp-json\/wp\/v2\/pages"}],"about":[{"href":"https:\/\/blogsaverroes.juntadeandalucia.es\/nicolas-salmeron\/wp-json\/wp\/v2\/types\/page"}],"author":[{"embeddable":true,"href":"https:\/\/blogsaverroes.juntadeandalucia.es\/nicolas-salmeron\/wp-json\/wp\/v2\/users\/13523"}],"replies":[{"embeddable":true,"href":"https:\/\/blogsaverroes.juntadeandalucia.es\/nicolas-salmeron\/wp-json\/wp\/v2\/comments?post=422"}],"version-history":[{"count":6,"href":"https:\/\/blogsaverroes.juntadeandalucia.es\/nicolas-salmeron\/wp-json\/wp\/v2\/pages\/422\/revisions"}],"predecessor-version":[{"id":2538,"href":"https:\/\/blogsaverroes.juntadeandalucia.es\/nicolas-salmeron\/wp-json\/wp\/v2\/pages\/422\/revisions\/2538"}],"wp:attachment":[{"href":"https:\/\/blogsaverroes.juntadeandalucia.es\/nicolas-salmeron\/wp-json\/wp\/v2\/media?parent=422"}],"curies":[{"name":"wp","href":"https:\/\/api.w.org\/{rel}","templated":true}]}}