{"id":463,"date":"2019-09-10T19:02:42","date_gmt":"2019-09-10T17:02:42","guid":{"rendered":"https:\/\/iesnicolassalmeron.es\/?page_id=463"},"modified":"2025-05-09T13:27:51","modified_gmt":"2025-05-09T12:27:51","slug":"plan-de-igualdad","status":"publish","type":"page","link":"https:\/\/blogsaverroes.juntadeandalucia.es\/nicolas-salmeron\/plan-de-igualdad\/","title":{"rendered":"Plan de Igualdad"},"content":{"rendered":"<p>[et_pb_section fb_built=&#8221;1&#8243; admin_label=&#8221;section&#8221; _builder_version=&#8221;4.16&#8243; global_colors_info=&#8221;{}&#8221;][et_pb_row admin_label=&#8221;row&#8221; _builder_version=&#8221;4.16&#8243; background_size=&#8221;initial&#8221; background_position=&#8221;top_left&#8221; background_repeat=&#8221;repeat&#8221; global_colors_info=&#8221;{}&#8221;][et_pb_column type=&#8221;4_4&#8243; _builder_version=&#8221;4.16&#8243; custom_padding=&#8221;|||&#8221; global_colors_info=&#8221;{}&#8221; custom_padding__hover=&#8221;|||&#8221;][et_pb_text admin_label=&#8221;Text&#8221; _builder_version=&#8221;4.24.2&#8243; background_size=&#8221;initial&#8221; background_position=&#8221;top_left&#8221; background_repeat=&#8221;repeat&#8221; hover_enabled=&#8221;0&#8243; global_colors_info=&#8221;{}&#8221; sticky_enabled=&#8221;0&#8243;]<\/p>\n<h1><span style=\"color: #e02b20\"><strong>Plan de Igualdad<\/strong><\/span><\/h1>\n<p>&nbsp;<\/p>\n<p><strong>Coordinadora:<\/strong> D.\u00aa Consuelo Alonso Alarc\u00f3n<\/p>\n<p><strong>Contacto:<\/strong> <a href=\"mailto:04001141.igualdadnicolas@g.educaand.es\">04001141.igualdadnicolas@g.educaand.es<\/a><\/p>\n<p>&nbsp;<\/p>\n<p style=\"text-align: left\"><span style=\"font-size: 14pt\"><strong>Nuestra visi\u00f3n tiene una doble vertiente:<\/strong><\/span><\/p>\n<p>&nbsp;<\/p>\n<ul>\n<li>Por un lado es importante que en los curr\u00edculos de nuestras asignaturas est\u00e9 presente este concepto de igualdad , nombrando hombres y mujeres importantes, haciendo un lenguaje inclusivo, evitando roles en cuanto a las actitudes. Contribuyendo en las act ividades comunes que se proponen en el centro en d\u00edas se\u00f1alados como: d\u00eda contra la violencia de g\u00e9nero, d\u00eda de la mujer en la ciencia, d\u00eda de la mujer as\u00ed como cualquier otro que se considere oportuno en la ciencia, d\u00eda de la mujer as\u00ed como cualquier otro que se considere oportuno para trabajar&nbsp; individualmente en clase y sea enriquecepara trabajar individualmente en clase y sea enriquecedor para el alumnado.<\/li>\n<\/ul>\n<p>&nbsp;<\/p>\n<ul>\n<li>La otra vertiente ser\u00eda la que yo humildemente hago para asesorar sobre actividades, proponer algunas comunes, proporcionar material : V\u00eddeo, pel\u00edculas, documentales, cortos, canciones, actividades, art\u00edculos de peri\u00f3dico\u2026 y todo aquello que tengo recogido y que pongo a la disposici\u00f3n de todos los compa\u00f1eros cada a\u00f1o.<\/li>\n<\/ul>\n<p>[\/et_pb_text][\/et_pb_column][\/et_pb_row][\/et_pb_section]<\/p>\n","protected":false},"excerpt":{"rendered":"<p>Plan de Igualdad &nbsp; Coordinadora: D.\u00aa Consuelo Alonso Alarc\u00f3n Contacto: 04001141.igualdadnicolas@g.educaand.es &nbsp; Nuestra visi\u00f3n tiene una doble vertiente: &nbsp; Por un lado es importante que en los curr\u00edculos de nuestras asignaturas est\u00e9 presente este concepto de igualdad , nombrando hombres y mujeres importantes, haciendo un lenguaje inclusivo, evitando roles en cuanto a las actitudes. Contribuyendo [&hellip;]<\/p>\n","protected":false},"author":13523,"featured_media":0,"parent":0,"menu_order":0,"comment_status":"closed","ping_status":"closed","template":"","meta":{"_et_pb_use_builder":"on","_et_pb_old_content":"[vc_row thb_full_width=\"true\" thb_row_padding=\"true\" thb_column_padding=\"true\" content_placement=\"middle\" thb_scroll_bottom=\"true\" thb_scroll_bottom_style=\"style3\" thb_scroll_bottom_color=\"light\" css=\".vc_custom_1568628243544{padding-top: 30vh !important;padding-bottom: 25vh !important;background-image: url(https:\/\/blogsaverroes.juntadeandalucia.es\/nicolas-salmeron\/files\/2019\/09\/plan-de-igualdad-min.jpg?id=527) !important;background-position: center !important;background-repeat: no-repeat !important;background-size: cover !important;}\"][vc_column thb_color=\"thb-light-column\"][vc_row_inner][vc_column_inner offset=\"vc_col-lg-6 vc_col-md-9\"][thb_slidetype slide_text=\"\r\n<h1>*Plan de Igualdad*<\/h1>\r\n\"][vc_empty_space height=\"10px\"][vc_column_text]<strong>Coordinadora:<\/strong> D.\u00aa Luisa L\u00f3pez Hita\r\n\r\n<strong>Contacto:<\/strong> 04001141.igualdadnicolas@g.educaand.es[\/vc_column_text][vc_empty_space height=\"10px\"][vc_column_text animation=\"animation fade-in\"]Ten\u00eda en su casa una ama que pasaba de los cuarenta, y una sobrina que no llegaba a los veinte, y un mozo de campo y plaza, que as\u00ed ensillaba el roc\u00edn como tomaba la podadera.[\/vc_column_text][vc_empty_space height=\"20px\"][\/vc_column_inner][\/vc_row_inner][\/vc_column][\/vc_row][vc_row thb_full_width=\"true\" thb_row_padding=\"true\" thb_column_padding=\"true\" content_placement=\"middle\" thb_scroll_bottom=\"true\" thb_scroll_bottom_style=\"style3\" thb_scroll_bottom_color=\"light\" css=\".vc_custom_1568100065166{padding-top: 7vh !important;padding-bottom: 7vh !important;background-color: #f7f7f7 !important;background-position: center !important;background-repeat: no-repeat !important;background-size: cover !important;}\"][vc_column thb_color=\"thb-light-column\"][vc_row_inner][vc_column_inner width=\"1\/2\" offset=\"vc_col-lg-6 vc_col-md-9\"][thb_slidetype slide_text=\"\r\n<h2>*El grito de la igualdad mueve a todo el mundo.*<\/h2>\r\n\" thb_animated_color=\"#000000\"][thb_slidetype slide_text=\"\r\n<h4><i>*Iris Murdoch*<\/i><\/h4>\r\n\" thb_animated_color=\"#000000\"][\/vc_column_inner][vc_column_inner width=\"1\/2\"][\/vc_column_inner][\/vc_row_inner][\/vc_column][\/vc_row][vc_row disable_element=\"yes\" css=\".vc_custom_1569341149276{padding-top: 7vh !important;padding-bottom: 7vh !important;}\"][vc_column][vc_row_inner][vc_column_inner][thb_slidetype slide_text=\"\r\n<h1>*Publicaciones*<\/h1>\r\n\"][vc_empty_space height=\"20px\"][\/vc_column_inner][\/vc_row_inner][vc_row_inner][vc_column_inner][thb_post columns=\"3\" source=\"size:3|order_by:date|order:DESC|post_type:post\" style=\"style1\"][\/vc_column_inner][\/vc_row_inner][\/vc_column][\/vc_row][vc_row][vc_column][vc_column_text]\r\n<p style=\"text-align: left\"><strong>Nuestra visi\u00f3n tiene una doble vertiente:<\/strong><\/p>\r\n[\/vc_column_text][vc_column_text]\r\n<ul>\r\n \t<li>Por un lado es importante que en los curr\u00edculos de nuestras asignaturas est\u00e9 presente este concepto de igualdad , nombrando hombres y mujeres importantes, haciendo un lenguaje inclusivo, evitando roles en cuanto a las actitudes. Contribuyendo en las act ividades comunes que se proponen en el centro en d\u00edas se\u00f1alados como: d\u00eda contra la violencia de g\u00e9nero, d\u00eda de la mujer en la ciencia, d\u00eda de la mujer as\u00ed como cualquier otro que se considere oportuno en la ciencia, d\u00eda de la mujer as\u00ed como cualquier otro que se considere oportuno para trabajar\u00a0 individualmente en clase y sea enriquecepara trabajar individualmente en clase y sea enriquecedor para el alumnado.<\/li>\r\n<\/ul>\r\n[\/vc_column_text][vc_column_text]\r\n<ul>\r\n \t<li>La otra vertiente ser\u00eda la que yo humildemente hago para asesorar sobre actividades, proponer algunas comunes, proporcionar material : V\u00eddeo, pel\u00edculas, documentales ,cortos, canciones, actividades, art\u00edculos de peri\u00f3dico\u2026 y todo aquello que tengo recogido y que pongo a la disposici\u00f3n de todos los compa\u00f1eros cada a\u00f1o.<\/li>\r\n<\/ul>\r\n[\/vc_column_text][\/vc_column][\/vc_row][vc_row][vc_column][\/vc_column][\/vc_row]","_et_gb_content_width":"","ngg_post_thumbnail":0,"footnotes":""},"aioseo_notices":[],"_links":{"self":[{"href":"https:\/\/blogsaverroes.juntadeandalucia.es\/nicolas-salmeron\/wp-json\/wp\/v2\/pages\/463"}],"collection":[{"href":"https:\/\/blogsaverroes.juntadeandalucia.es\/nicolas-salmeron\/wp-json\/wp\/v2\/pages"}],"about":[{"href":"https:\/\/blogsaverroes.juntadeandalucia.es\/nicolas-salmeron\/wp-json\/wp\/v2\/types\/page"}],"author":[{"embeddable":true,"href":"https:\/\/blogsaverroes.juntadeandalucia.es\/nicolas-salmeron\/wp-json\/wp\/v2\/users\/13523"}],"replies":[{"embeddable":true,"href":"https:\/\/blogsaverroes.juntadeandalucia.es\/nicolas-salmeron\/wp-json\/wp\/v2\/comments?post=463"}],"version-history":[{"count":6,"href":"https:\/\/blogsaverroes.juntadeandalucia.es\/nicolas-salmeron\/wp-json\/wp\/v2\/pages\/463\/revisions"}],"predecessor-version":[{"id":2548,"href":"https:\/\/blogsaverroes.juntadeandalucia.es\/nicolas-salmeron\/wp-json\/wp\/v2\/pages\/463\/revisions\/2548"}],"wp:attachment":[{"href":"https:\/\/blogsaverroes.juntadeandalucia.es\/nicolas-salmeron\/wp-json\/wp\/v2\/media?parent=463"}],"curies":[{"name":"wp","href":"https:\/\/api.w.org\/{rel}","templated":true}]}}

<p>[et_pb_section fb_built=&#8221;1&#8243; admin_label=&#8221;section&#8221; _builder_version=&#8221;4.16&#8243; global_colors_info=&#8221;{}&#8221;][et_pb_row admin_label=&#8221;row&#8221; _builder_version=&#8221;4.16&#8243; background_size=&#8221;initial&#8221; background_position=&#8221;top_left&#8221; background_repeat=&#8221;repeat&#8221; global_colors_info=&#8221;{}&#8221;][et_pb_column type=&#8221;4_4&#8243; _builder_version=&#8221;4.16&#8243; custom_padding=&#8221;|||&#8221; global_colors_info=&#8221;{}&#8221; custom_padding__hover=&#8221;|||&#8221;][et_pb_text admin_label=&#8221;Text&#8221; _builder_version=&#8221;4.24.2&#8243; background_size=&#8221;initial&#8221; background_position=&#8221;top_left&#8221; background_repeat=&#8221;repeat&#8221; hover_enabled=&#8221;0&#8243; global_colors_info=&#8221;{}&#8221; sticky_enabled=&#8221;0&#8243;]</p>
<h1><span style="color: #e02b20"><strong>Plan de Igualdad</strong></span></h1>
<p>&nbsp;</p>
<p><strong>Coordinadora:</strong> D.ª Consuelo Alonso Alarcón</p>
<p><strong>Contacto:</strong> <a href="mailto:04001141.igualdadnicolas@g.educaand.es">04001141.igualdadnicolas@g.educaand.es</a></p>
<p>&nbsp;</p>
<p style="text-align: left"><span style="font-size: 14pt"><strong>Nuestra visión tiene una doble vertiente:</strong></span></p>
<p>&nbsp;</p>
<ul>
<li>Por un lado es importante que en los currículos de nuestras asignaturas esté presente este concepto de igualdad , nombrando hombres y mujeres importantes, haciendo un lenguaje inclusivo, evitando roles en cuanto a las actitudes. Contribuyendo en las act ividades comunes que se proponen en el centro en días señalados como: día contra la violencia de género, día de la mujer en la ciencia, día de la mujer así como cualquier otro que se considere oportuno en la ciencia, día de la mujer así como cualquier otro que se considere oportuno para trabajar&nbsp; individualmente en clase y sea enriquecepara trabajar individualmente en clase y sea enriquecedor para el alumnado.</li>
</ul>
<p>&nbsp;</p>
<ul>
<li>La otra vertiente sería la que yo humildemente hago para asesorar sobre actividades, proponer algunas comunes, proporcionar material : Vídeo, películas, documentales, cortos, canciones, actividades, artículos de periódico… y todo aquello que tengo recogido y que pongo a la disposición de todos los compañeros cada año.</li>
</ul>
<p>[/et_pb_text][/et_pb_column][/et_pb_row][/et_pb_section]</p>

<p>Plan de Igualdad &nbsp; Coordinadora: D.ª Consuelo Alonso Alarcón Contacto: 04001141.igualdadnicolas@g.educaand.es &nbsp; Nuestra visión tiene una doble vertiente: &nbsp; Por un lado es importante que en los currículos de nuestras asignaturas esté presente este concepto de igualdad , nombrando hombres y mujeres importantes, haciendo un lenguaje inclusivo, evitando roles en cuanto a las actitudes. Contribuyendo [&hellip;]</p>

[vc_row thb_full_width="true" thb_row_padding="true" thb_column_padding="true" content_placement="middle" thb_scroll_bottom="true" thb_scroll_bottom_style="style3" thb_scroll_bottom_color="light" css=".vc_custom_1568628243544{padding-top: 30vh !important;padding-bottom: 25vh !important;background-image: url(https://blogsaverroes.juntadeandalucia.es/nicolas-salmeron/files/2019/09/plan-de-igualdad-min.jpg?id=527) !important;background-position: center !important;background-repeat: no-repeat !important;background-size: cover !important;}"][vc_column thb_color="thb-light-column"][vc_row_inner][vc_column_inner offset="vc_col-lg-6 vc_col-md-9"][thb_slidetype slide_text="
<h1>*Plan de Igualdad*</h1>
"][vc_empty_space height="10px"][vc_column_text]<strong>Coordinadora:</strong> D.ª Luisa López Hita

<strong>Contacto:</strong> 04001141.igualdadnicolas@g.educaand.es[/vc_column_text][vc_empty_space height="10px"][vc_column_text animation="animation fade-in"]Tenía en su casa una ama que pasaba de los cuarenta, y una sobrina que no llegaba a los veinte, y un mozo de campo y plaza, que así ensillaba el rocín como tomaba la podadera.[/vc_column_text][vc_empty_space height="20px"][/vc_column_inner][/vc_row_inner][/vc_column][/vc_row][vc_row thb_full_width="true" thb_row_padding="true" thb_column_padding="true" content_placement="middle" thb_scroll_bottom="true" thb_scroll_bottom_style="style3" thb_scroll_bottom_color="light" css=".vc_custom_1568100065166{padding-top: 7vh !important;padding-bottom: 7vh !important;background-color: #f7f7f7 !important;background-position: center !important;background-repeat: no-repeat !important;background-size: cover !important;}"][vc_column thb_color="thb-light-column"][vc_row_inner][vc_column_inner width="1/2" offset="vc_col-lg-6 vc_col-md-9"][thb_slidetype slide_text="
<h2>*El grito de la igualdad mueve a todo el mundo.*</h2>
" thb_animated_color="#000000"][thb_slidetype slide_text="
<h4><i>*Iris Murdoch*</i></h4>
" thb_animated_color="#000000"][/vc_column_inner][vc_column_inner width="1/2"][/vc_column_inner][/vc_row_inner][/vc_column][/vc_row][vc_row disable_element="yes" css=".vc_custom_1569341149276{padding-top: 7vh !important;padding-bottom: 7vh !important;}"][vc_column][vc_row_inner][vc_column_inner][thb_slidetype slide_text="
<h1>*Publicaciones*</h1>
"][vc_empty_space height="20px"][/vc_column_inner][/vc_row_inner][vc_row_inner][vc_column_inner][thb_post columns="3" source="size:3|order_by:date|order:DESC|post_type:post" style="style1"][/vc_column_inner][/vc_row_inner][/vc_column][/vc_row][vc_row][vc_column][vc_column_text]
<p style="text-align: left"><strong>Nuestra visión tiene una doble vertiente:</strong></p>
[/vc_column_text][vc_column_text]
<ul>
 	<li>Por un lado es importante que en los currículos de nuestras asignaturas esté presente este concepto de igualdad , nombrando hombres y mujeres importantes, haciendo un lenguaje inclusivo, evitando roles en cuanto a las actitudes. Contribuyendo en las act ividades comunes que se proponen en el centro en días señalados como: día contra la violencia de género, día de la mujer en la ciencia, día de la mujer así como cualquier otro que se considere oportuno en la ciencia, día de la mujer así como cualquier otro que se considere oportuno para trabajar  individualmente en clase y sea enriquecepara trabajar individualmente en clase y sea enriquecedor para el alumnado.</li>
</ul>
[/vc_column_text][vc_column_text]
<ul>
 	<li>La otra vertiente sería la que yo humildemente hago para asesorar sobre actividades, proponer algunas comunes, proporcionar material : Vídeo, películas, documentales ,cortos, canciones, actividades, artículos de periódico… y todo aquello que tengo recogido y que pongo a la disposición de todos los compañeros cada año.</li>
</ul>
[/vc_column_text][/vc_column][/vc_row][vc_row][vc_column][/vc_column][/vc_row]
