{"id":857,"date":"2020-02-25T12:23:47","date_gmt":"2020-02-25T11:23:47","guid":{"rendered":"https:\/\/iesnicolassalmeron.es\/?page_id=857"},"modified":"2025-09-22T11:26:09","modified_gmt":"2025-09-22T10:26:09","slug":"proyecto-aldea","status":"publish","type":"page","link":"https:\/\/blogsaverroes.juntadeandalucia.es\/nicolas-salmeron\/proyecto-aldea\/","title":{"rendered":"Programa Aldea, Educaci\u00f3n Ambiental para la Comunidad Educativa"},"content":{"rendered":"<p>[et_pb_section fb_built=&#8221;1&#8243; admin_label=&#8221;section&#8221; _builder_version=&#8221;4.16&#8243; global_colors_info=&#8221;{}&#8221;][et_pb_row admin_label=&#8221;row&#8221; _builder_version=&#8221;4.16&#8243; background_size=&#8221;initial&#8221; background_position=&#8221;top_left&#8221; background_repeat=&#8221;repeat&#8221; global_colors_info=&#8221;{}&#8221;][et_pb_column type=&#8221;4_4&#8243; _builder_version=&#8221;4.16&#8243; custom_padding=&#8221;|||&#8221; global_colors_info=&#8221;{}&#8221; custom_padding__hover=&#8221;|||&#8221;][et_pb_text admin_label=&#8221;Text&#8221; _builder_version=&#8221;4.24.2&#8243; background_size=&#8221;initial&#8221; background_position=&#8221;top_left&#8221; background_repeat=&#8221;repeat&#8221; hover_enabled=&#8221;0&#8243; global_colors_info=&#8221;{}&#8221; sticky_enabled=&#8221;0&#8243;]<\/p>\n<h1><span style=\"color: #e02b20\"><strong>Programa Aldea, Educaci\u00f3n Ambiental para la Comunidad Educativa<\/strong><\/span><\/h1>\n<p>&nbsp;<\/p>\n<p><strong>Coordinador:<\/strong> D. Juan Cuadrado Le\u00f3n<\/p>\n<p><strong>Contacto:<\/strong> <a href=\"mailto:04001141.aldeanicolas@g.educaand.es\">04001141.aldeanicolas@g.educaand.es<\/a><\/p>\n<p>&nbsp;<\/p>\n<p>Con el programa ALDEA del Centro se promueve el desarrollo de iniciativas y procesos de educaci\u00f3n y sensibilizaci\u00f3n ambiental en nuestro alumnado con actividades variadas que versan sobre el cambio clim\u00e1tico, la gesti\u00f3n de residuos y la conservaci\u00f3n del&nbsp;entorno natural desde todas las \u00e1reas, de forma que sean conscientes de la importancia de las acciones individuales para el beneficio colectivo del planeta.<\/p>\n<p>[\/et_pb_text][\/et_pb_column][\/et_pb_row][\/et_pb_section]<\/p>\n","protected":false},"excerpt":{"rendered":"<p>Programa Aldea, Educaci\u00f3n Ambiental para la Comunidad Educativa &nbsp; Coordinador: D. Juan Cuadrado Le\u00f3n Contacto: 04001141.aldeanicolas@g.educaand.es &nbsp; Con el programa ALDEA del Centro se promueve el desarrollo de iniciativas y procesos de educaci\u00f3n y sensibilizaci\u00f3n ambiental en nuestro alumnado con actividades variadas que versan sobre el cambio clim\u00e1tico, la gesti\u00f3n de residuos y la conservaci\u00f3n [&hellip;]<\/p>\n","protected":false},"author":13523,"featured_media":710,"parent":0,"menu_order":0,"comment_status":"closed","ping_status":"closed","template":"","meta":{"_et_pb_use_builder":"on","_et_pb_old_content":"[vc_row thb_full_width=\"true\" thb_row_padding=\"true\" thb_column_padding=\"true\" content_placement=\"middle\" thb_scroll_bottom=\"true\" thb_scroll_bottom_style=\"style3\" thb_scroll_bottom_color=\"light\" css=\".vc_custom_1576175442818{padding-top: 30vh !important;padding-bottom: 25vh !important;background-image: url(https:\/\/blogsaverroes.juntadeandalucia.es\/nicolas-salmeron\/files\/2019\/11\/Portada-aldea.jpg?id=736) !important;background-position: center !important;background-repeat: no-repeat !important;background-size: cover !important;}\"][vc_column thb_color=\"thb-light-column\"][\/vc_column][\/vc_row][vc_row thb_full_width=\"true\" thb_row_padding=\"true\" thb_column_padding=\"true\" content_placement=\"middle\" thb_scroll_bottom=\"true\" thb_scroll_bottom_style=\"style3\" thb_scroll_bottom_color=\"light\" css=\".vc_custom_1605181993661{padding-top: 7vh !important;padding-bottom: 7vh !important;background-color: #939393 !important;background-position: center !important;background-repeat: no-repeat !important;background-size: cover !important;}\"][vc_column thb_color=\"thb-light-column\"][vc_row_inner css=\".vc_custom_1576176762628{background-position: center !important;background-repeat: no-repeat !important;background-size: cover !important;}\"][vc_column_inner width=\"1\/2\" offset=\"vc_col-lg-6 vc_col-md-9\"][thb_slidetype slide_text=\"\r\n<h1>*Proyecto Aldea*<\/h1>\r\n\"][vc_empty_space height=\"10px\"][vc_column_text]<strong>Coordinadora:<\/strong> D.\u00aa Mar\u00eda Dolores Hoyos Garc\u00eda\r\n\r\n<strong>Contacto:<\/strong> 04001141.aldeanicolas@g.educaand.es[\/vc_column_text][vc_empty_space height=\"10px\"][thb_slidetype slide_text=\"\r\n<h2>*La Tierra no es una herencia de nuestros padres, sino un pr\u00e9stamo de nuestros hijos.*<\/h2>\r\n\" thb_animated_color=\"#000000\"][thb_slidetype slide_text=\"\r\n<h4><i>*Proverbio Indio*<\/i><\/h4>\r\n\" thb_animated_color=\"#000000\"][\/vc_column_inner][vc_column_inner width=\"1\/2\" css=\".vc_custom_1576176753637{background-image: url(https:\/\/blogsaverroes.juntadeandalucia.es\/nicolas-salmeron\/files\/2019\/11\/Banner-ALDEA-e1582630900648.jpg?id=710) !important;background-position: center !important;background-repeat: no-repeat !important;background-size: cover !important;}\"][\/vc_column_inner][\/vc_row_inner][\/vc_column][vc_column][vc_empty_space][vc_column_text]\r\n<p style=\"padding-left: 40px\"><span style=\"color: #000000\">Nuestro Centro forma parte del programa de educaci\u00f3n ambiental ALDEA, en la modalidad B. Concretamente en los proyectos tem\u00e1ticos sobre Educaci\u00f3n Ambiental en sostenibilidad, cambio global y Espacios Naturales.<\/span><\/p>\r\n<p style=\"padding-left: 40px\"><span style=\"color: #000000\">Bajo el t\u00edtulo de \u201cRecapaciclate\u201d se desarrollan diferentes actividades para sensibilizar a la comunidad educativa sobre de la gran cantidad de residuos que generamos en el Centro y de la necesidad de su reducci\u00f3n y adecuada gesti\u00f3n para contribuir a la mejora de nuestro entorno y tomar conciencia de la responsabilidad colectiva del problema, promoviendo actitudes y comportamientos ahorradores de energ\u00eda y respetuosos con el medio ambiente<\/span><\/p>\r\n[\/vc_column_text][vc_column_text]\r\n<p style=\"padding-left: 40px\"><span style=\"color: #000000\">Con el programa ALDEA del Centro se promueve el desarrollo de iniciativas y procesos de educaci\u00f3n y sensibilizaci\u00f3n ambiental en nuestro alumnado con actividades variadas que versan sobre el cambio clim\u00e1tico, la gesti\u00f3n de residuos y la conservaci\u00f3n del entorno natural desde todas las \u00e1reas, de forma que sean conscientes de la importancia de las acciones individuales para el beneficio colectivo del planeta.<\/span><\/p>\r\n[\/vc_column_text][vc_empty_space height=\"10px\"][thb_slidetype slide_text=\"\r\n<h1>*Descripci\u00f3n*<\/h1>\r\n\" thb_animated_color=\"#ffffff\"][vc_empty_space height=\"10px\"][vc_column_text]\r\n<p style=\"padding-left: 40px\"><span style=\"color: #000000\">El Programa <em>Aldea, Educaci\u00f3n Ambiental para la Comunidad Educativa<\/em>, constituye una herramienta para el desarrollo de las competencias del alumnado en materia de Educaci\u00f3n Ambiental, el intercambio de experiencias, el trabajo en equipo y la creaci\u00f3n de redes profesionales, facilitando la introducci\u00f3n y el desarrollo de contenidos relacionados con el cambio clim\u00e1tico, la bioclimatizaci\u00f3n, el medio forestal y litoral, la gesti\u00f3n y reducci\u00f3n de residuos, la conservaci\u00f3n de la biodiversidad o el conocimiento de los Espacios Naturales Protegidos de Andaluc\u00eda en el <strong>Proyecto Educativo de Centro<\/strong>.<\/span><\/p>\r\n<p style=\"padding-left: 40px\"><span style=\"color: #000000\">El profesorado, partiendo del an\u00e1lisis del entorno y a trav\u00e9s de una metodolog\u00eda democr\u00e1tica y participativa en la que el alumnado tiene un papel protagonista en su proceso de ense\u00f1anza-aprendizaje, guiar\u00e1 el trabajo y las investigaciones para enfatizar los aspectos positivos de preservar el Medio Ambiente.<\/span><\/p>\r\n<p style=\"padding-left: 40px\"><span style=\"color: #000000\">Ante la situaci\u00f3n de emergencia clim\u00e1tica actual, la <strong>renaturalizaci\u00f3n de espacios, el cambio clim\u00e1tico, el desarrollo sostenible y las relaciones del ser humano con su entorno social y natural (competencia ecosocial)<\/strong> ser\u00e1n los ejes que vertebrar\u00e1n el desarrollo de cualquier l\u00ednea de intervenci\u00f3n.<\/span><\/p>\r\n[\/vc_column_text][vc_empty_space height=\"10px\"][thb_slidetype slide_text=\"\r\n<h1>*Objetivos del programa*<\/h1>\r\n\" thb_animated_color=\"#ffffff\"][vc_empty_space height=\"10px\"][vc_column_text]\r\n<p style=\"padding-left: 40px\"><span style=\"color: #000000\">Desarrollar un Programa de educaci\u00f3n ambiental desde una perspectiva integral, con enfoques did\u00e1cticos innovadores, fomentando la acci\u00f3n participativa de toda la comunidad educativa y promoviendo l\u00edneas de intervenci\u00f3n sobre distintos escenarios y situaciones que den respuesta a problem\u00e1ticas ambientales relacionadas con: medio urbano, cambio clim\u00e1tico, relaciones del ser humano con su entorno social y natural (\u00e1mbito ecosocial), energ\u00edas, biodiversidad, h\u00e1bitats y espacios naturales, litoral, agua, bosques, aves, residuos y\/o consumo.<\/span><\/p>\r\n<p style=\"padding-left: 40px\"><span style=\"color: #000000\">Se trata en definitiva de promover <strong>las escuelas como entornos de aprendizaje sostenible impulsoras de la transformaci\u00f3n f\u00edsica y social<\/strong>, donde profesorado y alumnado integren los principios de la educaci\u00f3n ecosocial en su pr\u00e1ctica cotidiana.<\/span><\/p>\r\n[\/vc_column_text][\/vc_column][\/vc_row][vc_row thb_full_width=\"true\" thb_row_padding=\"true\" thb_column_padding=\"true\" content_placement=\"middle\" thb_scroll_bottom=\"true\" thb_scroll_bottom_style=\"style3\" thb_scroll_bottom_color=\"light\" css=\".vc_custom_1576176727033{padding-top: 7vh !important;padding-bottom: 7vh !important;background-color: #ffffff !important;background-position: center !important;background-repeat: no-repeat !important;background-size: cover !important;}\"][vc_column thb_color=\"thb-light-column\"][thb_post columns=\"3\" source=\"size:3|order_by:date|order:DESC|post_type:post|categories:112\" style=\"style5\"][\/vc_column][\/vc_row][vc_row disable_element=\"yes\" css=\".vc_custom_1569341074547{padding-top: 7vh !important;padding-bottom: 7vh !important;}\"][vc_column][\/vc_column][\/vc_row]","_et_gb_content_width":"","ngg_post_thumbnail":0,"footnotes":""},"aioseo_notices":[],"_links":{"self":[{"href":"https:\/\/blogsaverroes.juntadeandalucia.es\/nicolas-salmeron\/wp-json\/wp\/v2\/pages\/857"}],"collection":[{"href":"https:\/\/blogsaverroes.juntadeandalucia.es\/nicolas-salmeron\/wp-json\/wp\/v2\/pages"}],"about":[{"href":"https:\/\/blogsaverroes.juntadeandalucia.es\/nicolas-salmeron\/wp-json\/wp\/v2\/types\/page"}],"author":[{"embeddable":true,"href":"https:\/\/blogsaverroes.juntadeandalucia.es\/nicolas-salmeron\/wp-json\/wp\/v2\/users\/13523"}],"replies":[{"embeddable":true,"href":"https:\/\/blogsaverroes.juntadeandalucia.es\/nicolas-salmeron\/wp-json\/wp\/v2\/comments?post=857"}],"version-history":[{"count":8,"href":"https:\/\/blogsaverroes.juntadeandalucia.es\/nicolas-salmeron\/wp-json\/wp\/v2\/pages\/857\/revisions"}],"predecessor-version":[{"id":3049,"href":"https:\/\/blogsaverroes.juntadeandalucia.es\/nicolas-salmeron\/wp-json\/wp\/v2\/pages\/857\/revisions\/3049"}],"wp:featuredmedia":[{"embeddable":true,"href":"https:\/\/blogsaverroes.juntadeandalucia.es\/nicolas-salmeron\/wp-json\/wp\/v2\/media\/710"}],"wp:attachment":[{"href":"https:\/\/blogsaverroes.juntadeandalucia.es\/nicolas-salmeron\/wp-json\/wp\/v2\/media?parent=857"}],"curies":[{"name":"wp","href":"https:\/\/api.w.org\/{rel}","templated":true}]}}