{"id":65,"date":"2019-03-26T16:37:02","date_gmt":"2019-03-26T16:37:02","guid":{"rendered":"https:\/\/blogsaverroes.juntadeandalucia.es\/nudotrasnudo\/?page_id=65"},"modified":"2019-03-26T16:58:19","modified_gmt":"2019-03-26T16:58:19","slug":"bibliografia","status":"publish","type":"page","link":"https:\/\/blogsaverroes.juntadeandalucia.es\/nudotrasnudo\/bibliografia\/","title":{"rendered":"Bibliograf\u00eda"},"content":{"rendered":"<p><img loading=\"lazy\" decoding=\"async\" class=\" wp-image-67 alignnone\" src=\"https:\/\/blogsaverroes.juntadeandalucia.es\/nudotrasnudo\/files\/2019\/03\/20190326_171719-201x300.jpg\" alt=\"\" width=\"230\" height=\"343\" srcset=\"https:\/\/blogsaverroes.juntadeandalucia.es\/nudotrasnudo\/files\/2019\/03\/20190326_171719-201x300.jpg 201w, https:\/\/blogsaverroes.juntadeandalucia.es\/nudotrasnudo\/files\/2019\/03\/20190326_171719-768x1147.jpg 768w, https:\/\/blogsaverroes.juntadeandalucia.es\/nudotrasnudo\/files\/2019\/03\/20190326_171719-685x1024.jpg 685w, https:\/\/blogsaverroes.juntadeandalucia.es\/nudotrasnudo\/files\/2019\/03\/20190326_171719-700x1046.jpg 700w, https:\/\/blogsaverroes.juntadeandalucia.es\/nudotrasnudo\/files\/2019\/03\/20190326_171719-332x496.jpg 332w, https:\/\/blogsaverroes.juntadeandalucia.es\/nudotrasnudo\/files\/2019\/03\/20190326_171719-16x24.jpg 16w, https:\/\/blogsaverroes.juntadeandalucia.es\/nudotrasnudo\/files\/2019\/03\/20190326_171719-24x36.jpg 24w, https:\/\/blogsaverroes.juntadeandalucia.es\/nudotrasnudo\/files\/2019\/03\/20190326_171719-32x48.jpg 32w, https:\/\/blogsaverroes.juntadeandalucia.es\/nudotrasnudo\/files\/2019\/03\/20190326_171719.jpg 1071w\" sizes=\"(max-width: 230px) 100vw, 230px\" \/><img loading=\"lazy\" decoding=\"async\" class=\"alignnone wp-image-75\" src=\"https:\/\/blogsaverroes.juntadeandalucia.es\/nudotrasnudo\/files\/2019\/03\/20190326_175011-300x245.jpg\" alt=\"\" width=\"420\" height=\"342\" srcset=\"https:\/\/blogsaverroes.juntadeandalucia.es\/nudotrasnudo\/files\/2019\/03\/20190326_175011-300x245.jpg 300w, https:\/\/blogsaverroes.juntadeandalucia.es\/nudotrasnudo\/files\/2019\/03\/20190326_175011-768x627.jpg 768w, https:\/\/blogsaverroes.juntadeandalucia.es\/nudotrasnudo\/files\/2019\/03\/20190326_175011-1024x836.jpg 1024w, https:\/\/blogsaverroes.juntadeandalucia.es\/nudotrasnudo\/files\/2019\/03\/20190326_175011-700x571.jpg 700w, https:\/\/blogsaverroes.juntadeandalucia.es\/nudotrasnudo\/files\/2019\/03\/20190326_175011-332x271.jpg 332w, https:\/\/blogsaverroes.juntadeandalucia.es\/nudotrasnudo\/files\/2019\/03\/20190326_175011-24x20.jpg 24w, https:\/\/blogsaverroes.juntadeandalucia.es\/nudotrasnudo\/files\/2019\/03\/20190326_175011-36x29.jpg 36w, https:\/\/blogsaverroes.juntadeandalucia.es\/nudotrasnudo\/files\/2019\/03\/20190326_175011-48x39.jpg 48w, https:\/\/blogsaverroes.juntadeandalucia.es\/nudotrasnudo\/files\/2019\/03\/20190326_175011.jpg 1600w\" sizes=\"(max-width: 420px) 100vw, 420px\" \/><\/p>\n<p>Los libros son parte de mi vida y siempre&nbsp;pienso que son parte de la vida de cualquier persona. Aqu\u00ed tenemos mi rinc\u00f3n del crochet, que cada ir\u00e1 ocupando un poco m\u00e1s. Vamos a verlo:<\/p>\n<div class=\"a-section a-spacing-none\">\n<ul>\n<li style=\"list-style-type: none\">\n<ul style=\"list-style-type: disc\">\n<li><a href=\"https:\/\/www.amazon.es\/Taller-ganchillo-proyectos-inspiradores-aprender\/dp\/8415317093\/ref=sr_1_1?ie=UTF8&amp;qid=1553617492&amp;sr=8-1&amp;keywords=Taller+de+crochet\"><span id=\"productTitle\" class=\"a-size-large\">Taller de ganchillo: 20 proyectos inspiradores para aprender a tejer<\/span>&nbsp;de&nbsp;<span class=\"author notFaded\">Erika Knight<\/span><\/a><span class=\"author notFaded\"> le tengo un especial cari\u00f1o, mi primer libro y con el que aprend\u00ed<\/span><\/li>\n<li id=\"title\" class=\"a-size-large a-spacing-none\"><a href=\"https:\/\/www.amazon.es\/MANDALAS-GANCHILLO-HANNER-LINSEN\/dp\/9089988556\/ref=sr_1_1?ie=UTF8&amp;qid=1553617662&amp;sr=8-1&amp;keywords=mandalas+crochet\"><span id=\"productTitle\" class=\"a-size-large\">Mandalas de ganchillo de&nbsp;<\/span><\/a><span class=\"author notFaded\">Hanner Linsen&nbsp; creo que los he realizado todos.<\/span><\/li>\n<li id=\"title\" class=\"a-size-large a-spacing-none\"><span id=\"productTitle\" class=\"a-size-large\"><span style=\"font-family: 'Open Sans', sans-serif;font-size: 15px;font-style: normal;font-weight: 400\">&nbsp;<\/span><a href=\"https:\/\/www.amazon.es\/Consejos-t%C3%A9cnicas-hacer-ganchillo-crochet\/dp\/9463590463\/ref=pd_sim_0_5\/261-4253547-2746269?_encoding=UTF8&amp;pd_rd_i=9463590463&amp;pd_rd_r=f515b910-4fe4-11e9-916b-9fe7fa64dd61&amp;pd_rd_w=CERwv&amp;pd_rd_wg=b2BNi&amp;pf_rd_p=c5e8da29-5841-4f7b-8c21-cf8ed834359e&amp;pf_rd_r=ECV3CKCAQCVK2NZWQFMW&amp;psc=1&amp;refRID=ECV3CKCAQCVK2NZWQFMW\">350 consejos y t\u00e9cnicas para hacer ganchillo crochet<\/a><\/span>&nbsp;de&nbsp;<span class=\"author notFaded\">Jan Eaton&nbsp; muy t\u00e9cnico.<\/span><\/li>\n<li class=\"a-section a-spacing-none\">\n<p id=\"title\" class=\"a-size-large a-spacing-none\"><a href=\"https:\/\/www.amazon.es\/Hexagonos-para-Ganchillo-Leonie-Morgan\/dp\/9089987975\/ref=sr_1_fkmr0_1?s=books&amp;ie=UTF8&amp;qid=1553618278&amp;sr=1-1-fkmr0&amp;keywords=70+hexagonos+ganchillo\"><span id=\"productTitle\" class=\"a-size-large\">75 Hexagonos para Ganchillo<\/span>&nbsp;de&nbsp;<\/a><span class=\"author notFaded\">Leonie Morgan ideas para los mandalas.<\/span><\/p>\n<\/li>\n<li class=\"a-section a-spacing-none\">\n<p id=\"title\" class=\"a-size-large a-spacing-none\"><a href=\"https:\/\/www.amazon.es\/Modern-Crochet-Mandalas-Colorful-Motifs\/dp\/1632505096\/ref=sr_1_2?s=books&amp;ie=UTF8&amp;qid=1553618526&amp;sr=1-2&amp;keywords=crochet+mandalas\"><span id=\"productTitle\" class=\"a-size-large\">Modern Crochet Mandalas: 50+ Colorful Motifs to Crochet<\/span>&nbsp;de&nbsp;<\/a><span class=\"author notFaded\">Interweave<a class=\"a-link-normal\" href=\"https:\/\/www.amazon.es\/s\/ref=dp_byline_sr_book_1?ie=UTF8&amp;field-author=Interweave&amp;search-alias=stripbooks\">,<\/a> tambien los he relaizado todos \ud83d\ude09<\/span><\/p>\n<\/li>\n<li class=\"a-section a-spacing-none\">\n<p id=\"title\" class=\"a-size-large a-spacing-none\"><a href=\"https:\/\/www.amazon.es\/Crochet-Mandalas-Dover-Knitting-Tatting\/dp\/0486791351\/ref=sr_1_4?s=books&amp;ie=UTF8&amp;qid=1553618632&amp;sr=1-4&amp;keywords=crochet+mandalas\"><span id=\"productTitle\" class=\"a-size-large\">Crochet Mandalas (Dover Knitting, Crochet, Tatting, Lace)<\/span>&nbsp;de&nbsp;<\/a><span class=\"author notFaded\"><span class=\"a-declarative\">Marinke Slump&nbsp; una joya.<\/span><\/span><\/p>\n<\/li>\n<li class=\"a-section a-spacing-none\">\n<p id=\"title\" class=\"a-size-large a-spacing-none\"><a href=\"https:\/\/www.amazon.es\/Sophies-Universe-Dedri-Uys\/dp\/949184010X\/ref=sr_1_1?s=books&amp;ie=UTF8&amp;qid=1553618723&amp;sr=1-1&amp;keywords=universe+sophie\"><span id=\"productTitle\" class=\"a-size-large\">Sophie&#8217;s Universe<\/span>&nbsp;<span class=\"a-size-medium a-color-secondary a-text-normal\">(Ingl\u00e9s)<\/span>&nbsp;de&nbsp;<\/a><span class=\"author notFaded\"><span class=\"a-declarative\">Dedri Uys&nbsp; una ilusi\u00f3n.<\/span><\/span><\/p>\n<\/li>\n<\/ul>\n<\/li>\n<\/ul>\n<\/div>\n<p>&nbsp;<\/p>\n<p>&nbsp;<\/p>\n","protected":false},"excerpt":{"rendered":"<p>Los libros son parte de mi vida y siempre&nbsp;pienso que son parte de la vida de cualquier persona. Aqu\u00ed tenemos mi rinc\u00f3n del crochet, que cada ir\u00e1 ocupando un poco m\u00e1s. Vamos a verlo: Taller de ganchillo: 20 proyectos inspiradores para aprender a tejer&nbsp;de&nbsp;Erika Knight le tengo un especial cari\u00f1o, mi primer libro y con [&hellip;]<\/p>\n","protected":false},"author":6882,"featured_media":0,"parent":0,"menu_order":0,"comment_status":"closed","ping_status":"closed","template":"","meta":{"ngg_post_thumbnail":0,"footnotes":""},"aioseo_notices":[],"_links":{"self":[{"href":"https:\/\/blogsaverroes.juntadeandalucia.es\/nudotrasnudo\/wp-json\/wp\/v2\/pages\/65"}],"collection":[{"href":"https:\/\/blogsaverroes.juntadeandalucia.es\/nudotrasnudo\/wp-json\/wp\/v2\/pages"}],"about":[{"href":"https:\/\/blogsaverroes.juntadeandalucia.es\/nudotrasnudo\/wp-json\/wp\/v2\/types\/page"}],"author":[{"embeddable":true,"href":"https:\/\/blogsaverroes.juntadeandalucia.es\/nudotrasnudo\/wp-json\/wp\/v2\/users\/6882"}],"replies":[{"embeddable":true,"href":"https:\/\/blogsaverroes.juntadeandalucia.es\/nudotrasnudo\/wp-json\/wp\/v2\/comments?post=65"}],"version-history":[{"count":10,"href":"https:\/\/blogsaverroes.juntadeandalucia.es\/nudotrasnudo\/wp-json\/wp\/v2\/pages\/65\/revisions"}],"predecessor-version":[{"id":78,"href":"https:\/\/blogsaverroes.juntadeandalucia.es\/nudotrasnudo\/wp-json\/wp\/v2\/pages\/65\/revisions\/78"}],"wp:attachment":[{"href":"https:\/\/blogsaverroes.juntadeandalucia.es\/nudotrasnudo\/wp-json\/wp\/v2\/media?parent=65"}],"curies":[{"name":"wp","href":"https:\/\/api.w.org\/{rel}","templated":true}]}}