{"id":1138,"date":"2023-01-27T22:31:02","date_gmt":"2023-01-27T21:31:02","guid":{"rendered":"https:\/\/blogsaverroes.juntadeandalucia.es\/olivardequinto\/?page_id=1138"},"modified":"2024-05-31T02:09:28","modified_gmt":"2024-05-31T01:09:28","slug":"pasen-i-pasen-g-educaand","status":"publish","type":"page","link":"https:\/\/blogsaverroes.juntadeandalucia.es\/olivardequinto\/pasen-i-pasen-g-educaand\/","title":{"rendered":"PASEN, i-PASEN, g.educaand"},"content":{"rendered":"<div id=\"contenido_principal\">\n<p style=\"text-align: justify\"><strong>NUEVAS FAMILIAS DEL CENTRO (AUTOLOGIN)<\/strong><\/p>\n<p style=\"text-align: justify\">Procedimiento de &#8220;autologin&#8221; para usuarios con perfiles tutor\/a legal, mediante el cual cualquier padre\/madre podr\u00e1 realizar un proceso de &#8220;autologin&#8221; para obtener las credenciales de acceso a PASEN simplemente facilitando su DNI, su n\u00famero de tel\u00e9fono m\u00f3vil, que debe estar registrado en su centro, y la fecha de nacimiento de su hijo\/a matriculado en el Centro.<\/p>\n<p style=\"text-align: justify\">Para realizar el &#8220;autologin&#8221;, a trav\u00e9s de la aplicaci\u00f3n web o de la app, las familias deber\u00e1n pinchar en el enlace &#8216;No tengo acceso&#8217; de la pantalla de login.<\/p>\n<p style=\"text-align: justify\">El USUARIO de Pasen acepta las presentes condiciones y t\u00e9rminos de uso que tienen car\u00e1cter vinculante, entendi\u00e9ndose que el simple uso de la aplicaci\u00f3n supone la referida aceptaci\u00f3n con car\u00e1cter \u00edntegro y sin ning\u00fan tipo de reservas.&nbsp;<\/p>\n<p style=\"text-align: justify\"><a href=\"https:\/\/youtu.be\/cHLova48ULE\">https:\/\/youtu.be\/cHLova48ULE<\/a><\/p>\n<\/div>\n<p style=\"text-align: justify\">&nbsp;<\/p>\n<p style=\"text-align: justify\"><strong>FAMILIAS DEL CENTRO (AUTOLOGIN)<\/strong><\/p>\n<p style=\"text-align: justify\">Las familias que olvidaron su contrase\u00f1a pueden tambi\u00e9n solicitarla con procedimiento &#8220;autologin&#8221;.<\/p>\n<p style=\"text-align: justify\">Marcando &#8220;Olvid\u00e9 la contrase\u00f1a&#8221; e introduciendo su USUARIO (primera letra de su nombre, tres primeras letras de su primer apellido, tres primeras letras de su segundo apellido y los tres \u00faltimos d\u00edgitos de su DNI).<\/p>\n<p style=\"text-align: justify\"><a href=\"https:\/\/youtu.be\/QPYFwr2k0kQ\">https:\/\/youtu.be\/QPYFwr2k0kQ<\/a><\/p>\n<p style=\"text-align: justify\">&nbsp;<\/p>\n<p style=\"text-align: justify\"><strong>AUTOLOGIN CORREO G.EDUCAAND.ES DEL ALUMNADO<\/strong><\/p>\n<p style=\"text-align: justify\">El correo g.educaand.es de gmail del alumnado sirve tanto como correo electr\u00f3nico como enlace para clases telem\u00e1ticas en classroom y otras aplicaciones de gmail.<\/p>\n<p style=\"text-align: justify\">El usuario y la clave del alumnado pueden verlos en este video-tutorial y pueden realizar autologin en el caso de que se olvide la contrase\u00f1a.<\/p>\n<p style=\"text-align: justify\">Recuerden que, una vez que se acceda, deber\u00e1n cambiar la contrase\u00f1a.<\/p>\n<p style=\"text-align: justify\"><a href=\"https:\/\/youtu.be\/zOanzI08qSg\" target=\"_blank\" rel=\"noopener noreferrer\">https:\/\/youtu.be\/zOanzI08qSg<\/a><\/p>\n","protected":false},"excerpt":{"rendered":"<p>NUEVAS FAMILIAS DEL CENTRO (AUTOLOGIN) Procedimiento de &#8220;autologin&#8221; para usuarios con perfiles tutor\/a legal, mediante el cual cualquier padre\/madre podr\u00e1 realizar un proceso de &#8220;autologin&#8221; para obtener las credenciales de acceso a PASEN simplemente&#46;&#46;&#46;<\/p>\n","protected":false},"author":12832,"featured_media":0,"parent":0,"menu_order":0,"comment_status":"closed","ping_status":"closed","template":"","meta":{"ngg_post_thumbnail":0,"footnotes":""},"aioseo_notices":[],"_links":{"self":[{"href":"https:\/\/blogsaverroes.juntadeandalucia.es\/olivardequinto\/wp-json\/wp\/v2\/pages\/1138"}],"collection":[{"href":"https:\/\/blogsaverroes.juntadeandalucia.es\/olivardequinto\/wp-json\/wp\/v2\/pages"}],"about":[{"href":"https:\/\/blogsaverroes.juntadeandalucia.es\/olivardequinto\/wp-json\/wp\/v2\/types\/page"}],"author":[{"embeddable":true,"href":"https:\/\/blogsaverroes.juntadeandalucia.es\/olivardequinto\/wp-json\/wp\/v2\/users\/12832"}],"replies":[{"embeddable":true,"href":"https:\/\/blogsaverroes.juntadeandalucia.es\/olivardequinto\/wp-json\/wp\/v2\/comments?post=1138"}],"version-history":[{"count":4,"href":"https:\/\/blogsaverroes.juntadeandalucia.es\/olivardequinto\/wp-json\/wp\/v2\/pages\/1138\/revisions"}],"predecessor-version":[{"id":1577,"href":"https:\/\/blogsaverroes.juntadeandalucia.es\/olivardequinto\/wp-json\/wp\/v2\/pages\/1138\/revisions\/1577"}],"wp:attachment":[{"href":"https:\/\/blogsaverroes.juntadeandalucia.es\/olivardequinto\/wp-json\/wp\/v2\/media?parent=1138"}],"curies":[{"name":"wp","href":"https:\/\/api.w.org\/{rel}","templated":true}]}}

<div id="contenido_principal">
<p style="text-align: justify"><strong>NUEVAS FAMILIAS DEL CENTRO (AUTOLOGIN)</strong></p>
<p style="text-align: justify">Procedimiento de &#8220;autologin&#8221; para usuarios con perfiles tutor/a legal, mediante el cual cualquier padre/madre podrá realizar un proceso de &#8220;autologin&#8221; para obtener las credenciales de acceso a PASEN simplemente facilitando su DNI, su número de teléfono móvil, que debe estar registrado en su centro, y la fecha de nacimiento de su hijo/a matriculado en el Centro.</p>
<p style="text-align: justify">Para realizar el &#8220;autologin&#8221;, a través de la aplicación web o de la app, las familias deberán pinchar en el enlace &#8216;No tengo acceso&#8217; de la pantalla de login.</p>
<p style="text-align: justify">El USUARIO de Pasen acepta las presentes condiciones y términos de uso que tienen carácter vinculante, entendiéndose que el simple uso de la aplicación supone la referida aceptación con carácter íntegro y sin ningún tipo de reservas.&nbsp;</p>
<p style="text-align: justify"><a href="https://youtu.be/cHLova48ULE">https://youtu.be/cHLova48ULE</a></p>
</div>
<p style="text-align: justify">&nbsp;</p>
<p style="text-align: justify"><strong>FAMILIAS DEL CENTRO (AUTOLOGIN)</strong></p>
<p style="text-align: justify">Las familias que olvidaron su contraseña pueden también solicitarla con procedimiento &#8220;autologin&#8221;.</p>
<p style="text-align: justify">Marcando &#8220;Olvidé la contraseña&#8221; e introduciendo su USUARIO (primera letra de su nombre, tres primeras letras de su primer apellido, tres primeras letras de su segundo apellido y los tres últimos dígitos de su DNI).</p>
<p style="text-align: justify"><a href="https://youtu.be/QPYFwr2k0kQ">https://youtu.be/QPYFwr2k0kQ</a></p>
<p style="text-align: justify">&nbsp;</p>
<p style="text-align: justify"><strong>AUTOLOGIN CORREO G.EDUCAAND.ES DEL ALUMNADO</strong></p>
<p style="text-align: justify">El correo g.educaand.es de gmail del alumnado sirve tanto como correo electrónico como enlace para clases telemáticas en classroom y otras aplicaciones de gmail.</p>
<p style="text-align: justify">El usuario y la clave del alumnado pueden verlos en este video-tutorial y pueden realizar autologin en el caso de que se olvide la contraseña.</p>
<p style="text-align: justify">Recuerden que, una vez que se acceda, deberán cambiar la contraseña.</p>
<p style="text-align: justify"><a href="https://youtu.be/zOanzI08qSg" target="_blank" rel="noopener noreferrer">https://youtu.be/zOanzI08qSg</a></p>

<p>NUEVAS FAMILIAS DEL CENTRO (AUTOLOGIN) Procedimiento de &#8220;autologin&#8221; para usuarios con perfiles tutor/a legal, mediante el cual cualquier padre/madre podrá realizar un proceso de &#8220;autologin&#8221; para obtener las credenciales de acceso a PASEN simplemente&#46;&#46;&#46;</p>
