{"id":1178,"date":"2023-01-27T23:03:24","date_gmt":"2023-01-27T22:03:24","guid":{"rendered":"https:\/\/blogsaverroes.juntadeandalucia.es\/olivardequinto\/?page_id=1178"},"modified":"2026-02-13T12:55:51","modified_gmt":"2026-02-13T11:55:51","slug":"comedor","status":"publish","type":"page","link":"https:\/\/blogsaverroes.juntadeandalucia.es\/olivardequinto\/plan-de-apertura\/comedor\/","title":{"rendered":"COMEDOR"},"content":{"rendered":"<p style=\"text-align: justify\">Dentro de los servicios del Plan de Apertura, el comedor, es el m\u00e1s solicitado. \u00c9ste servicio es realizado por una empresa contratada por el APAE, ente educativo de contrataci\u00f3n de la Junta de Andaluc\u00eda, por un tiempo determinado. En nuestro caso la <strong>empresa concesionaria del servicio es Mediterranea Art SL (<a href=\"https:\/\/blogsaverroes.juntadeandalucia.es\/olivardequinto\/files\/2025\/10\/Carta-presentacion-curso-2025-2026-Sevilla.pdf\" target=\"_blank\" rel=\"noopener\">Carta presentaci\u00f3n<\/a>).<\/strong><\/p>\n<p style=\"text-align: justify\"><strong>Nuestro colegio cuenta con cocina propia<\/strong>, lo que se denomina concina &#8220;in situ&#8221;, y aunque depende de una empresa la comida se cocina directamente en nuestro Colegio por un cocinero y varios ayudantes de cocina.<\/p>\n<p style=\"text-align: justify\">El alumnado est\u00e1 atendido por monitores\/as contratados por la empresa, su n\u00famero depender\u00e1 del n\u00famero de comensales seg\u00fan el ratio establecido por la Junta tanto en educaci\u00f3n infantil (un monitor por cada 15 alumnos) como en primaria (un monitor por cada 25 alumnos).<\/p>\n<p style=\"text-align: justify\"><span style=\"text-decoration: underline\">El comedor ser\u00e1 de 14:00h a 16:00h<\/span>. El alumnado de primaria ir\u00e1 directamente al comedor, excepto primero durante los primeros d\u00edas como periodo de adaptaci\u00f3n. En Infantil ser\u00e1n las monitoras las que recogen al alumnado directamente de las aulas y los llevar\u00e1n a comedor.<\/p>\n<p style=\"text-align: justify\">Contamos con dos horarios de <span style=\"text-decoration: underline\">salida<\/span>, uno de <span style=\"text-decoration: underline\">15:15-15:30h<\/span> y otro de <span style=\"text-decoration: underline\">15:45-16:00h<\/span>.<\/p>\n<p style=\"text-align: justify\">Para comunicar las modificaciones de d\u00edas, altas y bajas, debe contactar con el Centro <span style=\"color: #ff0000\">(41008313.edu@juntadeandalucia.es)<\/span> antes del viernes a las 12:00h de la semana anterior a la que quiera el cambio, si se le pasa el plazo se dar\u00e1 por sentado que no hay cambios y se le cobrar\u00e1n los d\u00edas. El Centro notificar\u00e1 estos cambios directamente a la empresa el mismo viernes.<\/p>\n<p style=\"text-align: justify\">Si el menor tiene una indisposici\u00f3n m\u00e9dica de urgencia debe comunic\u00e1rselo a la empresa, junto con el justificante m\u00e9dico, para que la empresa no le cobre el d\u00eda.<\/p>\n<p style=\"text-align: justify\">Recuerde siempre avisar al tutor por Pasen para que ponga o no a su hijo\/a en la fila de comedor.<\/p>\n<ul>\n<li>Para contactar con la empresa: <a href=\"https:\/\/blogsaverroes.juntadeandalucia.es\/olivardequinto\/files\/2025\/09\/Normas-simplicadas-del-comedor-Sevilla.pdf\" target=\"_blank\" rel=\"noopener\">Normas simplicadas del comedor, empresa<\/a><\/li>\n<li>El contacto del coordinador y cocinero del comedor del Colegio es el siguiente: <span style=\"color: #3366ff\">comedor.olivardequinto@gmail.com (<\/span>Pueden escribir a ese correo si necesitan hablar con la monitora de su hijo\/a o el coordinador).<\/li>\n<li><a href=\"https:\/\/blogsaverroes.juntadeandalucia.es\/olivardequinto\/files\/2025\/11\/Piego-de-condiciones-tecnicas.-APAEvsEmpresa.pdf\" target=\"_blank\" rel=\"noopener\">Pliego<\/a>, de ejemplo, de condiciones t\u00e9cnicas entre APAE y empresa concesionaria.<\/li>\n<\/ul>\n<p><img decoding=\"async\" class=\"wp-image-2008 alignleft\" src=\"https:\/\/blogsaverroes.juntadeandalucia.es\/olivardequinto\/files\/2026\/02\/App.Mediterranea.png\" alt=\"\" width=\"101\" height=\"106\"><\/p>\n<p>&nbsp;<\/p>\n<p>&nbsp;<\/p>\n<p>Nueva aplicaci\u00f3n de la empresa (<a href=\"https:\/\/blogsaverroes.juntadeandalucia.es\/olivardequinto\/files\/2026\/02\/APP-COLEGIOS-ANDALUCIA.pdf\">Instrucciones para el registro y acceso<\/a>)<\/p>\n<p>&nbsp;<\/p>\n<p>\u00daltima actualizaci\u00f3n 13\/02\/2026<\/p>\n","protected":false},"excerpt":{"rendered":"<p>Dentro de los servicios del Plan de Apertura, el comedor, es el m\u00e1s solicitado. \u00c9ste servicio es realizado por una empresa contratada por el APAE, ente educativo de contrataci\u00f3n de la Junta de Andaluc\u00eda,&#46;&#46;&#46;<\/p>\n","protected":false},"author":12832,"featured_media":0,"parent":1144,"menu_order":0,"comment_status":"closed","ping_status":"closed","template":"","meta":{"ngg_post_thumbnail":0,"footnotes":""},"aioseo_notices":[],"_links":{"self":[{"href":"https:\/\/blogsaverroes.juntadeandalucia.es\/olivardequinto\/wp-json\/wp\/v2\/pages\/1178"}],"collection":[{"href":"https:\/\/blogsaverroes.juntadeandalucia.es\/olivardequinto\/wp-json\/wp\/v2\/pages"}],"about":[{"href":"https:\/\/blogsaverroes.juntadeandalucia.es\/olivardequinto\/wp-json\/wp\/v2\/types\/page"}],"author":[{"embeddable":true,"href":"https:\/\/blogsaverroes.juntadeandalucia.es\/olivardequinto\/wp-json\/wp\/v2\/users\/12832"}],"replies":[{"embeddable":true,"href":"https:\/\/blogsaverroes.juntadeandalucia.es\/olivardequinto\/wp-json\/wp\/v2\/comments?post=1178"}],"version-history":[{"count":14,"href":"https:\/\/blogsaverroes.juntadeandalucia.es\/olivardequinto\/wp-json\/wp\/v2\/pages\/1178\/revisions"}],"predecessor-version":[{"id":2010,"href":"https:\/\/blogsaverroes.juntadeandalucia.es\/olivardequinto\/wp-json\/wp\/v2\/pages\/1178\/revisions\/2010"}],"up":[{"embeddable":true,"href":"https:\/\/blogsaverroes.juntadeandalucia.es\/olivardequinto\/wp-json\/wp\/v2\/pages\/1144"}],"wp:attachment":[{"href":"https:\/\/blogsaverroes.juntadeandalucia.es\/olivardequinto\/wp-json\/wp\/v2\/media?parent=1178"}],"curies":[{"name":"wp","href":"https:\/\/api.w.org\/{rel}","templated":true}]}}

<p style="text-align: justify">Dentro de los servicios del Plan de Apertura, el comedor, es el más solicitado. Éste servicio es realizado por una empresa contratada por el APAE, ente educativo de contratación de la Junta de Andalucía, por un tiempo determinado. En nuestro caso la <strong>empresa concesionaria del servicio es Mediterranea Art SL (<a href="https://blogsaverroes.juntadeandalucia.es/olivardequinto/files/2025/10/Carta-presentacion-curso-2025-2026-Sevilla.pdf" target="_blank" rel="noopener">Carta presentación</a>).</strong></p>
<p style="text-align: justify"><strong>Nuestro colegio cuenta con cocina propia</strong>, lo que se denomina concina &#8220;in situ&#8221;, y aunque depende de una empresa la comida se cocina directamente en nuestro Colegio por un cocinero y varios ayudantes de cocina.</p>
<p style="text-align: justify">El alumnado está atendido por monitores/as contratados por la empresa, su número dependerá del número de comensales según el ratio establecido por la Junta tanto en educación infantil (un monitor por cada 15 alumnos) como en primaria (un monitor por cada 25 alumnos).</p>
<p style="text-align: justify"><span style="text-decoration: underline">El comedor será de 14:00h a 16:00h</span>. El alumnado de primaria irá directamente al comedor, excepto primero durante los primeros días como periodo de adaptación. En Infantil serán las monitoras las que recogen al alumnado directamente de las aulas y los llevarán a comedor.</p>
<p style="text-align: justify">Contamos con dos horarios de <span style="text-decoration: underline">salida</span>, uno de <span style="text-decoration: underline">15:15-15:30h</span> y otro de <span style="text-decoration: underline">15:45-16:00h</span>.</p>
<p style="text-align: justify">Para comunicar las modificaciones de días, altas y bajas, debe contactar con el Centro <span style="color: #ff0000">(41008313.edu@juntadeandalucia.es)</span> antes del viernes a las 12:00h de la semana anterior a la que quiera el cambio, si se le pasa el plazo se dará por sentado que no hay cambios y se le cobrarán los días. El Centro notificará estos cambios directamente a la empresa el mismo viernes.</p>
<p style="text-align: justify">Si el menor tiene una indisposición médica de urgencia debe comunicárselo a la empresa, junto con el justificante médico, para que la empresa no le cobre el día.</p>
<p style="text-align: justify">Recuerde siempre avisar al tutor por Pasen para que ponga o no a su hijo/a en la fila de comedor.</p>
<ul>
<li>Para contactar con la empresa: <a href="https://blogsaverroes.juntadeandalucia.es/olivardequinto/files/2025/09/Normas-simplicadas-del-comedor-Sevilla.pdf" target="_blank" rel="noopener">Normas simplicadas del comedor, empresa</a></li>
<li>El contacto del coordinador y cocinero del comedor del Colegio es el siguiente: <span style="color: #3366ff">comedor.olivardequinto@gmail.com (</span>Pueden escribir a ese correo si necesitan hablar con la monitora de su hijo/a o el coordinador).</li>
<li><a href="https://blogsaverroes.juntadeandalucia.es/olivardequinto/files/2025/11/Piego-de-condiciones-tecnicas.-APAEvsEmpresa.pdf" target="_blank" rel="noopener">Pliego</a>, de ejemplo, de condiciones técnicas entre APAE y empresa concesionaria.</li>
</ul>
<p><img decoding="async" class="wp-image-2008 alignleft" src="https://blogsaverroes.juntadeandalucia.es/olivardequinto/files/2026/02/App.Mediterranea.png" alt="" width="101" height="106"></p>
<p>&nbsp;</p>
<p>&nbsp;</p>
<p>Nueva aplicación de la empresa (<a href="https://blogsaverroes.juntadeandalucia.es/olivardequinto/files/2026/02/APP-COLEGIOS-ANDALUCIA.pdf">Instrucciones para el registro y acceso</a>)</p>
<p>&nbsp;</p>
<p>Última actualización 13/02/2026</p>

<p>Dentro de los servicios del Plan de Apertura, el comedor, es el más solicitado. Éste servicio es realizado por una empresa contratada por el APAE, ente educativo de contratación de la Junta de Andalucía,&#46;&#46;&#46;</p>
