{"id":1219,"date":"2023-01-27T23:36:18","date_gmt":"2023-01-27T22:36:18","guid":{"rendered":"https:\/\/blogsaverroes.juntadeandalucia.es\/olivardequinto\/?page_id=1219"},"modified":"2025-11-18T09:36:23","modified_gmt":"2025-11-18T08:36:23","slug":"proyectos-del-centro","status":"publish","type":"page","link":"https:\/\/blogsaverroes.juntadeandalucia.es\/olivardequinto\/proyectos-del-centro\/","title":{"rendered":"PLANES Y PROYECTOS DEL CENTRO"},"content":{"rendered":"<p>Los Planes, Programas y Proyectos educativos son la diferencia que marca uno y otro centro.<\/p>\n<p>Las l\u00edneas educativas nos hacen seleccionar, entre los proyectos existentes, los que creemos m\u00e1s interesantes para nuestro alumnado.<\/p>\n<p>Planes obligatorios:<\/p>\n<ul>\n<li>Plan de igualdad de g\u00e9nero en educaci\u00f3n (<a title=\"EQUIPO COEDUPAZ\" href=\"https:\/\/blogsaverroes.juntadeandalucia.es\/olivardequinto\/proyectos-del-centro\/equipo-coedupaz\/\" target=\"_blank\" rel=\"noopener\">coeducaci\u00f3n<\/a>) coordinado por D\u00f1a. Mar\u00eda Cobos.<\/li>\n<li><a title=\"PLAN DE APERTURA\" href=\"https:\/\/blogsaverroes.juntadeandalucia.es\/olivardequinto\/plan-de-apertura\/\" target=\"_blank\" rel=\"noopener\">Plan de apertura<\/a> de centros (aula matinal, comedor y actividades extraescolares) coordinado por D. Juan Fco. Ar\u00e9valo.<\/li>\n<li>Programa de Bienestar Emocional coordinado por D. Juan Fco. Ar\u00e9valo.<\/li>\n<li>Plan de salud laboral y PRL (<a title=\"AUTOPROTECCI\u00d3N\" href=\"https:\/\/blogsaverroes.juntadeandalucia.es\/olivardequinto\/autoproteccion\/\" target=\"_blank\" rel=\"noopener\">autoprotecci\u00f3n<\/a>) coordinado por D\u00f1a. Aurora Garc\u00eda.<\/li>\n<li>Plan de organizaci\u00f3n y funcionamiento de las bibliotecas escolares (<a title=\"BIBLIOLIVAR\" href=\"https:\/\/blogsaverroes.juntadeandalucia.es\/olivardequinto\/bibliolivar\/\" target=\"_blank\" rel=\"noopener\">biblioteca<\/a>) coordinado por D\u00f1a. Teresa Pozo.<\/li>\n<\/ul>\n<p>Programas y proyectos seleccionados en nuestro centro:<\/p>\n<ul style=\"list-style-type: square\">\n<li>Programa m\u00e1s equidad (potencia la cultura inclusiva) coordinado por D\u00f1a. Silvia Baena.<\/li>\n<li>Programa educaci\u00f3n inclusiva (refuerzo educativo en el aula) coordinado por D\u00f1a. Mar\u00eda Herrera.<\/li>\n<li>Programa practicum grado maestro (alumnado de pr\u00e1cticas de magisterio) y practicas de formaci\u00f3n profesional coordinado por D. Juan Fco. Ar\u00e9valo.<\/li>\n<li>Programa de prevenci\u00f3n de la violencia de g\u00e9nero coordinado por D\u00f1a. Mar\u00eda Cobos.<\/li>\n<li>Programa Escuela: espacio de paz (<a title=\"EQUIPO COEDUPAZ\" href=\"https:\/\/blogsaverroes.juntadeandalucia.es\/olivardequinto\/proyectos-del-centro\/equipo-coedupaz\/\" target=\"_blank\" rel=\"noopener\">convivencia<\/a>) coordinado por D\u00f1a. Ana L\u00f3pez.<\/li>\n<li>Programa de <a title=\"TDE\" href=\"https:\/\/blogsaverroes.juntadeandalucia.es\/olivardequinto\/tde\/\" target=\"_blank\" rel=\"noopener\">Transformaci\u00f3n Digital Educativa<\/a> (formaci\u00f3n del profesorado para aplicar en clase la cultura digital) coordinado por D. Jes\u00fas Mellado.<\/li>\n<li>Programa de h\u00e1bitos de vida saludables coordinado por D\u00f1a. Silvia Baena.<\/li>\n<li>Proyecto <a title=\"AuladJaque\" href=\"https:\/\/blogsaverroes.juntadeandalucia.es\/olivardequinto\/auladjaque\/\" target=\"_blank\" rel=\"noopener\">AuladJaque<\/a> (ajedrez) coordinado por D\u00f1a. Anja Taruttis.<\/li>\n<li>Proyecto de <a title=\"EQUIPO COEDUPAZ\" href=\"https:\/\/blogsaverroes.juntadeandalucia.es\/olivardequinto\/proyectos-del-centro\/equipo-coedupaz\/\" target=\"_blank\" rel=\"noopener\">huerto<\/a> escolar coordinado por D. Francisco Gallego.<\/li>\n<li>Proyecto de aula de enriquecimiento (para el alumnado de altas capacidades) coordinado por D\u00f1a. Mar\u00eda Herrera.<\/li>\n<li>Plan de Formaci\u00f3n en el Centro coordinado por D. Juan Fco. Ar\u00e9valo y D. Jes\u00fas Mellado.<\/li>\n<\/ul>\n<p>&nbsp;<\/p>\n<p>Actualizado: 18\/11\/2025<\/p>\n","protected":false},"excerpt":{"rendered":"<p>Los Planes, Programas y Proyectos educativos son la diferencia que marca uno y otro centro. Las l\u00edneas educativas nos hacen seleccionar, entre los proyectos existentes, los que creemos m\u00e1s interesantes para nuestro alumnado. Planes&#46;&#46;&#46;<\/p>\n","protected":false},"author":12832,"featured_media":0,"parent":0,"menu_order":0,"comment_status":"closed","ping_status":"closed","template":"","meta":{"ngg_post_thumbnail":0,"footnotes":""},"aioseo_notices":[],"_links":{"self":[{"href":"https:\/\/blogsaverroes.juntadeandalucia.es\/olivardequinto\/wp-json\/wp\/v2\/pages\/1219"}],"collection":[{"href":"https:\/\/blogsaverroes.juntadeandalucia.es\/olivardequinto\/wp-json\/wp\/v2\/pages"}],"about":[{"href":"https:\/\/blogsaverroes.juntadeandalucia.es\/olivardequinto\/wp-json\/wp\/v2\/types\/page"}],"author":[{"embeddable":true,"href":"https:\/\/blogsaverroes.juntadeandalucia.es\/olivardequinto\/wp-json\/wp\/v2\/users\/12832"}],"replies":[{"embeddable":true,"href":"https:\/\/blogsaverroes.juntadeandalucia.es\/olivardequinto\/wp-json\/wp\/v2\/comments?post=1219"}],"version-history":[{"count":6,"href":"https:\/\/blogsaverroes.juntadeandalucia.es\/olivardequinto\/wp-json\/wp\/v2\/pages\/1219\/revisions"}],"predecessor-version":[{"id":1964,"href":"https:\/\/blogsaverroes.juntadeandalucia.es\/olivardequinto\/wp-json\/wp\/v2\/pages\/1219\/revisions\/1964"}],"wp:attachment":[{"href":"https:\/\/blogsaverroes.juntadeandalucia.es\/olivardequinto\/wp-json\/wp\/v2\/media?parent=1219"}],"curies":[{"name":"wp","href":"https:\/\/api.w.org\/{rel}","templated":true}]}}

<p>Los Planes, Programas y Proyectos educativos son la diferencia que marca uno y otro centro.</p>
<p>Las líneas educativas nos hacen seleccionar, entre los proyectos existentes, los que creemos más interesantes para nuestro alumnado.</p>
<p>Planes obligatorios:</p>
<ul>
<li>Plan de igualdad de género en educación (<a title="EQUIPO COEDUPAZ" href="https://blogsaverroes.juntadeandalucia.es/olivardequinto/proyectos-del-centro/equipo-coedupaz/" target="_blank" rel="noopener">coeducación</a>) coordinado por Dña. María Cobos.</li>
<li><a title="PLAN DE APERTURA" href="https://blogsaverroes.juntadeandalucia.es/olivardequinto/plan-de-apertura/" target="_blank" rel="noopener">Plan de apertura</a> de centros (aula matinal, comedor y actividades extraescolares) coordinado por D. Juan Fco. Arévalo.</li>
<li>Programa de Bienestar Emocional coordinado por D. Juan Fco. Arévalo.</li>
<li>Plan de salud laboral y PRL (<a title="AUTOPROTECCIÓN" href="https://blogsaverroes.juntadeandalucia.es/olivardequinto/autoproteccion/" target="_blank" rel="noopener">autoprotección</a>) coordinado por Dña. Aurora García.</li>
<li>Plan de organización y funcionamiento de las bibliotecas escolares (<a title="BIBLIOLIVAR" href="https://blogsaverroes.juntadeandalucia.es/olivardequinto/bibliolivar/" target="_blank" rel="noopener">biblioteca</a>) coordinado por Dña. Teresa Pozo.</li>
</ul>
<p>Programas y proyectos seleccionados en nuestro centro:</p>
<ul style="list-style-type: square">
<li>Programa más equidad (potencia la cultura inclusiva) coordinado por Dña. Silvia Baena.</li>
<li>Programa educación inclusiva (refuerzo educativo en el aula) coordinado por Dña. María Herrera.</li>
<li>Programa practicum grado maestro (alumnado de prácticas de magisterio) y practicas de formación profesional coordinado por D. Juan Fco. Arévalo.</li>
<li>Programa de prevención de la violencia de género coordinado por Dña. María Cobos.</li>
<li>Programa Escuela: espacio de paz (<a title="EQUIPO COEDUPAZ" href="https://blogsaverroes.juntadeandalucia.es/olivardequinto/proyectos-del-centro/equipo-coedupaz/" target="_blank" rel="noopener">convivencia</a>) coordinado por Dña. Ana López.</li>
<li>Programa de <a title="TDE" href="https://blogsaverroes.juntadeandalucia.es/olivardequinto/tde/" target="_blank" rel="noopener">Transformación Digital Educativa</a> (formación del profesorado para aplicar en clase la cultura digital) coordinado por D. Jesús Mellado.</li>
<li>Programa de hábitos de vida saludables coordinado por Dña. Silvia Baena.</li>
<li>Proyecto <a title="AuladJaque" href="https://blogsaverroes.juntadeandalucia.es/olivardequinto/auladjaque/" target="_blank" rel="noopener">AuladJaque</a> (ajedrez) coordinado por Dña. Anja Taruttis.</li>
<li>Proyecto de <a title="EQUIPO COEDUPAZ" href="https://blogsaverroes.juntadeandalucia.es/olivardequinto/proyectos-del-centro/equipo-coedupaz/" target="_blank" rel="noopener">huerto</a> escolar coordinado por D. Francisco Gallego.</li>
<li>Proyecto de aula de enriquecimiento (para el alumnado de altas capacidades) coordinado por Dña. María Herrera.</li>
<li>Plan de Formación en el Centro coordinado por D. Juan Fco. Arévalo y D. Jesús Mellado.</li>
</ul>
<p>&nbsp;</p>
<p>Actualizado: 18/11/2025</p>

<p>Los Planes, Programas y Proyectos educativos son la diferencia que marca uno y otro centro. Las líneas educativas nos hacen seleccionar, entre los proyectos existentes, los que creemos más interesantes para nuestro alumnado. Planes&#46;&#46;&#46;</p>
