{"id":1223,"date":"2023-01-27T23:38:34","date_gmt":"2023-01-27T22:38:34","guid":{"rendered":"https:\/\/blogsaverroes.juntadeandalucia.es\/olivardequinto\/?page_id=1223"},"modified":"2024-05-30T19:20:47","modified_gmt":"2024-05-30T18:20:47","slug":"equipo-coedupaz","status":"publish","type":"page","link":"https:\/\/blogsaverroes.juntadeandalucia.es\/olivardequinto\/proyectos-del-centro\/equipo-coedupaz\/","title":{"rendered":"EQUIPO COEDUPAZ"},"content":{"rendered":"<p style=\"text-align: justify\">El Equipo de COEDUPAZ est\u00e1 compuesto por los coordinadores de diferentes proyectos del Centro que buscan trabajar de manera conjunta realizando actividades para nuestro alumnado. Actualmente es uno de los motores del Centro tanto en actividades que se desarrollan en el aula como en actividades a nivel de Centro.<\/p>\n<p style=\"text-align: justify\">Si <a href=\"https:\/\/blogsaverroes.juntadeandalucia.es\/coedupazolivar2223\/\">PINCHAS AQU\u00cd<\/a>, podr\u00e1s ver nuestro Blog donde te contamos todo lo que hacemos.<\/p>\n<p style=\"text-align: justify\">Pero antes te explicamos brevemente:<\/p>\n<p style=\"text-align: justify\">&#8211;<strong><span style=\"color: #0000ff\">Plan Aldea B,<\/span><\/strong> coordinado por el profe <span style=\"color: #00ccff\">Fran Gallego.<\/span> Lleva dos l\u00edneas de actuaci\u00f3n:<\/p>\n<p style=\"padding-left: 80px;text-align: justify\">&nbsp;1. <strong><span style=\"color: #33cccc\">ECOHUERTO ESCOLAR<\/span>.<\/strong> En nuestro Centro, desde hace a\u00f1os llevamos a cabo este Proyecto de Huerto que fue premiado a nivel nacional.<\/p>\n<p style=\"padding-left: 80px;text-align: justify\">2.<strong><span style=\"color: #33cccc\"> RECICLADO. <\/span><\/strong><span style=\"color: #33cccc\"><span style=\"color: #000000\">Nuestro centro trabaja en la concienciacion del cuidado del Medio Ambiente y por tanto de la separaci\u00f3n de residuos y la reutilizaci\u00f3n.<\/span><\/span><\/p>\n<p style=\"text-align: justify\">&#8211;<span style=\"color: #339966\"><strong>Programa de H\u00e1bitos de Vida Saludable<\/strong><\/span>, <span style=\"color: #000000\">coordinado por la<\/span> <strong><span style=\"color: #339966\">se\u00f1o Silvia Baena<\/span> <\/strong><span style=\"color: #000000\">desde hace tres cursos, y en la l\u00ednea de Creciendo en Salud, cada curso intentamos ir consiguiendo consolidar h\u00e1bitos saludables en el alumnado, tales como el consumo de frutas y hortalizas (estamos adscritos al Plan La fruta va al cole, por el cual, tenemos cuatro entregas anuales de frutas y hortalizas para el consumo de 3 d\u00edas consecutivos), el consumo de aceite de oliva virgen extra (que tambi\u00e9n nos es concedido por el Programa, y que usamos para el D\u00eda de Andaluc\u00eda). Igualmente se trabaja en la l\u00ednea de la prevenci\u00f3n de accidentes, unido a nuestro Plan de Autoprotecci\u00f3n, la educaci\u00f3n emocional (ligado a Escuela Espacio de Paz y Coeducaci\u00f3n), al buen uso de las TICS (trabajando codo con codo con nuestro Proyecto TDE), y la Educaci\u00f3n Vial. Y como no, el cuidado y el bienestar f\u00edsico.<\/span><\/p>\n<p style=\"text-align: justify\">&#8211;<strong><span style=\"color: #ff00ff\">Escuela Espacio de Paz <\/span><\/strong><span style=\"color: #ff00ff\"><span style=\"color: #000000\">coordinado por la<\/span><\/span><strong><span style=\"color: #ff00ff\"> se\u00f1o Ana L\u00f3pez <\/span><\/strong><span style=\"color: #000000\">a trav\u00e9s de este proyecto se procura que nuestro alumnado aprenda a convivir en paz. Nuestro centro se coordina con el IES M\u00aa Galiana, instituto de referencia, y el CEIP Poetas Andaluces, el otro colegio adscrito al IES de referencia. <\/span><\/p>\n<p>&#8211;<strong><span style=\"color: #cc99ff\">Plan de Prevenci\u00f3n contra la Violencia de G\u00e9nero y Plan de igualdad de g\u00e9nero en educaci\u00f3n<\/span><\/strong><span style=\"color: #cc99ff\"><span style=\"color: #000000\"> coordinado por la<\/span><\/span> <strong><span style=\"color: #cc99ff\">se\u00f1o Mar\u00eda Cobos<\/span><\/strong><span style=\"color: #cc99ff\"><span style=\"color: #000000\">, buscando educar al alumnado en la igualdad de g\u00e9nero y la coeducaci\u00f3n.<\/span><\/span><\/p>\n<p>&nbsp;<\/p>\n<p>Actualizado 30\/05\/2024<\/p>\n","protected":false},"excerpt":{"rendered":"<p>El Equipo de COEDUPAZ est\u00e1 compuesto por los coordinadores de diferentes proyectos del Centro que buscan trabajar de manera conjunta realizando actividades para nuestro alumnado. Actualmente es uno de los motores del Centro tanto&#46;&#46;&#46;<\/p>\n","protected":false},"author":12832,"featured_media":0,"parent":1219,"menu_order":0,"comment_status":"closed","ping_status":"closed","template":"","meta":{"ngg_post_thumbnail":0,"footnotes":""},"aioseo_notices":[],"_links":{"self":[{"href":"https:\/\/blogsaverroes.juntadeandalucia.es\/olivardequinto\/wp-json\/wp\/v2\/pages\/1223"}],"collection":[{"href":"https:\/\/blogsaverroes.juntadeandalucia.es\/olivardequinto\/wp-json\/wp\/v2\/pages"}],"about":[{"href":"https:\/\/blogsaverroes.juntadeandalucia.es\/olivardequinto\/wp-json\/wp\/v2\/types\/page"}],"author":[{"embeddable":true,"href":"https:\/\/blogsaverroes.juntadeandalucia.es\/olivardequinto\/wp-json\/wp\/v2\/users\/12832"}],"replies":[{"embeddable":true,"href":"https:\/\/blogsaverroes.juntadeandalucia.es\/olivardequinto\/wp-json\/wp\/v2\/comments?post=1223"}],"version-history":[{"count":9,"href":"https:\/\/blogsaverroes.juntadeandalucia.es\/olivardequinto\/wp-json\/wp\/v2\/pages\/1223\/revisions"}],"predecessor-version":[{"id":1493,"href":"https:\/\/blogsaverroes.juntadeandalucia.es\/olivardequinto\/wp-json\/wp\/v2\/pages\/1223\/revisions\/1493"}],"up":[{"embeddable":true,"href":"https:\/\/blogsaverroes.juntadeandalucia.es\/olivardequinto\/wp-json\/wp\/v2\/pages\/1219"}],"wp:attachment":[{"href":"https:\/\/blogsaverroes.juntadeandalucia.es\/olivardequinto\/wp-json\/wp\/v2\/media?parent=1223"}],"curies":[{"name":"wp","href":"https:\/\/api.w.org\/{rel}","templated":true}]}}