{"id":15,"date":"2020-05-23T21:55:20","date_gmt":"2020-05-23T19:55:20","guid":{"rendered":"https:\/\/blogsaverroes.juntadeandalucia.es\/olivoplc\/contact-us\/"},"modified":"2020-05-24T17:02:46","modified_gmt":"2020-05-24T15:02:46","slug":"contact-us","status":"publish","type":"page","link":"https:\/\/blogsaverroes.juntadeandalucia.es\/olivoplc\/contact-us\/","title":{"rendered":"CONTACTO"},"content":{"rendered":"<p>El Olivo. Colegio de Educaci\u00f3n Infantil y Primaria.<\/p>\n<h5><strong>Direcci\u00f3n<\/strong><\/h5>\n<p>Paseo de la estaci\u00f3n, 46. <em>Torredonjimeno<\/em> 23650 Ja\u00e9n<\/p>\n<p>[googlemaps https:\/\/www.google.com\/maps\/embed?pb=!1m18!1m12!1m3!1d3154.1743527210187!2d-3.949214148264691!3d37.76250982053707!2m3!1f0!2f0!3f0!3m2!1i1024!2i768!4f13.1!3m3!1m2!1s0xd6dcf7561b22985%3A0xaa4645cf08b3a882!2sColegio+P%C3%BAblico+El+Olivo!5e0!3m2!1ses!2ses!4v1519475685933&amp;w=600&amp;h=450]<\/p>\n<p><strong>Tel\u00e9fono: <\/strong>953 366 816&nbsp;<strong>FAX:<\/strong>&nbsp;953 366 817<br \/>\n<strong>Email:<\/strong> 23004008.edu@juntadeandalucia.es<\/p>\n<h5><strong>Horarios<\/strong><\/h5>\n<p>Horario de apertura del centro: Desde las 9:00 de la ma\u00f1ana hasta las 14:00 de la tarde.<\/p>\n<p>Comedor escolar: Desde las 14:00 de la tarde a las 16:00 de la tarde<\/p>\n<p>Talleres extraescolares organizados desde el AMPA: Ingl\u00e9s y manualidades.<\/p>\n<h5><strong>Oferta educativa<\/strong><\/h5>\n<p>Nuestro centro dispone de una l\u00ednea de Educaci\u00f3n Infantil, una l\u00ednea de Educaci\u00f3n Primaria y aula de Educaci\u00f3n Especial.<\/p>\n<h5><strong>Para contactar con el centro<\/strong><\/h5>\n<p>Si desea contactar con nosotros, rellene el siguiente cuestionario. Intentaremos contestarle a la mayor brevedad posible.<br \/>\n*(campo obligatorio)<\/p>\n<p>[bestwebsoft_contact_form]<\/p>\n","protected":false},"excerpt":{"rendered":"<p>El Olivo. Colegio de Educaci\u00f3n Infantil y Primaria. Direcci\u00f3n Paseo de la estaci\u00f3n, 46. Torredonjimeno 23650 Ja\u00e9n [googlemaps https:\/\/www.google.com\/maps\/embed?pb=!1m18!1m12!1m3!1d3154.1743527210187!2d-3.949214148264691!3d37.76250982053707!2m3!1f0!2f0!3f0!3m2!1i1024!2i768!4f13.1!3m3!1m2!1s0xd6dcf7561b22985%3A0xaa4645cf08b3a882!2sColegio+P%C3%BAblico+El+Olivo!5e0!3m2!1ses!2ses!4v1519475685933&amp;w=600&amp;h=450] Tel\u00e9fono: 953 366 816&nbsp;FAX:&nbsp;953 366 817 Email: 23004008.edu@juntadeandalucia.es Horarios Horario de apertura del centro: Desde las 9:00 de la ma\u00f1ana hasta las 14:00 de la tarde. Comedor escolar: Desde las 14:00 de la tarde a las &hellip; <a href=\"https:\/\/blogsaverroes.juntadeandalucia.es\/olivoplc\/contact-us\/\" class=\"more-link\">Sigue leyendo <span class=\"screen-reader-text\">CONTACTO<\/span><\/a><\/p>\n","protected":false},"author":1,"featured_media":0,"parent":0,"menu_order":0,"comment_status":"closed","ping_status":"closed","template":"","meta":{"ngg_post_thumbnail":0,"footnotes":""},"aioseo_notices":[],"_links":{"self":[{"href":"https:\/\/blogsaverroes.juntadeandalucia.es\/olivoplc\/wp-json\/wp\/v2\/pages\/15"}],"collection":[{"href":"https:\/\/blogsaverroes.juntadeandalucia.es\/olivoplc\/wp-json\/wp\/v2\/pages"}],"about":[{"href":"https:\/\/blogsaverroes.juntadeandalucia.es\/olivoplc\/wp-json\/wp\/v2\/types\/page"}],"author":[{"embeddable":true,"href":"https:\/\/blogsaverroes.juntadeandalucia.es\/olivoplc\/wp-json\/wp\/v2\/users\/1"}],"replies":[{"embeddable":true,"href":"https:\/\/blogsaverroes.juntadeandalucia.es\/olivoplc\/wp-json\/wp\/v2\/comments?post=15"}],"version-history":[{"count":4,"href":"https:\/\/blogsaverroes.juntadeandalucia.es\/olivoplc\/wp-json\/wp\/v2\/pages\/15\/revisions"}],"predecessor-version":[{"id":96,"href":"https:\/\/blogsaverroes.juntadeandalucia.es\/olivoplc\/wp-json\/wp\/v2\/pages\/15\/revisions\/96"}],"wp:attachment":[{"href":"https:\/\/blogsaverroes.juntadeandalucia.es\/olivoplc\/wp-json\/wp\/v2\/media?parent=15"}],"curies":[{"name":"wp","href":"https:\/\/api.w.org\/{rel}","templated":true}]}}