{"id":175,"date":"2023-01-12T11:28:43","date_gmt":"2023-01-12T11:28:43","guid":{"rendered":"https:\/\/blogsaverroes.juntadeandalucia.es\/ordenacionalmeria\/?page_id=175"},"modified":"2023-01-17T08:59:21","modified_gmt":"2023-01-17T08:59:21","slug":"torneo-de-debate","status":"publish","type":"page","link":"https:\/\/blogsaverroes.juntadeandalucia.es\/ordenacionalmeria\/torneo-de-debate\/","title":{"rendered":"Torneo de Debate"},"content":{"rendered":"<p>Este a\u00f1o la Fase Final Provincial del Torneo de Debate Educativo de Almer\u00eda se celebrar\u00e1n los d\u00edas<strong> 8 y 9 de marzo.<\/strong><\/p>\n<p>El primer d\u00eda, <strong>mi\u00e9rcoles 8 de marzo<\/strong>, se realizar\u00e1n los debates de los diferentes grupos de <strong>espa\u00f1ol<\/strong> que dan acceso a cuartos de final que se celebr\u00e1n el mismo d\u00eda, adem\u00e1s, se realizar\u00e1n los debates de ingl\u00e9s clasificatorios para la final.<\/p>\n<p>El segundo d\u00eda,<strong> jueves 9 de marzo<\/strong>, tendr\u00e1 lugar las semifinales y final del Torneo en<strong> espa\u00f1ol<\/strong> as\u00ed como la final de la modalidad de <strong>ingl\u00e9s<\/strong> y los debates en<strong> franc\u00e9s.<\/strong><\/p>\n<p>Todo ello tendr\u00e1 lugar en 2 sedes , por un lado el C.E.P. de Almer\u00eda y por otro la E.O.I de Almer\u00eda.<\/p>\n<p>&nbsp;<\/p>\n<table style=\"border-collapse: collapse;width: 100%\">\n<tbody>\n<tr>\n<td style=\"width: 50%\"><img loading=\"lazy\" decoding=\"async\" class=\"aligncenter size-medium wp-image-186\" src=\"https:\/\/blogsaverroes.juntadeandalucia.es\/ordenacionalmeria\/files\/2023\/01\/Naranja-y-Oscuro-Azul-Facultad-P\u00f3ster-724x1024-1-212x300.png\" alt=\"\" width=\"212\" height=\"300\" srcset=\"https:\/\/blogsaverroes.juntadeandalucia.es\/ordenacionalmeria\/files\/2023\/01\/Naranja-y-Oscuro-Azul-Facultad-P\u00f3ster-724x1024-1-212x300.png 212w, https:\/\/blogsaverroes.juntadeandalucia.es\/ordenacionalmeria\/files\/2023\/01\/Naranja-y-Oscuro-Azul-Facultad-P\u00f3ster-724x1024-1-17x24.png 17w, https:\/\/blogsaverroes.juntadeandalucia.es\/ordenacionalmeria\/files\/2023\/01\/Naranja-y-Oscuro-Azul-Facultad-P\u00f3ster-724x1024-1-25x36.png 25w, https:\/\/blogsaverroes.juntadeandalucia.es\/ordenacionalmeria\/files\/2023\/01\/Naranja-y-Oscuro-Azul-Facultad-P\u00f3ster-724x1024-1-34x48.png 34w, https:\/\/blogsaverroes.juntadeandalucia.es\/ordenacionalmeria\/files\/2023\/01\/Naranja-y-Oscuro-Azul-Facultad-P\u00f3ster-724x1024-1.png 724w\" sizes=\"(max-width: 212px) 100vw, 212px\" \/><\/td>\n<td style=\"width: 50%\"><img loading=\"lazy\" decoding=\"async\" class=\"aligncenter size-medium wp-image-177\" src=\"https:\/\/blogsaverroes.juntadeandalucia.es\/ordenacionalmeria\/files\/2023\/01\/torneo-300x196.jpg\" alt=\"\" width=\"300\" height=\"196\" srcset=\"https:\/\/blogsaverroes.juntadeandalucia.es\/ordenacionalmeria\/files\/2023\/01\/torneo-300x196.jpg 300w, https:\/\/blogsaverroes.juntadeandalucia.es\/ordenacionalmeria\/files\/2023\/01\/torneo-768x501.jpg 768w, https:\/\/blogsaverroes.juntadeandalucia.es\/ordenacionalmeria\/files\/2023\/01\/torneo.jpg 799w\" sizes=\"(max-width: 300px) 100vw, 300px\" \/><\/td>\n<\/tr>\n<\/tbody>\n<\/table>\n<p>Descarga las Instrucciones <a href=\"https:\/\/www.juntadeandalucia.es\/educacion\/portals\/web\/ced\/delegaciones\/almeria\/detalle-de-la-novedad\/-\/novedades\/detalle\/EwEW6Zv4CPYg\/nstrucciones-para-la-organizacion-de-la-fase-provincial-del-iv-torneo-de-debate-educativo-de-andalucia-curso-2022-2023\" target=\"_blank\" rel=\"noopener noreferrer\">pinchando aqu\u00ed<\/a><\/p>\n","protected":false},"excerpt":{"rendered":"<p>Este a\u00f1o la Fase Final Provincial del Torneo de Debate Educativo de Almer\u00eda se celebrar\u00e1n los d\u00edas 8 y 9 de marzo. El primer d\u00eda, mi\u00e9rcoles 8 de marzo, se realizar\u00e1n los debates de&#46;&#46;&#46;<\/p>\n","protected":false},"author":1269,"featured_media":186,"parent":0,"menu_order":0,"comment_status":"closed","ping_status":"closed","template":"","meta":{"ngg_post_thumbnail":0,"footnotes":""},"aioseo_notices":[],"_links":{"self":[{"href":"https:\/\/blogsaverroes.juntadeandalucia.es\/ordenacionalmeria\/wp-json\/wp\/v2\/pages\/175"}],"collection":[{"href":"https:\/\/blogsaverroes.juntadeandalucia.es\/ordenacionalmeria\/wp-json\/wp\/v2\/pages"}],"about":[{"href":"https:\/\/blogsaverroes.juntadeandalucia.es\/ordenacionalmeria\/wp-json\/wp\/v2\/types\/page"}],"author":[{"embeddable":true,"href":"https:\/\/blogsaverroes.juntadeandalucia.es\/ordenacionalmeria\/wp-json\/wp\/v2\/users\/1269"}],"replies":[{"embeddable":true,"href":"https:\/\/blogsaverroes.juntadeandalucia.es\/ordenacionalmeria\/wp-json\/wp\/v2\/comments?post=175"}],"version-history":[{"count":3,"href":"https:\/\/blogsaverroes.juntadeandalucia.es\/ordenacionalmeria\/wp-json\/wp\/v2\/pages\/175\/revisions"}],"predecessor-version":[{"id":187,"href":"https:\/\/blogsaverroes.juntadeandalucia.es\/ordenacionalmeria\/wp-json\/wp\/v2\/pages\/175\/revisions\/187"}],"wp:featuredmedia":[{"embeddable":true,"href":"https:\/\/blogsaverroes.juntadeandalucia.es\/ordenacionalmeria\/wp-json\/wp\/v2\/media\/186"}],"wp:attachment":[{"href":"https:\/\/blogsaverroes.juntadeandalucia.es\/ordenacionalmeria\/wp-json\/wp\/v2\/media?parent=175"}],"curies":[{"name":"wp","href":"https:\/\/api.w.org\/{rel}","templated":true}]}}

<p>Este año la Fase Final Provincial del Torneo de Debate Educativo de Almería se celebrarán los días<strong> 8 y 9 de marzo.</strong></p>
<p>El primer día, <strong>miércoles 8 de marzo</strong>, se realizarán los debates de los diferentes grupos de <strong>español</strong> que dan acceso a cuartos de final que se celebrán el mismo día, además, se realizarán los debates de inglés clasificatorios para la final.</p>
<p>El segundo día,<strong> jueves 9 de marzo</strong>, tendrá lugar las semifinales y final del Torneo en<strong> español</strong> así como la final de la modalidad de <strong>inglés</strong> y los debates en<strong> francés.</strong></p>
<p>Todo ello tendrá lugar en 2 sedes , por un lado el C.E.P. de Almería y por otro la E.O.I de Almería.</p>
<p>&nbsp;</p>
<table style="border-collapse: collapse;width: 100%">
<tbody>
<tr>
<td style="width: 50%"><img loading="lazy" decoding="async" class="aligncenter size-medium wp-image-186" src="https://blogsaverroes.juntadeandalucia.es/ordenacionalmeria/files/2023/01/Naranja-y-Oscuro-Azul-Facultad-Póster-724x1024-1-212x300.png" alt="" width="212" height="300" srcset="https://blogsaverroes.juntadeandalucia.es/ordenacionalmeria/files/2023/01/Naranja-y-Oscuro-Azul-Facultad-Póster-724x1024-1-212x300.png 212w, https://blogsaverroes.juntadeandalucia.es/ordenacionalmeria/files/2023/01/Naranja-y-Oscuro-Azul-Facultad-Póster-724x1024-1-17x24.png 17w, https://blogsaverroes.juntadeandalucia.es/ordenacionalmeria/files/2023/01/Naranja-y-Oscuro-Azul-Facultad-Póster-724x1024-1-25x36.png 25w, https://blogsaverroes.juntadeandalucia.es/ordenacionalmeria/files/2023/01/Naranja-y-Oscuro-Azul-Facultad-Póster-724x1024-1-34x48.png 34w, https://blogsaverroes.juntadeandalucia.es/ordenacionalmeria/files/2023/01/Naranja-y-Oscuro-Azul-Facultad-Póster-724x1024-1.png 724w" sizes="(max-width: 212px) 100vw, 212px" /></td>
<td style="width: 50%"><img loading="lazy" decoding="async" class="aligncenter size-medium wp-image-177" src="https://blogsaverroes.juntadeandalucia.es/ordenacionalmeria/files/2023/01/torneo-300x196.jpg" alt="" width="300" height="196" srcset="https://blogsaverroes.juntadeandalucia.es/ordenacionalmeria/files/2023/01/torneo-300x196.jpg 300w, https://blogsaverroes.juntadeandalucia.es/ordenacionalmeria/files/2023/01/torneo-768x501.jpg 768w, https://blogsaverroes.juntadeandalucia.es/ordenacionalmeria/files/2023/01/torneo.jpg 799w" sizes="(max-width: 300px) 100vw, 300px" /></td>
</tr>
</tbody>
</table>
<p>Descarga las Instrucciones <a href="https://www.juntadeandalucia.es/educacion/portals/web/ced/delegaciones/almeria/detalle-de-la-novedad/-/novedades/detalle/EwEW6Zv4CPYg/nstrucciones-para-la-organizacion-de-la-fase-provincial-del-iv-torneo-de-debate-educativo-de-andalucia-curso-2022-2023" target="_blank" rel="noopener noreferrer">pinchando aquí</a></p>

<p>Este año la Fase Final Provincial del Torneo de Debate Educativo de Almería se celebrarán los días 8 y 9 de marzo. El primer día, miércoles 8 de marzo, se realizarán los debates de&#46;&#46;&#46;</p>
