{"id":26,"date":"2020-01-10T07:42:54","date_gmt":"2020-01-10T06:42:54","guid":{"rendered":"http:\/\/blogsaverroes.juntadeandalucia.es\/pre\/nuevoiesv2\/?page_id=26"},"modified":"2023-10-25T13:25:37","modified_gmt":"2023-10-25T11:25:37","slug":"4o-eso","status":"publish","type":"page","link":"https:\/\/blogsaverroes.juntadeandalucia.es\/orientacion-huelva\/4o-eso\/","title":{"rendered":"\u00c1rea OVP"},"content":{"rendered":"<p>El coordinador del \u00e1rea de orientaci\u00f3n vocacional y profesional tendr\u00e1 las siguientes funciones:<\/p>\n<ol style=\"list-style-type: lower-alpha\">\n<li>Promover y coordinar el desarrollo de programas de orientaci\u00f3n educativa y vocacional, a trav\u00e9s de los equipos y departamentos de orientaci\u00f3n de los centros.<\/li>\n<li>Facilitar los procedimientos de coordinaci\u00f3n entre los equipos y departamentos, en lo relativo a la orientaci\u00f3n acad\u00e9mico-profesional y la transici\u00f3n a la vida laboral.<\/li>\n<li>Favorecer la implantaci\u00f3n de programas formativos e informativos relacionados con la orientaci\u00f3n profesional y la inserci\u00f3n laboral del alumnado.<\/li>\n<li>Asesorar a los equipos y a los departamentos en el desarrollo de actuaciones espec\u00edficas, relativas al \u00e1rea de orientaci\u00f3n vocacional y profesional.<\/li>\n<li>Cualquier otra funci\u00f3n, relacionada con el \u00e1rea, que se le encomiende por la administraci\u00f3n educativa.<\/li>\n<\/ol>\n","protected":false},"excerpt":{"rendered":"<p>El coordinador del \u00e1rea de orientaci\u00f3n vocacional y profesional tendr\u00e1 las siguientes funciones: Promover y coordinar el desarrollo de programas de orientaci\u00f3n educativa y vocacional,&hellip;<\/p>\n","protected":false},"author":13231,"featured_media":0,"parent":0,"menu_order":3,"comment_status":"closed","ping_status":"closed","template":"","meta":{"ngg_post_thumbnail":0,"footnotes":""},"aioseo_notices":[],"_links":{"self":[{"href":"https:\/\/blogsaverroes.juntadeandalucia.es\/orientacion-huelva\/wp-json\/wp\/v2\/pages\/26"}],"collection":[{"href":"https:\/\/blogsaverroes.juntadeandalucia.es\/orientacion-huelva\/wp-json\/wp\/v2\/pages"}],"about":[{"href":"https:\/\/blogsaverroes.juntadeandalucia.es\/orientacion-huelva\/wp-json\/wp\/v2\/types\/page"}],"author":[{"embeddable":true,"href":"https:\/\/blogsaverroes.juntadeandalucia.es\/orientacion-huelva\/wp-json\/wp\/v2\/users\/13231"}],"replies":[{"embeddable":true,"href":"https:\/\/blogsaverroes.juntadeandalucia.es\/orientacion-huelva\/wp-json\/wp\/v2\/comments?post=26"}],"version-history":[{"count":3,"href":"https:\/\/blogsaverroes.juntadeandalucia.es\/orientacion-huelva\/wp-json\/wp\/v2\/pages\/26\/revisions"}],"predecessor-version":[{"id":882,"href":"https:\/\/blogsaverroes.juntadeandalucia.es\/orientacion-huelva\/wp-json\/wp\/v2\/pages\/26\/revisions\/882"}],"wp:attachment":[{"href":"https:\/\/blogsaverroes.juntadeandalucia.es\/orientacion-huelva\/wp-json\/wp\/v2\/media?parent=26"}],"curies":[{"name":"wp","href":"https:\/\/api.w.org\/{rel}","templated":true}]}}

Área OVP

<p>El coordinador del área de orientación vocacional y profesional tendrá las siguientes funciones:</p>
<ol style="list-style-type: lower-alpha">
<li>Promover y coordinar el desarrollo de programas de orientación educativa y vocacional, a través de los equipos y departamentos de orientación de los centros.</li>
<li>Facilitar los procedimientos de coordinación entre los equipos y departamentos, en lo relativo a la orientación académico-profesional y la transición a la vida laboral.</li>
<li>Favorecer la implantación de programas formativos e informativos relacionados con la orientación profesional y la inserción laboral del alumnado.</li>
<li>Asesorar a los equipos y a los departamentos en el desarrollo de actuaciones específicas, relativas al área de orientación vocacional y profesional.</li>
<li>Cualquier otra función, relacionada con el área, que se le encomiende por la administración educativa.</li>
</ol>

<p>El coordinador del área de orientación vocacional y profesional tendrá las siguientes funciones: Promover y coordinar el desarrollo de programas de orientación educativa y vocacional,&hellip;</p>
