{"id":39,"date":"2020-01-10T07:47:48","date_gmt":"2020-01-10T06:47:48","guid":{"rendered":"http:\/\/blogsaverroes.juntadeandalucia.es\/pre\/nuevoiesv2\/?page_id=39"},"modified":"2023-10-25T13:43:35","modified_gmt":"2023-10-25T11:43:35","slug":"atc","status":"publish","type":"page","link":"https:\/\/blogsaverroes.juntadeandalucia.es\/orientacion-huelva\/atc\/","title":{"rendered":"\u00c1rea Acci\u00f3n Tutorial y Convivencia"},"content":{"rendered":"<p>El coordinador del \u00e1rea de apoyo a la funci\u00f3n tutorial del profesorado y de asesoramiento sobre convivencia escolar tendr\u00e1 las siguientes funciones:<\/p>\n<ol style=\"list-style-type: lower-alpha\">\n<li>Impulsar y coordinar la aplicaci\u00f3n de programas dirigidos a la mejora de las habilidades de los docentes en su dimensi\u00f3n tutorial.<\/li>\n<li>Promover medidas destinadas a la revisi\u00f3n y actualizaci\u00f3n de los instrumentos de planificaci\u00f3n docente y de los programas de acci\u00f3n tutorial.<\/li>\n<li>Dinamizar la aplicaci\u00f3n de programas de educaci\u00f3n en valores, de orientaci\u00f3n familiar y otros relacionados con los temas transversales del curr\u00edculo.<\/li>\n<li>Asesorar a las comisiones de convivencia de los centros y proponer acciones destinadas a favorecer la educaci\u00f3n para la cultura de paz y no violencia.<\/li>\n<li>Cualquier otra funci\u00f3n, relacionada con el \u00e1rea, que se le encomiende por la administraci\u00f3n educativa.<\/li>\n<\/ol>\n","protected":false},"excerpt":{"rendered":"<p>El coordinador del \u00e1rea de apoyo a la funci\u00f3n tutorial del profesorado y de asesoramiento sobre convivencia escolar tendr\u00e1 las siguientes funciones: Impulsar y coordinar&hellip;<\/p>\n","protected":false},"author":13231,"featured_media":0,"parent":0,"menu_order":5,"comment_status":"closed","ping_status":"closed","template":"","meta":{"ngg_post_thumbnail":0,"footnotes":""},"aioseo_notices":[],"_links":{"self":[{"href":"https:\/\/blogsaverroes.juntadeandalucia.es\/orientacion-huelva\/wp-json\/wp\/v2\/pages\/39"}],"collection":[{"href":"https:\/\/blogsaverroes.juntadeandalucia.es\/orientacion-huelva\/wp-json\/wp\/v2\/pages"}],"about":[{"href":"https:\/\/blogsaverroes.juntadeandalucia.es\/orientacion-huelva\/wp-json\/wp\/v2\/types\/page"}],"author":[{"embeddable":true,"href":"https:\/\/blogsaverroes.juntadeandalucia.es\/orientacion-huelva\/wp-json\/wp\/v2\/users\/13231"}],"replies":[{"embeddable":true,"href":"https:\/\/blogsaverroes.juntadeandalucia.es\/orientacion-huelva\/wp-json\/wp\/v2\/comments?post=39"}],"version-history":[{"count":4,"href":"https:\/\/blogsaverroes.juntadeandalucia.es\/orientacion-huelva\/wp-json\/wp\/v2\/pages\/39\/revisions"}],"predecessor-version":[{"id":887,"href":"https:\/\/blogsaverroes.juntadeandalucia.es\/orientacion-huelva\/wp-json\/wp\/v2\/pages\/39\/revisions\/887"}],"wp:attachment":[{"href":"https:\/\/blogsaverroes.juntadeandalucia.es\/orientacion-huelva\/wp-json\/wp\/v2\/media?parent=39"}],"curies":[{"name":"wp","href":"https:\/\/api.w.org\/{rel}","templated":true}]}}