{"id":41,"date":"2020-01-10T07:49:11","date_gmt":"2020-01-10T06:49:11","guid":{"rendered":"http:\/\/blogsaverroes.juntadeandalucia.es\/pre\/nuevoiesv2\/?page_id=41"},"modified":"2023-10-31T13:15:17","modified_gmt":"2023-10-31T12:15:17","slug":"etpoep","status":"publish","type":"page","link":"https:\/\/blogsaverroes.juntadeandalucia.es\/orientacion-huelva\/","title":{"rendered":"ETPOEP"},"content":{"rendered":"<p style=\"text-align: justify\">Bienvenida, bienvenido, a la web del <strong>Equipo T\u00e9cnico Provincial para la Orientaci\u00f3n Educativa y Profesional (ETPOEP) de Huelva,<\/strong> en la que podr\u00e1s encontrar toda la informaci\u00f3n necesaria sobre orientaci\u00f3n educativa en la provincia.<\/p>\n<p class=\"western\" style=\"text-align: justify\">La orientaci\u00f3n se establece como un elemento que garantiza la calidad del sistema educativo y una funci\u00f3n inherente al proceso de ense\u00f1anza\/aprendizaje: reforzando la individualizaci\u00f3n de la docencia; garantizando la igualdad de oportunidades; velando por una formaci\u00f3n integral en conocimientos, destrezas y valores; y asegurando una educaci\u00f3n y una orientaci\u00f3n a lo largo de la vida.<\/p>\n<p class=\"western\" style=\"text-align: justify\">En esta p\u00e1gina web podr\u00e1s conocer toda la red de orientaci\u00f3n de la provincia de Huelva y del Equipo T\u00e9cnico Provincial para la Orientaci\u00f3n Educativa y Profesional<!-- (ETPOEP, en adelante) --> (ETPOEP): podr\u00e1s conocer al detalle su organigrama, normativa, funciones y su papel en la como agentes de cambio e innovaci\u00f3n.<\/p>\n<h2>\u00bfQu\u00e9 es el ETPOEP?<\/h2>\n<p class=\"western\" style=\"text-align: justify\">El ETPOEP es un \u00f3rgano de coordinaci\u00f3n y comunicaci\u00f3n entre los diferentes niveles de orientaci\u00f3n y la administraci\u00f3n.&nbsp;Los Equipos T\u00e9cnicos Provinciales para la Orientaci\u00f3n Educativa y Profesional estar\u00e1n compuestos por:<\/p>\n<ul>\n<li class=\"western\" style=\"text-align: justify\">Un coordinador o una<a title=\"Coordinaci\u00f3n Provincial\" href=\"https:\/\/blogsaverroes.juntadeandalucia.es\/orientacion-huelva\/etpoep\/coordinacion\/\" target=\"_blank\" rel=\"noopener noreferrer\"> coordinadora provincial.<\/a><\/li>\n<li class=\"western\" style=\"text-align: justify\">Un coordinador o una coordinadora del <a title=\"\u00c1rea OVP\" href=\"https:\/\/blogsaverroes.juntadeandalucia.es\/orientacion-huelva\/4o-eso\/\" target=\"_blank\" rel=\"noopener noreferrer\">\u00e1rea de orientaci\u00f3n vocacional y profesional.<\/a><\/li>\n<li class=\"western\" style=\"text-align: justify\">Un coordinador o una coordinadora del <a title=\"\u00c1rea NEE\" href=\"https:\/\/blogsaverroes.juntadeandalucia.es\/orientacion-huelva\/nee\/\" target=\"_blank\" rel=\"noopener noreferrer\">\u00e1rea de atenci\u00f3n a las necesidades educativas especiales.<\/a><\/li>\n<li class=\"western\" style=\"text-align: justify\">Un coordinador o una coordinadora del <a title=\"\u00c1rea de Compensatoria\" href=\"https:\/\/blogsaverroes.juntadeandalucia.es\/orientacion-huelva\/compensatoria\/\" target=\"_blank\" rel=\"noopener noreferrer\">\u00e1rea de compensaci\u00f3n educativa.<\/a><\/li>\n<li class=\"western\" style=\"text-align: justify\">Un coordinador o una coordinadora del <a title=\"\u00c1rea Acci\u00f3n Tutorial y Convivencia\" href=\"https:\/\/blogsaverroes.juntadeandalucia.es\/orientacion-huelva\/atc\/\" target=\"_blank\" rel=\"noopener noreferrer\">\u00e1rea de apoyo a la funci\u00f3n tutorial del profesorado y de asesoramiento sobre convivencia escolar.<\/a><\/li>\n<li class=\"western\" style=\"text-align: justify\">Un coordinador o una coordinadora del <a title=\"\u00c1rea RRTT\" href=\"https:\/\/blogsaverroes.juntadeandalucia.es\/orientacion-huelva\/recursos-tecnicos\/\" target=\"_blank\" rel=\"noopener noreferrer\">\u00e1rea de recursos t\u00e9cnicos.<\/a><\/li>\n<\/ul>\n<h2 style=\"text-align: justify\">Funciones<\/h2>\n<p style=\"text-align: justify\">Conforme a lo recogido en el Art\u00edculo 17 del Decreto 213\/1995, las funciones del ETPOEP son:<\/p>\n<ol style=\"list-style-type: lower-alpha\">\n<li style=\"text-align: justify\">Colaborar con los servicios de la Consejer\u00eda de Educaci\u00f3n y Ciencia en la planificaci\u00f3n, desarrollo y evaluaci\u00f3n de las actuaciones de los Equipos de Orientaci\u00f3n Educativa y de los Departamentos de Orientaci\u00f3n.<\/li>\n<li style=\"text-align: justify\">Impulsar y coordinar las actuaciones de los Equipos de Orientaci\u00f3n Educativa de la provincia en las diferentes \u00e1reas de trabajo y de los<br \/>\nDepartamentos de Orientaci\u00f3n, posibilitando el intercambio de experiencias y la elaboraci\u00f3n de materiales y documentos de orientaci\u00f3n educativa e intervenci\u00f3n psicopedag\u00f3gica.<\/li>\n<li style=\"text-align: justify\">Proponer planes de formaci\u00f3n permanente para los profesionales de los Equipos de Orientaci\u00f3n Educativa y Departamentos de Orientaci\u00f3n, en el marco del plan provincial de formaci\u00f3n permanente del profesorado, y colaborar en su desarrollo y evaluaci\u00f3n.<\/li>\n<li style=\"text-align: justify\">Determinar las l\u00edneas de actuaci\u00f3n prioritarias de la provincia en lo relativo a la planificaci\u00f3n, desarrollo y evaluaci\u00f3n de actuaciones y programas relacionados con las distintas funciones de los Equipos de Orientaci\u00f3n Educativa, de acuerdo con las directrices de la Consejer\u00eda de Educaci\u00f3n y Ciencia.<\/li>\n<li style=\"text-align: justify\">Colaborar con los servicios de la Consejer\u00eda de Educaci\u00f3n y Ciencia en lo relativo a la planificaci\u00f3n, educativa de los medios y recursos necesarios para la atenci\u00f3n a la diversidad de los alumnos y alumnas, particularmente en el \u00e1rea de las necesidades educativas especiales y de la compensaci\u00f3n educativa.<\/li>\n<\/ol>\n<h2>Normativa de referencia<\/h2>\n<ul>\n<li><a href=\"https:\/\/www.adideandalucia.es\/normas\/decretos\/Decreto%20213-1995%20Regula%20EOEs.htm\">Decreto 213\/1995, de 12 de septiembre de 1995,<\/a> por el que se regulan los equipos de orientaci\u00f3n educativa.<\/li>\n<li><a href=\"https:\/\/www.adideandalucia.es\/normas\/decretos\/Decreto%2039-2003%20Regula%20EOEs.htm\">Decreto 39\/2003, de 18 de febrero,<\/a> por el que se regula la provisi\u00f3n de los puestos de trabajo de los Equipos de Orientaci\u00f3n Educativa adscritos al personal docente y se establecen las funciones de los coordinadores de \u00e1rea de los Equipos T\u00e9cnicos Provinciales.<\/li>\n<\/ul>\n","protected":false},"excerpt":{"rendered":"<p>Bienvenida, bienvenido, a la web del Equipo T\u00e9cnico Provincial para la Orientaci\u00f3n Educativa y Profesional (ETPOEP) de Huelva, en la que podr\u00e1s encontrar toda la&hellip;<\/p>\n","protected":false},"author":13226,"featured_media":0,"parent":0,"menu_order":0,"comment_status":"closed","ping_status":"closed","template":"","meta":{"ngg_post_thumbnail":0,"footnotes":""},"aioseo_notices":[],"_links":{"self":[{"href":"https:\/\/blogsaverroes.juntadeandalucia.es\/orientacion-huelva\/wp-json\/wp\/v2\/pages\/41"}],"collection":[{"href":"https:\/\/blogsaverroes.juntadeandalucia.es\/orientacion-huelva\/wp-json\/wp\/v2\/pages"}],"about":[{"href":"https:\/\/blogsaverroes.juntadeandalucia.es\/orientacion-huelva\/wp-json\/wp\/v2\/types\/page"}],"author":[{"embeddable":true,"href":"https:\/\/blogsaverroes.juntadeandalucia.es\/orientacion-huelva\/wp-json\/wp\/v2\/users\/13226"}],"replies":[{"embeddable":true,"href":"https:\/\/blogsaverroes.juntadeandalucia.es\/orientacion-huelva\/wp-json\/wp\/v2\/comments?post=41"}],"version-history":[{"count":17,"href":"https:\/\/blogsaverroes.juntadeandalucia.es\/orientacion-huelva\/wp-json\/wp\/v2\/pages\/41\/revisions"}],"predecessor-version":[{"id":890,"href":"https:\/\/blogsaverroes.juntadeandalucia.es\/orientacion-huelva\/wp-json\/wp\/v2\/pages\/41\/revisions\/890"}],"wp:attachment":[{"href":"https:\/\/blogsaverroes.juntadeandalucia.es\/orientacion-huelva\/wp-json\/wp\/v2\/media?parent=41"}],"curies":[{"name":"wp","href":"https:\/\/api.w.org\/{rel}","templated":true}]}}