{"id":3012,"date":"2013-05-14T11:31:39","date_gmt":"2013-05-14T09:31:39","guid":{"rendered":"http:\/\/orientacion.cepindalo.es\/?page_id=38"},"modified":"2024-03-14T10:09:44","modified_gmt":"2024-03-14T09:09:44","slug":"eoe-disc-visual","status":"publish","type":"page","link":"https:\/\/blogsaverroes.juntadeandalucia.es\/orientacionalmeria\/eoe-disc-visual\/","title":{"rendered":"El Equipo Espec\u00edfico para la Discapacidad Visual"},"content":{"rendered":"<hr \/>\n<p style=\"text-align: justify\"><!-- [if gte mso 9]&gt;--><\/p>\n<p><span style=\"font-family: arial,helvetica,sans-serif;font-size: small\">El Equipo Espec\u00edfico est\u00e1 formado por personal docente de la Consejer\u00eda de Educaci\u00f3n de la Junta de Andaluc\u00eda y personal multiprofesional de la Organizaci\u00f3n Nacional de Ciegos (O.N.C.E.), en virtud del acuerdo de colaboraci\u00f3n firmado en junio de 1.987.<\/span><\/p>\n<p style=\"text-align: justify\"><span style=\"font-family: arial,helvetica,sans-serif;font-size: small\">El personal docente de este equipo multiprofesional interviene en los centros que integran alumnado con discapacidad visual en colaboraci\u00f3n con los tutores, orientadores y profesorado de apoyo.<\/span><\/p>\n<hr \/>\n<ul>\n<li><a href=\"https:\/\/blogsaverroes.juntadeandalucia.es\/orientacionalmeria\/files\/2024\/03\/ONCE_SOLICITUD_INTERVENCI\u00d3N_EQUIPOESPEC\u00cdFICO_2.pdf\" target=\"_blank\" rel=\"noopener noreferrer\">Impreso de derivaci\u00f3n para el Equipo Espec\u00edfico para la Discapacidad visual<\/a>. Enviar a:&nbsp; &nbsp; &nbsp; &nbsp; &nbsp; &nbsp; &nbsp; &nbsp; &nbsp; &nbsp; &nbsp; &nbsp; &nbsp; maria.d.ontiveros.edu@juntadeandalucia.es<\/li>\n<\/ul>\n","protected":false},"excerpt":{"rendered":"<p>El Equipo Espec\u00edfico est\u00e1 formado por personal docente de la Consejer\u00eda de Educaci\u00f3n de la Junta de Andaluc\u00eda y personal multiprofesional de la Organizaci\u00f3n Nacional de Ciegos (O.N.C.E.), en virtud del acuerdo de colaboraci\u00f3n&#46;&#46;&#46;<\/p>\n","protected":false},"author":1,"featured_media":0,"parent":0,"menu_order":0,"comment_status":"closed","ping_status":"closed","template":"","meta":{"ngg_post_thumbnail":0,"footnotes":"","_mc_calendar":[]},"aioseo_notices":[],"_links":{"self":[{"href":"https:\/\/blogsaverroes.juntadeandalucia.es\/orientacionalmeria\/wp-json\/wp\/v2\/pages\/3012"}],"collection":[{"href":"https:\/\/blogsaverroes.juntadeandalucia.es\/orientacionalmeria\/wp-json\/wp\/v2\/pages"}],"about":[{"href":"https:\/\/blogsaverroes.juntadeandalucia.es\/orientacionalmeria\/wp-json\/wp\/v2\/types\/page"}],"author":[{"embeddable":true,"href":"https:\/\/blogsaverroes.juntadeandalucia.es\/orientacionalmeria\/wp-json\/wp\/v2\/users\/1"}],"replies":[{"embeddable":true,"href":"https:\/\/blogsaverroes.juntadeandalucia.es\/orientacionalmeria\/wp-json\/wp\/v2\/comments?post=3012"}],"version-history":[{"count":6,"href":"https:\/\/blogsaverroes.juntadeandalucia.es\/orientacionalmeria\/wp-json\/wp\/v2\/pages\/3012\/revisions"}],"predecessor-version":[{"id":5686,"href":"https:\/\/blogsaverroes.juntadeandalucia.es\/orientacionalmeria\/wp-json\/wp\/v2\/pages\/3012\/revisions\/5686"}],"wp:attachment":[{"href":"https:\/\/blogsaverroes.juntadeandalucia.es\/orientacionalmeria\/wp-json\/wp\/v2\/media?parent=3012"}],"curies":[{"name":"wp","href":"https:\/\/api.w.org\/{rel}","templated":true}]}}