{"id":437,"date":"2013-05-22T23:16:27","date_gmt":"2013-05-22T21:16:27","guid":{"rendered":"http:\/\/orientacion.cepindalo.es\/?page_id=437"},"modified":"2022-04-21T13:28:24","modified_gmt":"2022-04-21T12:28:24","slug":"blogs","status":"publish","type":"page","link":"https:\/\/blogsaverroes.juntadeandalucia.es\/orientacionalmeria\/blogs\/","title":{"rendered":"Blogs"},"content":{"rendered":"<p><strong>ORIENTACI\u00d3N EDUCATIVA<\/strong><\/p>\n<p><a href=\"http:\/\/www.atutoria-almeria.blogspot.com.es\/\">Blog del \u00c1rea de Acci\u00f3n Tutorial y Convivencia Escolar<\/a><\/p>\n<p>https:\/\/blogsaverroes.juntadeandalucia.es\/diaprendo\/<\/p>\n<p><strong>DEPARTAMENTOS DE ORIENTACI\u00d3N<\/strong><\/p>\n<p><a href=\"http:\/\/www.elorienta.com\/alyanub\/\">I.E.S. Alyanub (Vera)<\/a><\/p>\n<p><a href=\"http:\/\/www.elorienta.com\/dalias\/\">I.E.S Ciudad de Dalias<\/a><strong>&nbsp;<\/strong><\/p>\n<p><strong>EQUIPOS DE ORIENTACI\u00d3N EDUCATIVA<\/strong><\/p>\n<p><a href=\"https:\/\/eoeejido.blogspot.com\/\">EOE El Ejido<\/a><\/p>\n<p><a href=\"https:\/\/eoenijar.wordpress.com\/blog-2\/\">EOE N\u00edjar<\/a><\/p>\n<p><strong>AULAS HOSPITALARIAS<\/strong><\/p>\n<p><a href=\"http:\/\/aulahospitalariaponiente.blogspot.com.es\/\">Aula Hospitalaria Poniente<\/a><\/p>\n<p><strong>OTROS BLOGS<\/strong><\/p>\n<p><a href=\"http:\/\/edducacionespecial.blogspot.com.es\/2009\/05\/guias-utiles-para-descargar.html\">Educaci\u00f3n especial. Para ni\u00f1as y ni\u00f1os con necesidades educativas especiales<\/a><\/p>\n<p><a href=\"http:\/\/www.discapacidadenandalucia.es\/?page_id=79\">Discapacidad en Andaluc\u00eda<\/a>. Enlaces de inter\u00e9s<\/p>\n<p><a href=\"http:\/\/profundiza.org\/\">Andaluc\u00eda Profundiza.&nbsp; Proyectos para la profundizaci\u00f3n en el conocimiento.<\/a><\/p>\n<p><a href=\"http:\/\/www.pantallasamigas.net\/\">Pantallas Amigas: uso responsable de las TIC<\/a><\/p>\n<p><a href=\"http:\/\/www.ite.educacion.es\/w3\/eos\/MaterialesEducativos\/mem2006\/aprender_estudiar\/index2.html\">Web Aprender a Estudiar<\/a><\/p>\n<p><a href=\"https:\/\/aninaorientadora.blogspot.com\/\">aninaorientadora<\/a><\/p>\n<p><a href=\"http:\/\/www.helpkidzlearn.com\/es\/\">Web de juegos y herramientas <strong>dise\u00f1adas espec\u00edficamente para ni\u00f1os peque\u00f1os y ni\u00f1os con dificultades de aprendizaje<\/strong>,<\/a><\/p>\n<p>&nbsp;<\/p>\n","protected":false},"excerpt":{"rendered":"<p>ORIENTACI\u00d3N EDUCATIVA Blog del \u00c1rea de Acci\u00f3n Tutorial y Convivencia Escolar https:\/\/blogsaverroes.juntadeandalucia.es\/diaprendo\/ DEPARTAMENTOS DE ORIENTACI\u00d3N I.E.S. Alyanub (Vera) I.E.S Ciudad de Dalias&nbsp; EQUIPOS DE ORIENTACI\u00d3N EDUCATIVA EOE El Ejido EOE N\u00edjar AULAS HOSPITALARIAS Aula&#46;&#46;&#46;<\/p>\n","protected":false},"author":1,"featured_media":0,"parent":0,"menu_order":0,"comment_status":"closed","ping_status":"closed","template":"","meta":{"ngg_post_thumbnail":0,"footnotes":"","_mc_calendar":[]},"aioseo_notices":[],"_links":{"self":[{"href":"https:\/\/blogsaverroes.juntadeandalucia.es\/orientacionalmeria\/wp-json\/wp\/v2\/pages\/437"}],"collection":[{"href":"https:\/\/blogsaverroes.juntadeandalucia.es\/orientacionalmeria\/wp-json\/wp\/v2\/pages"}],"about":[{"href":"https:\/\/blogsaverroes.juntadeandalucia.es\/orientacionalmeria\/wp-json\/wp\/v2\/types\/page"}],"author":[{"embeddable":true,"href":"https:\/\/blogsaverroes.juntadeandalucia.es\/orientacionalmeria\/wp-json\/wp\/v2\/users\/1"}],"replies":[{"embeddable":true,"href":"https:\/\/blogsaverroes.juntadeandalucia.es\/orientacionalmeria\/wp-json\/wp\/v2\/comments?post=437"}],"version-history":[{"count":36,"href":"https:\/\/blogsaverroes.juntadeandalucia.es\/orientacionalmeria\/wp-json\/wp\/v2\/pages\/437\/revisions"}],"predecessor-version":[{"id":5313,"href":"https:\/\/blogsaverroes.juntadeandalucia.es\/orientacionalmeria\/wp-json\/wp\/v2\/pages\/437\/revisions\/5313"}],"wp:attachment":[{"href":"https:\/\/blogsaverroes.juntadeandalucia.es\/orientacionalmeria\/wp-json\/wp\/v2\/media?parent=437"}],"curies":[{"name":"wp","href":"https:\/\/api.w.org\/{rel}","templated":true}]}}