{"id":48,"date":"2013-05-14T11:34:12","date_gmt":"2013-05-14T09:34:12","guid":{"rendered":"http:\/\/orientacion.cepindalo.es\/?page_id=48"},"modified":"2022-03-31T10:42:44","modified_gmt":"2022-03-31T09:42:44","slug":"compensacion-educativa","status":"publish","type":"page","link":"https:\/\/blogsaverroes.juntadeandalucia.es\/orientacionalmeria\/compensacion-educativa\/","title":{"rendered":"Compensaci\u00f3n Educativa"},"content":{"rendered":"<p style=\"text-align: center\"><strong><span style=\"font-size: 14pt\"><a href=\"https:\/\/blogsaverroes.juntadeandalucia.es\/orientacionalmeria\/files\/2022\/03\/ELISA-scaled.jpg\"><img loading=\"lazy\" decoding=\"async\" class=\"wp-image-5197 alignleft\" src=\"https:\/\/blogsaverroes.juntadeandalucia.es\/orientacionalmeria\/files\/2022\/03\/ELISA-300x225.jpg\" alt=\"\" width=\"400\" height=\"300\" srcset=\"https:\/\/blogsaverroes.juntadeandalucia.es\/orientacionalmeria\/files\/2022\/03\/ELISA-300x225.jpg 300w, https:\/\/blogsaverroes.juntadeandalucia.es\/orientacionalmeria\/files\/2022\/03\/ELISA-1024x768.jpg 1024w, https:\/\/blogsaverroes.juntadeandalucia.es\/orientacionalmeria\/files\/2022\/03\/ELISA-768x576.jpg 768w, https:\/\/blogsaverroes.juntadeandalucia.es\/orientacionalmeria\/files\/2022\/03\/ELISA-1536x1152.jpg 1536w, https:\/\/blogsaverroes.juntadeandalucia.es\/orientacionalmeria\/files\/2022\/03\/ELISA-2048x1536.jpg 2048w, https:\/\/blogsaverroes.juntadeandalucia.es\/orientacionalmeria\/files\/2022\/03\/ELISA-scaled.jpg 1600w\" sizes=\"(max-width: 400px) 100vw, 400px\" \/><\/a><\/span><\/strong><\/p>\n<p><a href=\"https:\/\/blogsaverroes.juntadeandalucia.es\/orientacionalmeria\/files\/2022\/03\/M.-A\u0301NGELES-scaled.jpg\"><img loading=\"lazy\" decoding=\"async\" class=\"wp-image-5216 alignright\" src=\"https:\/\/blogsaverroes.juntadeandalucia.es\/orientacionalmeria\/files\/2022\/03\/M.-A\u0301NGELES-300x225.jpg\" alt=\"\" width=\"400\" height=\"300\" srcset=\"https:\/\/blogsaverroes.juntadeandalucia.es\/orientacionalmeria\/files\/2022\/03\/M.-A\u0301NGELES-300x225.jpg 300w, https:\/\/blogsaverroes.juntadeandalucia.es\/orientacionalmeria\/files\/2022\/03\/M.-A\u0301NGELES-1024x768.jpg 1024w, https:\/\/blogsaverroes.juntadeandalucia.es\/orientacionalmeria\/files\/2022\/03\/M.-A\u0301NGELES-768x576.jpg 768w, https:\/\/blogsaverroes.juntadeandalucia.es\/orientacionalmeria\/files\/2022\/03\/M.-A\u0301NGELES-1536x1152.jpg 1536w, https:\/\/blogsaverroes.juntadeandalucia.es\/orientacionalmeria\/files\/2022\/03\/M.-A\u0301NGELES-2048x1536.jpg 2048w, https:\/\/blogsaverroes.juntadeandalucia.es\/orientacionalmeria\/files\/2022\/03\/M.-A\u0301NGELES-scaled.jpg 1600w\" sizes=\"(max-width: 400px) 100vw, 400px\" \/><\/a><\/p>\n<p>&nbsp;<\/p>\n<p>&nbsp;<\/p>\n<p>&nbsp;<\/p>\n<p>&nbsp;<\/p>\n<p>&nbsp;<\/p>\n<p>&nbsp;<\/p>\n<p>&nbsp;<\/p>\n<p>&nbsp;<\/p>\n<table style=\"border-collapse: collapse;width: 100%\">\n<tbody>\n<tr>\n<td style=\"width: 33.3333%\">\n<p style=\"text-align: center\"><strong><span style=\"font-size: 14pt\">ELISA I. VARGAS RODR\u00cdGUEZ<\/span><\/strong><\/p>\n<p style=\"text-align: center\"><span style=\"font-size: 14pt\">Coordinadora del \u00c1rea de Compensaci\u00f3n Educativa<\/span><\/p>\n<p style=\"text-align: center\"><span style=\"font-size: 14pt\">elisa.vargas.edu@juntadeandalucia.es<\/span><\/p>\n<p style=\"text-align: center\"><span style=\"font-size: 14pt\">950004627 \/ 704627<\/span><\/p>\n<\/td>\n<td style=\"width: 33.3333%\">&nbsp;<\/td>\n<td style=\"width: 33.3333%\">\n<p style=\"text-align: center\"><strong><span style=\"font-size: 14pt\">M\u00aa \u00c1NGELES CA\u00d1ADAS P\u00c9REZ<\/span><\/strong><\/p>\n<p style=\"text-align: center\"><span style=\"font-size: 14pt\">T\u00e9cnica de Absentismo e Interculturalidad<\/span><\/p>\n<p style=\"text-align: center\"><span style=\"font-size: 14pt\">maria.canadas.edu@juntadeandalucia.es<\/span><\/p>\n<p style=\"text-align: center\"><span style=\"font-size: 14pt\">950004596 \/ 704696<\/span><\/p>\n<\/td>\n<\/tr>\n<\/tbody>\n<\/table>\n","protected":false},"excerpt":{"rendered":"<p>&nbsp; &nbsp; &nbsp; &nbsp; &nbsp; &nbsp; &nbsp; &nbsp; ELISA I. VARGAS RODR\u00cdGUEZ Coordinadora del \u00c1rea de Compensaci\u00f3n Educativa elisa.vargas.edu@juntadeandalucia.es 950004627 \/ 704627 &nbsp; M\u00aa \u00c1NGELES CA\u00d1ADAS P\u00c9REZ T\u00e9cnica de Absentismo e Interculturalidad maria.canadas.edu@juntadeandalucia.es 950004596&#46;&#46;&#46;<\/p>\n","protected":false},"author":1,"featured_media":0,"parent":0,"menu_order":0,"comment_status":"closed","ping_status":"closed","template":"","meta":{"ngg_post_thumbnail":0,"footnotes":"","_mc_calendar":[]},"aioseo_notices":[],"_links":{"self":[{"href":"https:\/\/blogsaverroes.juntadeandalucia.es\/orientacionalmeria\/wp-json\/wp\/v2\/pages\/48"}],"collection":[{"href":"https:\/\/blogsaverroes.juntadeandalucia.es\/orientacionalmeria\/wp-json\/wp\/v2\/pages"}],"about":[{"href":"https:\/\/blogsaverroes.juntadeandalucia.es\/orientacionalmeria\/wp-json\/wp\/v2\/types\/page"}],"author":[{"embeddable":true,"href":"https:\/\/blogsaverroes.juntadeandalucia.es\/orientacionalmeria\/wp-json\/wp\/v2\/users\/1"}],"replies":[{"embeddable":true,"href":"https:\/\/blogsaverroes.juntadeandalucia.es\/orientacionalmeria\/wp-json\/wp\/v2\/comments?post=48"}],"version-history":[{"count":5,"href":"https:\/\/blogsaverroes.juntadeandalucia.es\/orientacionalmeria\/wp-json\/wp\/v2\/pages\/48\/revisions"}],"predecessor-version":[{"id":5218,"href":"https:\/\/blogsaverroes.juntadeandalucia.es\/orientacionalmeria\/wp-json\/wp\/v2\/pages\/48\/revisions\/5218"}],"wp:attachment":[{"href":"https:\/\/blogsaverroes.juntadeandalucia.es\/orientacionalmeria\/wp-json\/wp\/v2\/media?parent=48"}],"curies":[{"name":"wp","href":"https:\/\/api.w.org\/{rel}","templated":true}]}}