{"id":2,"date":"2015-04-24T10:39:22","date_gmt":"2015-04-24T10:39:22","guid":{"rendered":"http:\/\/blogsaverroes.juntadeandalucia.es\/orientaciondeperragorda\/?page_id=2"},"modified":"2015-05-04T00:53:32","modified_gmt":"2015-05-04T00:53:32","slug":"pagina-ejemplo","status":"publish","type":"page","link":"https:\/\/blogsaverroes.juntadeandalucia.es\/orientaciondeperragorda\/pagina-ejemplo\/","title":{"rendered":"Preguntas frecuentes"},"content":{"rendered":"<p>Aqu\u00ed iremos a\u00f1adiendo las preguntas que con m\u00e1s frecuencia realizan nuestros visitantes con respecto a nuestro blog.<br \/>\n<a href=\"http:\/\/blogsaverroes.juntadeandalucia.es\/orientaciondeperragorda\/files\/2015\/04\/\u00edndice3.jpeg\"><img loading=\"lazy\" decoding=\"async\" src=\"http:\/\/blogsaverroes.juntadeandalucia.es\/orientaciondeperragorda\/files\/2015\/04\/\u00edndice3.jpeg\" alt=\"\u00edndice3\" width=\"240\" height=\"144\" class=\"alignnone size-full wp-image-55\" \/><\/a><\/p>\n","protected":false},"excerpt":{"rendered":"<p>Aqu\u00ed iremos a\u00f1adiendo las preguntas que con m\u00e1s frecuencia realizan nuestros visitantes con respecto a nuestro blog.<\/p>\n","protected":false},"author":1763,"featured_media":0,"parent":0,"menu_order":0,"comment_status":"open","ping_status":"open","template":"","meta":{"ngg_post_thumbnail":0,"footnotes":""},"aioseo_notices":[],"_links":{"self":[{"href":"https:\/\/blogsaverroes.juntadeandalucia.es\/orientaciondeperragorda\/wp-json\/wp\/v2\/pages\/2"}],"collection":[{"href":"https:\/\/blogsaverroes.juntadeandalucia.es\/orientaciondeperragorda\/wp-json\/wp\/v2\/pages"}],"about":[{"href":"https:\/\/blogsaverroes.juntadeandalucia.es\/orientaciondeperragorda\/wp-json\/wp\/v2\/types\/page"}],"author":[{"embeddable":true,"href":"https:\/\/blogsaverroes.juntadeandalucia.es\/orientaciondeperragorda\/wp-json\/wp\/v2\/users\/1763"}],"replies":[{"embeddable":true,"href":"https:\/\/blogsaverroes.juntadeandalucia.es\/orientaciondeperragorda\/wp-json\/wp\/v2\/comments?post=2"}],"version-history":[{"count":2,"href":"https:\/\/blogsaverroes.juntadeandalucia.es\/orientaciondeperragorda\/wp-json\/wp\/v2\/pages\/2\/revisions"}],"predecessor-version":[{"id":56,"href":"https:\/\/blogsaverroes.juntadeandalucia.es\/orientaciondeperragorda\/wp-json\/wp\/v2\/pages\/2\/revisions\/56"}],"wp:attachment":[{"href":"https:\/\/blogsaverroes.juntadeandalucia.es\/orientaciondeperragorda\/wp-json\/wp\/v2\/media?parent=2"}],"curies":[{"name":"wp","href":"https:\/\/api.w.org\/{rel}","templated":true}]}}