{"id":133,"date":"2020-02-12T01:41:44","date_gmt":"2020-02-12T00:41:44","guid":{"rendered":"https:\/\/blogsaverroes.juntadeandalucia.es\/orientacioniesvega\/?page_id=133"},"modified":"2024-05-27T21:50:59","modified_gmt":"2024-05-27T19:50:59","slug":"acceso-a-la-universidad-desde-los-ccff","status":"publish","type":"page","link":"https:\/\/blogsaverroes.juntadeandalucia.es\/orientacioniesvega\/acceso-a-la-universidad-desde-los-ccff\/","title":{"rendered":"Acceso a la Universidad desde los CCFF"},"content":{"rendered":"<div id=\"contenido_sitio\" class=\"tiny_personalizado\">\n<table style=\"border-collapse: collapse;width: 100%\">\n<tbody>\n<tr>\n<td style=\"width: 100%;background-color: #9debc9\">\n<ul>\n<li style=\"text-align: left\"><strong>\u00bfC\u00d3MO PUEDO ACCEDER A LA UNIVERSIDAD DESDE LOS CCFF DE GRADO SUPERIOR?<\/strong>&nbsp;<\/li>\n<\/ul>\n<\/td>\n<\/tr>\n<\/tbody>\n<\/table>\n<ul style=\"list-style-type: square\">\n<li class=\"Estilo6\">Si deseas saber la relaci\u00f3n de par\u00e1metros de ponderaci\u00f3n de las familias profesionales en relaci\u00f3n con las ense\u00f1anzas universitarias para el curso 2024-2025, <strong>pincha aqu\u00ed:<\/strong>&nbsp;<strong><span style=\"color: #3366ff\"><a style=\"color: #3366ff\" href=\"https:\/\/www.juntadeandalucia.es\/economiaconocimientoempresasyuniversidad\/sguit\/?q=grados&amp;d=g_b_parametros_prox_top.php\" target=\"_blank\" rel=\"noopener noreferrer\">PAR\u00c1METROS.<\/a><\/span><br \/>\n<\/strong>&nbsp;<\/li>\n<li class=\"Estilo6\">Preferencias de acceso entre ciclos formativos de Grado Superior y Grados Universitarios. <strong>Pincha aqu\u00ed:&nbsp;<a href=\"https:\/\/www.juntadeandalucia.es\/economiaconocimientoempresasyuniversidad\/sguit\/?q=grados&amp;d=g_acceso_titulacion_top.php\" target=\"_blank\" rel=\"noopener noreferrer\">PREFERENCIAS<\/a>.<\/strong><\/li>\n<\/ul>\n<\/div>\n","protected":false},"excerpt":{"rendered":"<p>\u00bfC\u00d3MO PUEDO ACCEDER A LA UNIVERSIDAD DESDE LOS CCFF DE GRADO SUPERIOR?&nbsp; Si deseas saber la relaci\u00f3n de par\u00e1metros de ponderaci\u00f3n de las familias profesionales en relaci\u00f3n con las ense\u00f1anzas universitarias para el curso&#46;&#46;&#46;<\/p>\n","protected":false},"author":7749,"featured_media":0,"parent":0,"menu_order":0,"comment_status":"closed","ping_status":"closed","template":"","meta":{"ngg_post_thumbnail":0,"footnotes":""},"aioseo_notices":[],"_links":{"self":[{"href":"https:\/\/blogsaverroes.juntadeandalucia.es\/orientacioniesvega\/wp-json\/wp\/v2\/pages\/133"}],"collection":[{"href":"https:\/\/blogsaverroes.juntadeandalucia.es\/orientacioniesvega\/wp-json\/wp\/v2\/pages"}],"about":[{"href":"https:\/\/blogsaverroes.juntadeandalucia.es\/orientacioniesvega\/wp-json\/wp\/v2\/types\/page"}],"author":[{"embeddable":true,"href":"https:\/\/blogsaverroes.juntadeandalucia.es\/orientacioniesvega\/wp-json\/wp\/v2\/users\/7749"}],"replies":[{"embeddable":true,"href":"https:\/\/blogsaverroes.juntadeandalucia.es\/orientacioniesvega\/wp-json\/wp\/v2\/comments?post=133"}],"version-history":[{"count":16,"href":"https:\/\/blogsaverroes.juntadeandalucia.es\/orientacioniesvega\/wp-json\/wp\/v2\/pages\/133\/revisions"}],"predecessor-version":[{"id":2321,"href":"https:\/\/blogsaverroes.juntadeandalucia.es\/orientacioniesvega\/wp-json\/wp\/v2\/pages\/133\/revisions\/2321"}],"wp:attachment":[{"href":"https:\/\/blogsaverroes.juntadeandalucia.es\/orientacioniesvega\/wp-json\/wp\/v2\/media?parent=133"}],"curies":[{"name":"wp","href":"https:\/\/api.w.org\/{rel}","templated":true}]}}