{"id":1899,"date":"2023-01-30T22:47:43","date_gmt":"2023-01-30T21:47:43","guid":{"rendered":"https:\/\/blogsaverroes.juntadeandalucia.es\/orientacioniesvega\/?page_id=1899"},"modified":"2024-09-16T22:33:55","modified_gmt":"2024-09-16T20:33:55","slug":"tutorias-comunes-a-varios-grupos","status":"publish","type":"page","link":"https:\/\/blogsaverroes.juntadeandalucia.es\/orientacioniesvega\/tutorias-comunes-a-varios-grupos\/","title":{"rendered":"Tutor\u00edas comunes a varios grupos"},"content":{"rendered":"<ul style=\"list-style-type: disc\">\n<li><span style=\"color: #ff0000\"><strong>EL PRIMER D\u00cdA DE CLASE: PRESENTACI\u00d3N, NORMAS Y M\u00c1S&#8230;<\/strong><\/span><\/li>\n<\/ul>\n<p style=\"text-align: center\"><iframe loading=\"lazy\" src=\"https:\/\/view.genial.ly\/6320e04ea28319001ae805d6\" width=\"900px\" height=\"607px\" frameborder=\"0\" scrolling=\"yes\"><\/iframe><\/p>\n<ul>\n<li style=\"text-align: left\"><span style=\"color: #ff0000\"><strong>ELEGIMOS AL DELEGADO\/A DE CLASE. En colaboraci\u00f3n con mi compa\u00f1era Noem\u00ed. \u00a1Juntos lo hacemos mejor!<\/strong><\/span><\/li>\n<\/ul>\n<p style=\"text-align: center\"><iframe loading=\"lazy\" src=\"https:\/\/view.genial.ly\/6323ab840402090011ff1943\" width=\"900px\" height=\"607px\" frameborder=\"0\" scrolling=\"yes\"><\/iframe><\/p>\n<ul>\n<li style=\"text-align: left\"><span style=\"color: #ff0000\"><strong>D\u00cdA INTERNACIONAL CONTRA EL C\u00c1NCER INFANTIL.<\/strong><\/span><\/li>\n<\/ul>\n<p style=\"text-align: center\"><iframe loading=\"lazy\" src=\"https:\/\/view.genial.ly\/63d53cd63f1879001135fbe1\" width=\"900\" height=\"604\" frameborder=\"0\" scrolling=\"yes\"><\/iframe><\/p>\n<div style=\"width: 100%\">\n<div style=\"padding-bottom: 56.25%;padding-top: 0px;height: 0px;text-align: center\">&nbsp;<\/div>\n<\/div>\n","protected":false},"excerpt":{"rendered":"<p>EL PRIMER D\u00cdA DE CLASE: PRESENTACI\u00d3N, NORMAS Y M\u00c1S&#8230; ELEGIMOS AL DELEGADO\/A DE CLASE. En colaboraci\u00f3n con mi compa\u00f1era Noem\u00ed. \u00a1Juntos lo hacemos mejor! D\u00cdA INTERNACIONAL CONTRA EL C\u00c1NCER INFANTIL. &nbsp;<\/p>\n","protected":false},"author":7749,"featured_media":0,"parent":0,"menu_order":0,"comment_status":"closed","ping_status":"closed","template":"","meta":{"ngg_post_thumbnail":0,"footnotes":""},"aioseo_notices":[],"_links":{"self":[{"href":"https:\/\/blogsaverroes.juntadeandalucia.es\/orientacioniesvega\/wp-json\/wp\/v2\/pages\/1899"}],"collection":[{"href":"https:\/\/blogsaverroes.juntadeandalucia.es\/orientacioniesvega\/wp-json\/wp\/v2\/pages"}],"about":[{"href":"https:\/\/blogsaverroes.juntadeandalucia.es\/orientacioniesvega\/wp-json\/wp\/v2\/types\/page"}],"author":[{"embeddable":true,"href":"https:\/\/blogsaverroes.juntadeandalucia.es\/orientacioniesvega\/wp-json\/wp\/v2\/users\/7749"}],"replies":[{"embeddable":true,"href":"https:\/\/blogsaverroes.juntadeandalucia.es\/orientacioniesvega\/wp-json\/wp\/v2\/comments?post=1899"}],"version-history":[{"count":22,"href":"https:\/\/blogsaverroes.juntadeandalucia.es\/orientacioniesvega\/wp-json\/wp\/v2\/pages\/1899\/revisions"}],"predecessor-version":[{"id":2358,"href":"https:\/\/blogsaverroes.juntadeandalucia.es\/orientacioniesvega\/wp-json\/wp\/v2\/pages\/1899\/revisions\/2358"}],"wp:attachment":[{"href":"https:\/\/blogsaverroes.juntadeandalucia.es\/orientacioniesvega\/wp-json\/wp\/v2\/media?parent=1899"}],"curies":[{"name":"wp","href":"https:\/\/api.w.org\/{rel}","templated":true}]}}