{"id":29,"date":"2020-02-11T09:59:08","date_gmt":"2020-02-11T08:59:08","guid":{"rendered":"https:\/\/blogsaverroes.juntadeandalucia.es\/orientacioniesvega\/?page_id=29"},"modified":"2025-11-02T20:43:44","modified_gmt":"2025-11-02T19:43:44","slug":"componentes","status":"publish","type":"page","link":"https:\/\/blogsaverroes.juntadeandalucia.es\/orientacioniesvega\/componentes\/","title":{"rendered":"Componentes"},"content":{"rendered":"<table style=\"width: 100%;height: 444px\">\n<tbody>\n<tr style=\"background-color: #d7d7ff;height: 56px\">\n<td style=\"width: 825px;text-align: left;height: 56px\">\n<ul style=\"list-style-type: square\">\n<li><strong>COMPONENTES DEL DEPARTAMENTO:&nbsp;<\/strong><\/li>\n<\/ul>\n<\/td>\n<\/tr>\n<tr style=\"background-color: #effda;height: 408px\">\n<td style=\"width: 825px;text-align: left;height: 388px\">\n<ul style=\"list-style-type: square\">\n<li>&nbsp;<strong>Jefe del Departamento:<\/strong>\n<ul style=\"list-style-type: circle\">\n<li>Francisco Rivera Fern\u00e1ndez<\/li>\n<\/ul>\n<\/li>\n<li><strong>Profesorado de Apoyo a la integraci\u00f3n:<\/strong>\n<ul style=\"list-style-type: circle\">\n<li>Mercedes Natalia G\u00f3mez Palacios<\/li>\n<\/ul>\n<\/li>\n<li><strong>Profesorado de compensaci\u00f3n educativa:<\/strong>\n<ul style=\"list-style-type: circle\">\n<li>Beatriz Est\u00e9vez Fern\u00e1ndez<\/li>\n<\/ul>\n<\/li>\n<li><strong>2\u00ba profesor de apoyo:<\/strong>\n<ul style=\"list-style-type: circle\">\n<li>Trinidad Espejo Chamarro<\/li>\n<li>Sustituye: Mar\u00eda Lourdes Pi\u00f1ar Mart\u00ednez<\/li>\n<\/ul>\n<\/li>\n<li><strong>Profesorado ZTS:<\/strong>\n<ul style=\"list-style-type: square\">\n<li>Mar\u00eda Jos\u00e9 Fern\u00e1ndez Tubio<\/li>\n<\/ul>\n<\/li>\n<li><strong>Profesorado que se adscribe:<\/strong>\n<ul style=\"list-style-type: circle\">\n<li>Profesorado del \u00e1mbito del Programa de Diversificaci\u00f3n Curricular en 3\u00ba y 4\u00ba de ESO.<\/li>\n<li>Profesorado de \u00e1mbitos del programa de FP de Grado B\u00e1sico de Educaci\u00f3n Permanente.<\/li>\n<li>Las tutoras y tutores de la ESO, Bachillerato y Ciclos se coordinar\u00e1n con el Departamento de Orientaci\u00f3n para planificar y desarrollar las actividades de orientaci\u00f3n y tutor\u00eda del Centro.<\/li>\n<li>Profesorado que imparte Aprendizaje Social y Emocional.<\/li>\n<\/ul>\n<\/li>\n<\/ul>\n<\/td>\n<\/tr>\n<\/tbody>\n<\/table>\n<p>&nbsp;<\/p>\n","protected":false},"excerpt":{"rendered":"<p>COMPONENTES DEL DEPARTAMENTO:&nbsp; &nbsp;Jefe del Departamento: Francisco Rivera Fern\u00e1ndez Profesorado de Apoyo a la integraci\u00f3n: Mercedes Natalia G\u00f3mez Palacios Profesorado de compensaci\u00f3n educativa: Beatriz Est\u00e9vez Fern\u00e1ndez 2\u00ba profesor de apoyo: Trinidad Espejo Chamarro Sustituye:&#46;&#46;&#46;<\/p>\n","protected":false},"author":7749,"featured_media":0,"parent":0,"menu_order":0,"comment_status":"closed","ping_status":"closed","template":"","meta":{"ngg_post_thumbnail":0,"footnotes":""},"aioseo_notices":[],"_links":{"self":[{"href":"https:\/\/blogsaverroes.juntadeandalucia.es\/orientacioniesvega\/wp-json\/wp\/v2\/pages\/29"}],"collection":[{"href":"https:\/\/blogsaverroes.juntadeandalucia.es\/orientacioniesvega\/wp-json\/wp\/v2\/pages"}],"about":[{"href":"https:\/\/blogsaverroes.juntadeandalucia.es\/orientacioniesvega\/wp-json\/wp\/v2\/types\/page"}],"author":[{"embeddable":true,"href":"https:\/\/blogsaverroes.juntadeandalucia.es\/orientacioniesvega\/wp-json\/wp\/v2\/users\/7749"}],"replies":[{"embeddable":true,"href":"https:\/\/blogsaverroes.juntadeandalucia.es\/orientacioniesvega\/wp-json\/wp\/v2\/comments?post=29"}],"version-history":[{"count":18,"href":"https:\/\/blogsaverroes.juntadeandalucia.es\/orientacioniesvega\/wp-json\/wp\/v2\/pages\/29\/revisions"}],"predecessor-version":[{"id":2586,"href":"https:\/\/blogsaverroes.juntadeandalucia.es\/orientacioniesvega\/wp-json\/wp\/v2\/pages\/29\/revisions\/2586"}],"wp:attachment":[{"href":"https:\/\/blogsaverroes.juntadeandalucia.es\/orientacioniesvega\/wp-json\/wp\/v2\/media?parent=29"}],"curies":[{"name":"wp","href":"https:\/\/api.w.org\/{rel}","templated":true}]}}

<table style="width: 100%;height: 444px">
<tbody>
<tr style="background-color: #d7d7ff;height: 56px">
<td style="width: 825px;text-align: left;height: 56px">
<ul style="list-style-type: square">
<li><strong>COMPONENTES DEL DEPARTAMENTO:&nbsp;</strong></li>
</ul>
</td>
</tr>
<tr style="background-color: #effda;height: 408px">
<td style="width: 825px;text-align: left;height: 388px">
<ul style="list-style-type: square">
<li>&nbsp;<strong>Jefe del Departamento:</strong>
<ul style="list-style-type: circle">
<li>Francisco Rivera Fernández</li>
</ul>
</li>
<li><strong>Profesorado de Apoyo a la integración:</strong>
<ul style="list-style-type: circle">
<li>Mercedes Natalia Gómez Palacios</li>
</ul>
</li>
<li><strong>Profesorado de compensación educativa:</strong>
<ul style="list-style-type: circle">
<li>Beatriz Estévez Fernández</li>
</ul>
</li>
<li><strong>2º profesor de apoyo:</strong>
<ul style="list-style-type: circle">
<li>Trinidad Espejo Chamarro</li>
<li>Sustituye: María Lourdes Piñar Martínez</li>
</ul>
</li>
<li><strong>Profesorado ZTS:</strong>
<ul style="list-style-type: square">
<li>María José Fernández Tubio</li>
</ul>
</li>
<li><strong>Profesorado que se adscribe:</strong>
<ul style="list-style-type: circle">
<li>Profesorado del ámbito del Programa de Diversificación Curricular en 3º y 4º de ESO.</li>
<li>Profesorado de ámbitos del programa de FP de Grado Básico de Educación Permanente.</li>
<li>Las tutoras y tutores de la ESO, Bachillerato y Ciclos se coordinarán con el Departamento de Orientación para planificar y desarrollar las actividades de orientación y tutoría del Centro.</li>
<li>Profesorado que imparte Aprendizaje Social y Emocional.</li>
</ul>
</li>
</ul>
</td>
</tr>
</tbody>
</table>
<p>&nbsp;</p>

<p>COMPONENTES DEL DEPARTAMENTO:&nbsp; &nbsp;Jefe del Departamento: Francisco Rivera Fernández Profesorado de Apoyo a la integración: Mercedes Natalia Gómez Palacios Profesorado de compensación educativa: Beatriz Estévez Fernández 2º profesor de apoyo: Trinidad Espejo Chamarro Sustituye:&#46;&#46;&#46;</p>
