{"id":19,"date":"2020-11-23T13:05:16","date_gmt":"2020-11-23T13:05:16","guid":{"rendered":"https:\/\/blogsaverroes.juntadeandalucia.es\/orientacionvegademar\/?page_id=19"},"modified":"2022-06-13T11:36:15","modified_gmt":"2022-06-13T11:36:15","slug":"familias","status":"publish","type":"page","link":"https:\/\/blogsaverroes.juntadeandalucia.es\/orientacionvegademar\/familias\/","title":{"rendered":"Familias"},"content":{"rendered":"<p>La <strong>corresponsabilidad<\/strong> de las familias y la escuela en facilitar el desarrollo integral de nuestro alumnado es una pieza clave en la educaci\u00f3n de nuestro alumnado. El Departamento de Orientaci\u00f3n, junto a los tutores y tutoras, tratamos de <strong>acompa\u00f1ar a las familias en el proceso educativo<\/strong> de nuestro alumnado.<\/p>\n<h1 style=\"text-align: center\">RECURSOS PARA FAMILIAS<\/h1>\n<table style=\"width: 100%;border-collapse: collapse;background-color: #f0f0f0;height: 165px\">\n<tbody>\n<tr style=\"height: 23px\">\n<td style=\"width: 25%;height: 23px;text-align: center\"><strong>GU\u00cdA DE ACOGIDA SOCIOEMOCIONAL CURSO 2020\/2021 ESO<\/strong><\/p>\n<p><a href=\"https:\/\/drive.google.com\/file\/d\/1nsdTgCn6lNSAhnFe5RQk1y4zk2jmrSJC\/view?usp=sharing\"><img loading=\"lazy\" decoding=\"async\" class=\"alignnone size-medium wp-image-131\" src=\"https:\/\/blogsaverroes.juntadeandalucia.es\/orientacionvegademar\/files\/2020\/11\/GUIAACOGIDAESO-300x228.jpg\" alt=\"\" width=\"300\" height=\"228\" srcset=\"https:\/\/blogsaverroes.juntadeandalucia.es\/orientacionvegademar\/files\/2020\/11\/GUIAACOGIDAESO-300x228.jpg 300w, https:\/\/blogsaverroes.juntadeandalucia.es\/orientacionvegademar\/files\/2020\/11\/GUIAACOGIDAESO-768x584.jpg 768w, https:\/\/blogsaverroes.juntadeandalucia.es\/orientacionvegademar\/files\/2020\/11\/GUIAACOGIDAESO-24x18.jpg 24w, https:\/\/blogsaverroes.juntadeandalucia.es\/orientacionvegademar\/files\/2020\/11\/GUIAACOGIDAESO-36x27.jpg 36w, https:\/\/blogsaverroes.juntadeandalucia.es\/orientacionvegademar\/files\/2020\/11\/GUIAACOGIDAESO-48x37.jpg 48w, https:\/\/blogsaverroes.juntadeandalucia.es\/orientacionvegademar\/files\/2020\/11\/GUIAACOGIDAESO.jpg 865w\" sizes=\"(max-width: 300px) 100vw, 300px\" \/><\/a><\/td>\n<td style=\"width: 25%;height: 23px;text-align: center\"><strong>GU\u00cdA DE ACOGIDA SOCIOEMOCIONAL CURSO 2020\/2021 BACHILLERATO<\/strong><\/p>\n<p><a href=\"https:\/\/drive.google.com\/file\/d\/1f1fnxxn82XSeFwss98BBXWCf0UkQw6pE\/view?usp=sharing\"><img loading=\"lazy\" decoding=\"async\" class=\"alignnone wp-image-130\" src=\"https:\/\/blogsaverroes.juntadeandalucia.es\/orientacionvegademar\/files\/2020\/11\/GUIAACOGIDABAC-300x238.jpg\" alt=\"\" width=\"297\" height=\"235\" srcset=\"https:\/\/blogsaverroes.juntadeandalucia.es\/orientacionvegademar\/files\/2020\/11\/GUIAACOGIDABAC-300x238.jpg 300w, https:\/\/blogsaverroes.juntadeandalucia.es\/orientacionvegademar\/files\/2020\/11\/GUIAACOGIDABAC-768x608.jpg 768w, https:\/\/blogsaverroes.juntadeandalucia.es\/orientacionvegademar\/files\/2020\/11\/GUIAACOGIDABAC-24x19.jpg 24w, https:\/\/blogsaverroes.juntadeandalucia.es\/orientacionvegademar\/files\/2020\/11\/GUIAACOGIDABAC-36x29.jpg 36w, https:\/\/blogsaverroes.juntadeandalucia.es\/orientacionvegademar\/files\/2020\/11\/GUIAACOGIDABAC-48x38.jpg 48w, https:\/\/blogsaverroes.juntadeandalucia.es\/orientacionvegademar\/files\/2020\/11\/GUIAACOGIDABAC.jpg 857w\" sizes=\"(max-width: 297px) 100vw, 297px\" \/><\/a><\/td>\n<td style=\"width: 25%;height: 23px;text-align: center\"><strong>GU\u00cdA DE ACOGIDA SOCIOEMOCIONAL CURSO 2020\/2021 CFGM<\/strong><\/p>\n<p><a href=\"https:\/\/drive.google.com\/file\/d\/1th-YvMOZu6XabGz50OEvPPx7cf9satJ8\/view?usp=sharing\"><img loading=\"lazy\" decoding=\"async\" class=\"alignnone size-medium wp-image-129\" src=\"https:\/\/blogsaverroes.juntadeandalucia.es\/orientacionvegademar\/files\/2020\/11\/GUIAACOGIDAcfgm-300x234.jpg\" alt=\"\" width=\"300\" height=\"234\" srcset=\"https:\/\/blogsaverroes.juntadeandalucia.es\/orientacionvegademar\/files\/2020\/11\/GUIAACOGIDAcfgm-300x234.jpg 300w, https:\/\/blogsaverroes.juntadeandalucia.es\/orientacionvegademar\/files\/2020\/11\/GUIAACOGIDAcfgm-768x599.jpg 768w, https:\/\/blogsaverroes.juntadeandalucia.es\/orientacionvegademar\/files\/2020\/11\/GUIAACOGIDAcfgm-24x19.jpg 24w, https:\/\/blogsaverroes.juntadeandalucia.es\/orientacionvegademar\/files\/2020\/11\/GUIAACOGIDAcfgm-36x28.jpg 36w, https:\/\/blogsaverroes.juntadeandalucia.es\/orientacionvegademar\/files\/2020\/11\/GUIAACOGIDAcfgm-48x37.jpg 48w, https:\/\/blogsaverroes.juntadeandalucia.es\/orientacionvegademar\/files\/2020\/11\/GUIAACOGIDAcfgm.jpg 862w\" sizes=\"(max-width: 300px) 100vw, 300px\" \/><\/a><\/td>\n<td style=\"width: 25%;height: 23px;text-align: center\"><strong>PAUTAS PREVENCI\u00d3N ACOSO ESCOLAR<\/strong><\/p>\n<p>(Save the children)<\/p>\n<p><a href=\"https:\/\/drive.google.com\/file\/d\/1Bupk5n9IysqtHTVu9Yqpjif7GTfV4l1a\/view?usp=sharing\"><img loading=\"lazy\" decoding=\"async\" class=\"alignnone wp-image-355\" src=\"https:\/\/blogsaverroes.juntadeandalucia.es\/orientacionvegademar\/files\/2021\/04\/sebuscanvalientes.jpg\" alt=\"\" width=\"182\" height=\"137\"><\/a><\/td>\n<\/tr>\n<tr style=\"height: 142px\">\n<td style=\"width: 25%;text-align: center;height: 142px\"><strong>ACOGIDA A ALUMNADO EN EL IES VEGA DE MAR (2022-2023)<\/strong><\/p>\n<p><a href=\"https:\/\/www.canva.com\/design\/DAFAUNBR8s0\/oi4LHMp7zNEUD39SMuK-Hg\/view?utm_content=DAFAUNBR8s0&amp;utm_campaign=designshare&amp;utm_medium=link&amp;utm_source=publishpresent\"><img loading=\"lazy\" decoding=\"async\" class=\"alignnone size-medium wp-image-1040\" src=\"https:\/\/blogsaverroes.juntadeandalucia.es\/orientacionvegademar\/files\/2022\/05\/alumnado-bienvenido-2022-2023-300x168.jpg\" alt=\"\" width=\"300\" height=\"168\" srcset=\"https:\/\/blogsaverroes.juntadeandalucia.es\/orientacionvegademar\/files\/2022\/05\/alumnado-bienvenido-2022-2023-300x168.jpg 300w, https:\/\/blogsaverroes.juntadeandalucia.es\/orientacionvegademar\/files\/2022\/05\/alumnado-bienvenido-2022-2023-1024x572.jpg 1024w, https:\/\/blogsaverroes.juntadeandalucia.es\/orientacionvegademar\/files\/2022\/05\/alumnado-bienvenido-2022-2023-768x429.jpg 768w, https:\/\/blogsaverroes.juntadeandalucia.es\/orientacionvegademar\/files\/2022\/05\/alumnado-bienvenido-2022-2023-1536x858.jpg 1536w, https:\/\/blogsaverroes.juntadeandalucia.es\/orientacionvegademar\/files\/2022\/05\/alumnado-bienvenido-2022-2023.jpg 1920w\" sizes=\"(max-width: 300px) 100vw, 300px\" \/><\/a><\/td>\n<td style=\"width: 25%;text-align: center;height: 142px\"><strong>ACOGIDA A FAMILIAS EN EL IES VEGA DE MAR (2022-2023)<\/strong><\/p>\n<p><a href=\"https:\/\/www.canva.com\/design\/DAFDLmWmTCI\/DMMQkqvxZCMt9kap5R3fjg\/view?utm_content=DAFDLmWmTCI&amp;utm_campaign=designshare&amp;utm_medium=link&amp;utm_source=publishpresent\"><img loading=\"lazy\" decoding=\"async\" class=\"alignnone size-medium wp-image-1086\" src=\"https:\/\/blogsaverroes.juntadeandalucia.es\/orientacionvegademar\/files\/2022\/06\/Acogidafamilias22-23-300x169.jpg\" alt=\"\" width=\"300\" height=\"169\" srcset=\"https:\/\/blogsaverroes.juntadeandalucia.es\/orientacionvegademar\/files\/2022\/06\/Acogidafamilias22-23-300x169.jpg 300w, https:\/\/blogsaverroes.juntadeandalucia.es\/orientacionvegademar\/files\/2022\/06\/Acogidafamilias22-23.jpg 605w\" sizes=\"(max-width: 300px) 100vw, 300px\" \/><\/a><\/td>\n<td style=\"width: 25%;text-align: center;height: 142px\"><strong>JUEGO ONLINE ACOGIDA A ALUMNADO<\/strong><\/p>\n<p><a href=\"https:\/\/view.genial.ly\/608f9bc8598ae00d1f90a786\/game-breakout-break-out-ies-vega-de-mar\"><img loading=\"lazy\" decoding=\"async\" class=\"alignnone size-medium wp-image-472\" src=\"https:\/\/blogsaverroes.juntadeandalucia.es\/orientacionvegademar\/files\/2021\/06\/Tr\u00e1nsitov2-300x139.jpg\" alt=\"\" width=\"300\" height=\"139\" srcset=\"https:\/\/blogsaverroes.juntadeandalucia.es\/orientacionvegademar\/files\/2021\/06\/Tr\u00e1nsitov2-300x139.jpg 300w, https:\/\/blogsaverroes.juntadeandalucia.es\/orientacionvegademar\/files\/2021\/06\/Tr\u00e1nsitov2-1024x475.jpg 1024w, https:\/\/blogsaverroes.juntadeandalucia.es\/orientacionvegademar\/files\/2021\/06\/Tr\u00e1nsitov2-768x356.jpg 768w, https:\/\/blogsaverroes.juntadeandalucia.es\/orientacionvegademar\/files\/2021\/06\/Tr\u00e1nsitov2-1536x713.jpg 1536w, https:\/\/blogsaverroes.juntadeandalucia.es\/orientacionvegademar\/files\/2021\/06\/Tr\u00e1nsitov2-980x450.jpg 980w, https:\/\/blogsaverroes.juntadeandalucia.es\/orientacionvegademar\/files\/2021\/06\/Tr\u00e1nsitov2.jpg 1920w\" sizes=\"(max-width: 300px) 100vw, 300px\" \/><\/a><\/td>\n<td style=\"width: 25%;text-align: center;height: 142px\"><strong>GU\u00cdA TIK TOK PARA FAMILIAS<\/strong><\/p>\n<p><strong><a href=\"https:\/\/www.observatoriodelainfancia.es\/ficherosoia\/documentos\/7509_d_Guia_TikTok_Pantallasamigas.pdf\"><img loading=\"lazy\" decoding=\"async\" class=\"alignnone wp-image-486\" src=\"https:\/\/blogsaverroes.juntadeandalucia.es\/orientacionvegademar\/files\/2021\/06\/tiktok-210x300.jpg\" alt=\"\" width=\"112\" height=\"160\" srcset=\"https:\/\/blogsaverroes.juntadeandalucia.es\/orientacionvegademar\/files\/2021\/06\/tiktok-210x300.jpg 210w, https:\/\/blogsaverroes.juntadeandalucia.es\/orientacionvegademar\/files\/2021\/06\/tiktok.jpg 545w\" sizes=\"(max-width: 112px) 100vw, 112px\" \/><\/a>&nbsp;<\/strong><\/td>\n<\/tr>\n<tr>\n<td style=\"width: 25%;text-align: center\"><strong>C\u00d3MO RECONOCER S\u00cdNTOMAS DE ADICCIONES<\/strong><\/p>\n<p><a href=\"https:\/\/drive.google.com\/file\/d\/1SCcxIOyJPubhFnlUhJXOvxGCTRJXxWQ5\/view?usp=sharing\"><img loading=\"lazy\" decoding=\"async\" class=\"alignnone wp-image-593\" src=\"https:\/\/blogsaverroes.juntadeandalucia.es\/orientacionvegademar\/files\/2021\/11\/ADICCIONES-211x300.jpg\" alt=\"\" width=\"175\" height=\"248\" srcset=\"https:\/\/blogsaverroes.juntadeandalucia.es\/orientacionvegademar\/files\/2021\/11\/ADICCIONES-211x300.jpg 211w, https:\/\/blogsaverroes.juntadeandalucia.es\/orientacionvegademar\/files\/2021\/11\/ADICCIONES.jpg 522w\" sizes=\"(max-width: 175px) 100vw, 175px\" \/><\/a><\/td>\n<td style=\"width: 25%;text-align: center\"><strong>&nbsp;HIJOS DEL AZ\u00daCAR &#8211; ALIMENTACI\u00d3N SALUDABLE<\/strong><\/p>\n<p><a href=\"https:\/\/www.youtube.com\/watch?v=zJqtZ7haUrA&amp;ab_channel=CreatividadenBlanco\"><img loading=\"lazy\" decoding=\"async\" class=\"alignnone size-medium wp-image-728\" src=\"https:\/\/blogsaverroes.juntadeandalucia.es\/orientacionvegademar\/files\/2022\/01\/hijosdelazucar-300x169.jpg\" alt=\"\" width=\"300\" height=\"169\" srcset=\"https:\/\/blogsaverroes.juntadeandalucia.es\/orientacionvegademar\/files\/2022\/01\/hijosdelazucar-300x169.jpg 300w, https:\/\/blogsaverroes.juntadeandalucia.es\/orientacionvegademar\/files\/2022\/01\/hijosdelazucar.jpg 620w\" sizes=\"(max-width: 300px) 100vw, 300px\" \/><\/a><\/p>\n<p>&nbsp;<\/td>\n<td style=\"width: 25%;text-align: center\">\n<p style=\"text-align: center\"><strong>&nbsp;SALUD MENTAL EN ADOLESCENTES<\/strong><\/p>\n<p><span style=\"font-size: 10pt\">Gu\u00eda para profesorado y familias<\/span><\/p>\n<p><a href=\"https:\/\/drive.google.com\/file\/d\/10arYu5JXJvWhKQpO-M_YgKN4RPES0I9n\/view?usp=sharing\"><img loading=\"lazy\" decoding=\"async\" class=\"alignnone wp-image-874\" src=\"https:\/\/blogsaverroes.juntadeandalucia.es\/orientacionvegademar\/files\/2022\/02\/Guiasaludmentl-205x300.jpg\" alt=\"\" width=\"204\" height=\"298\" srcset=\"https:\/\/blogsaverroes.juntadeandalucia.es\/orientacionvegademar\/files\/2022\/02\/Guiasaludmentl-205x300.jpg 205w, https:\/\/blogsaverroes.juntadeandalucia.es\/orientacionvegademar\/files\/2022\/02\/Guiasaludmentl.jpg 412w\" sizes=\"(max-width: 204px) 100vw, 204px\" \/><\/a><\/p>\n<p><strong>&nbsp;<\/strong><\/td>\n<td style=\"width: 25%;text-align: center\"><strong>KIT DE EMERGENCIA PARA ORIENTAR A MIS HIJOS E HIJAS<\/strong><\/p>\n<p>Gu\u00eda b\u00e1sica de recursos de orientaci\u00f3n al terminar la ESO (o casi terminarla)&nbsp;<\/p>\n<p><a href=\"https:\/\/daviddelarosaedu.wixsite.com\/inkludita\/post\/kit-de-emergencias-para-orientar-a-mis-hijos-as\"><img loading=\"lazy\" decoding=\"async\" class=\"alignnone size-medium wp-image-901\" src=\"https:\/\/blogsaverroes.juntadeandalucia.es\/orientacionvegademar\/files\/2022\/02\/kitemergenica-300x223.jpg\" alt=\"\" width=\"300\" height=\"223\" srcset=\"https:\/\/blogsaverroes.juntadeandalucia.es\/orientacionvegademar\/files\/2022\/02\/kitemergenica-300x223.jpg 300w, https:\/\/blogsaverroes.juntadeandalucia.es\/orientacionvegademar\/files\/2022\/02\/kitemergenica-768x571.jpg 768w, https:\/\/blogsaverroes.juntadeandalucia.es\/orientacionvegademar\/files\/2022\/02\/kitemergenica.jpg 988w\" sizes=\"(max-width: 300px) 100vw, 300px\" \/><\/a><\/td>\n<\/tr>\n<tr>\n<td style=\"width: 25%;text-align: center;height: 142px\"><strong>ACOGIDA A FAMILIAS EN EL IES VEGA DE MAR Y SESO LA AZUCARERA (2021-2022)<\/strong><\/p>\n<p><a href=\"https:\/\/www.canva.com\/design\/DAEgx88XgNo\/Q6DvMazN9MsAtukccrTf9Q\/view?utm_content=DAEgx88XgNo&amp;utm_campaign=designshare&amp;utm_medium=link&amp;utm_source=publishsharelink\"><img loading=\"lazy\" decoding=\"async\" class=\"alignnone size-medium wp-image-469\" src=\"https:\/\/blogsaverroes.juntadeandalucia.es\/orientacionvegademar\/files\/2021\/06\/bienvenidos-300x168.jpg\" alt=\"\" width=\"300\" height=\"168\" srcset=\"https:\/\/blogsaverroes.juntadeandalucia.es\/orientacionvegademar\/files\/2021\/06\/bienvenidos-300x168.jpg 300w, https:\/\/blogsaverroes.juntadeandalucia.es\/orientacionvegademar\/files\/2021\/06\/bienvenidos-1024x573.jpg 1024w, https:\/\/blogsaverroes.juntadeandalucia.es\/orientacionvegademar\/files\/2021\/06\/bienvenidos-768x430.jpg 768w, https:\/\/blogsaverroes.juntadeandalucia.es\/orientacionvegademar\/files\/2021\/06\/bienvenidos-1536x860.jpg 1536w, https:\/\/blogsaverroes.juntadeandalucia.es\/orientacionvegademar\/files\/2021\/06\/bienvenidos.jpg 1920w\" sizes=\"(max-width: 300px) 100vw, 300px\" \/><\/a><\/td>\n<td style=\"width: 25%;text-align: center;height: 142px\"><strong>ACOGIDA A ALUMNADO EN IES VEGA DE MAR Y SESO LA AZUCARERA (2021-2022)<\/strong><\/p>\n<p><a href=\"https:\/\/www.canva.com\/design\/DAEeV2wsDr4\/LOeF_7CpI7Ht2kp76fl4IA\/view?utm_content=DAEeV2wsDr4&amp;utm_campaign=designshare&amp;utm_medium=link&amp;utm_source=publishpresent\"><img loading=\"lazy\" decoding=\"async\" class=\"alignnone size-medium wp-image-471\" src=\"https:\/\/blogsaverroes.juntadeandalucia.es\/orientacionvegademar\/files\/2021\/06\/bienvenidos2-300x169.jpg\" alt=\"\" width=\"300\" height=\"169\" srcset=\"https:\/\/blogsaverroes.juntadeandalucia.es\/orientacionvegademar\/files\/2021\/06\/bienvenidos2-300x169.jpg 300w, https:\/\/blogsaverroes.juntadeandalucia.es\/orientacionvegademar\/files\/2021\/06\/bienvenidos2-1024x576.jpg 1024w, https:\/\/blogsaverroes.juntadeandalucia.es\/orientacionvegademar\/files\/2021\/06\/bienvenidos2-768x432.jpg 768w, https:\/\/blogsaverroes.juntadeandalucia.es\/orientacionvegademar\/files\/2021\/06\/bienvenidos2-1536x864.jpg 1536w, https:\/\/blogsaverroes.juntadeandalucia.es\/orientacionvegademar\/files\/2021\/06\/bienvenidos2.jpg 1920w\" sizes=\"(max-width: 300px) 100vw, 300px\" \/><\/a><\/td>\n<td style=\"width: 25%;text-align: center;height: 142px\"><strong>KIT DE ACOGIDA A FAMILIAS 2022-2023<\/strong><\/p>\n<p>Gu\u00eda b\u00e1sica de acogida a familias de nueva incorporaci\u00f3n al centro<\/p>\n<p><a href=\"https:\/\/drive.google.com\/file\/d\/1ffrQy5JLCCOY_2fyRGpJ9uwqXYGVGBmc\/view?usp=sharing\"><img loading=\"lazy\" decoding=\"async\" class=\"alignnone size-medium wp-image-1087\" src=\"https:\/\/blogsaverroes.juntadeandalucia.es\/orientacionvegademar\/files\/2022\/06\/kitfamilais-300x210.jpg\" alt=\"\" width=\"300\" height=\"210\" srcset=\"https:\/\/blogsaverroes.juntadeandalucia.es\/orientacionvegademar\/files\/2022\/06\/kitfamilais-300x210.jpg 300w, https:\/\/blogsaverroes.juntadeandalucia.es\/orientacionvegademar\/files\/2022\/06\/kitfamilais-768x537.jpg 768w, https:\/\/blogsaverroes.juntadeandalucia.es\/orientacionvegademar\/files\/2022\/06\/kitfamilais.jpg 848w\" sizes=\"(max-width: 300px) 100vw, 300px\" \/><\/a><\/td>\n<td style=\"width: 25%;text-align: center;height: 142px\">&nbsp;<\/td>\n<\/tr>\n<\/tbody>\n<\/table>\n","protected":false},"excerpt":{"rendered":"<p>La corresponsabilidad de las familias y la escuela en facilitar el desarrollo integral de nuestro alumnado es una pieza clave en la educaci\u00f3n de nuestro alumnado. El Departamento de Orientaci\u00f3n, junto a los tutores&#46;&#46;&#46;<\/p>\n","protected":false},"author":11559,"featured_media":0,"parent":0,"menu_order":0,"comment_status":"closed","ping_status":"closed","template":"","meta":{"ngg_post_thumbnail":0,"footnotes":""},"aioseo_notices":[],"post_mailing_queue_ids":[],"_links":{"self":[{"href":"https:\/\/blogsaverroes.juntadeandalucia.es\/orientacionvegademar\/wp-json\/wp\/v2\/pages\/19"}],"collection":[{"href":"https:\/\/blogsaverroes.juntadeandalucia.es\/orientacionvegademar\/wp-json\/wp\/v2\/pages"}],"about":[{"href":"https:\/\/blogsaverroes.juntadeandalucia.es\/orientacionvegademar\/wp-json\/wp\/v2\/types\/page"}],"author":[{"embeddable":true,"href":"https:\/\/blogsaverroes.juntadeandalucia.es\/orientacionvegademar\/wp-json\/wp\/v2\/users\/11559"}],"replies":[{"embeddable":true,"href":"https:\/\/blogsaverroes.juntadeandalucia.es\/orientacionvegademar\/wp-json\/wp\/v2\/comments?post=19"}],"version-history":[{"count":16,"href":"https:\/\/blogsaverroes.juntadeandalucia.es\/orientacionvegademar\/wp-json\/wp\/v2\/pages\/19\/revisions"}],"predecessor-version":[{"id":1088,"href":"https:\/\/blogsaverroes.juntadeandalucia.es\/orientacionvegademar\/wp-json\/wp\/v2\/pages\/19\/revisions\/1088"}],"wp:attachment":[{"href":"https:\/\/blogsaverroes.juntadeandalucia.es\/orientacionvegademar\/wp-json\/wp\/v2\/media?parent=19"}],"curies":[{"name":"wp","href":"https:\/\/api.w.org\/{rel}","templated":true}]}}