{"id":20,"date":"2020-11-23T13:05:16","date_gmt":"2020-11-23T13:05:16","guid":{"rendered":"https:\/\/blogsaverroes.juntadeandalucia.es\/orientacionvegademar\/?page_id=20"},"modified":"2021-11-24T13:08:19","modified_gmt":"2021-11-24T13:08:19","slug":"contacta","status":"publish","type":"page","link":"https:\/\/blogsaverroes.juntadeandalucia.es\/orientacionvegademar\/contacta\/","title":{"rendered":"Contacta"},"content":{"rendered":"<p>El Departamento de Orientaci\u00f3n est\u00e1 compuesto por el <strong>profesorado especialista en orientaci\u00f3n educativa y en atenci\u00f3n a la diversidad<\/strong>. Puedes contactar con nosotros y nosotras a trav\u00e9s de correo electr\u00f3nico, tel\u00e9fono o con cita previa.<\/p>\n<table style=\"height: 22px;width: 100%;border-collapse: collapse;background-color: #f0f0f0\">\n<tbody>\n<tr style=\"height: 23px\">\n<td style=\"height: 22px;text-align: center\" colspan=\"2\"><strong>DAVID DE LA ROSA<\/strong><\/p>\n<p>Orientador educativo (IES Vega de Mar)<\/p>\n<p><span style=\"font-size: 10pt\">daviddelarosa@vegademar.org<\/span><br \/>\n<span style=\"font-size: 10pt\">fdavid.rosa.edu@juntadeandalucia.es<\/span><\/td>\n<td style=\"height: 22px;text-align: center\" colspan=\"2\"><strong>MERCEDES PARRA<\/strong><\/p>\n<p>Maestra especialista en pedagog\u00eda terap\u00e9utica&nbsp;<\/p>\n<p><span style=\"font-size: 10pt\">&nbsp;mercedesparra@vegademar.org<\/span><\/td>\n<\/tr>\n<tr>\n<td style=\"width: 25%;text-align: center\" colspan=\"2\"><strong>CLARA MORELL<\/strong><\/p>\n<p>Orientadora educativa (SESO La Azucarera)<\/p>\n<p><span style=\"font-size: 10pt\">claramorell@vegademar.org<\/span><\/td>\n<td style=\"width: 25%;text-align: center\" colspan=\"2\"><strong>IRENE MORALES<\/strong><\/p>\n<p>Profesora del Aula Temporal de Adaptaci\u00f3n Ling\u00fc\u00edstica.<\/p>\n<p><span style=\"font-size: 10pt\">irenemoralesgarrido@vegademar.org<\/span><\/td>\n<\/tr>\n<\/tbody>\n<\/table>\n<p>Adem\u00e1s forman parte del departamento de orientaci\u00f3n, aunque adscritos a otros departamentos por motivos organizativos:<\/p>\n<ul>\n<li>Profesorado que imparte \u00e1mbitos de PMAR.<\/li>\n<li>Profesorado que imparte programa de refuerzo de materias troncales en 1\u00ba y 4\u00ba de ESO.<\/li>\n<\/ul>\n<p>Desde el departamento de orientaci\u00f3n se asesora en procesos de acci\u00f3n tutorial, inclusi\u00f3n, convivencia, procesos de ense\u00f1anza-aprendizaje y orientaci\u00f3n vocacional, dirigi\u00e9ndose al conjunto de la comunidad educativa (alumnado, profesorado y familias).&nbsp;<\/p>\n<p>Adem\u00e1s, puedes unirte a los Google Class Room destinados a los grupos de la ESO, PMAR o ense\u00f1anzas post-obligatorias para estar al tanto de todas las noticias de nuestro departamento. En este enlace encontrar\u00e1s las claves: <a href=\"https:\/\/blogsaverroes.juntadeandalucia.es\/orientacionvegademar\/files\/2021\/11\/Modern-Stickers-Classroom-Rules-Poster-6.pdf\">Enlaces departamento de orientaci\u00f3n Class Room<\/a><\/p>\n<p>&nbsp;<\/p>\n","protected":false},"excerpt":{"rendered":"<p>El Departamento de Orientaci\u00f3n est\u00e1 compuesto por el profesorado especialista en orientaci\u00f3n educativa y en atenci\u00f3n a la diversidad. Puedes contactar con nosotros y nosotras a trav\u00e9s de correo electr\u00f3nico, tel\u00e9fono o con cita&#46;&#46;&#46;<\/p>\n","protected":false},"author":11559,"featured_media":0,"parent":0,"menu_order":0,"comment_status":"closed","ping_status":"closed","template":"","meta":{"ngg_post_thumbnail":0,"footnotes":""},"aioseo_notices":[],"post_mailing_queue_ids":[],"_links":{"self":[{"href":"https:\/\/blogsaverroes.juntadeandalucia.es\/orientacionvegademar\/wp-json\/wp\/v2\/pages\/20"}],"collection":[{"href":"https:\/\/blogsaverroes.juntadeandalucia.es\/orientacionvegademar\/wp-json\/wp\/v2\/pages"}],"about":[{"href":"https:\/\/blogsaverroes.juntadeandalucia.es\/orientacionvegademar\/wp-json\/wp\/v2\/types\/page"}],"author":[{"embeddable":true,"href":"https:\/\/blogsaverroes.juntadeandalucia.es\/orientacionvegademar\/wp-json\/wp\/v2\/users\/11559"}],"replies":[{"embeddable":true,"href":"https:\/\/blogsaverroes.juntadeandalucia.es\/orientacionvegademar\/wp-json\/wp\/v2\/comments?post=20"}],"version-history":[{"count":14,"href":"https:\/\/blogsaverroes.juntadeandalucia.es\/orientacionvegademar\/wp-json\/wp\/v2\/pages\/20\/revisions"}],"predecessor-version":[{"id":676,"href":"https:\/\/blogsaverroes.juntadeandalucia.es\/orientacionvegademar\/wp-json\/wp\/v2\/pages\/20\/revisions\/676"}],"wp:attachment":[{"href":"https:\/\/blogsaverroes.juntadeandalucia.es\/orientacionvegademar\/wp-json\/wp\/v2\/media?parent=20"}],"curies":[{"name":"wp","href":"https:\/\/api.w.org\/{rel}","templated":true}]}}

<p>El Departamento de Orientación está compuesto por el <strong>profesorado especialista en orientación educativa y en atención a la diversidad</strong>. Puedes contactar con nosotros y nosotras a través de correo electrónico, teléfono o con cita previa.</p>
<table style="height: 22px;width: 100%;border-collapse: collapse;background-color: #f0f0f0">
<tbody>
<tr style="height: 23px">
<td style="height: 22px;text-align: center" colspan="2"><strong>DAVID DE LA ROSA</strong></p>
<p>Orientador educativo (IES Vega de Mar)</p>
<p><span style="font-size: 10pt">daviddelarosa@vegademar.org</span><br />
<span style="font-size: 10pt">fdavid.rosa.edu@juntadeandalucia.es</span></td>
<td style="height: 22px;text-align: center" colspan="2"><strong>MERCEDES PARRA</strong></p>
<p>Maestra especialista en pedagogía terapéutica&nbsp;</p>
<p><span style="font-size: 10pt">&nbsp;mercedesparra@vegademar.org</span></td>
</tr>
<tr>
<td style="width: 25%;text-align: center" colspan="2"><strong>CLARA MORELL</strong></p>
<p>Orientadora educativa (SESO La Azucarera)</p>
<p><span style="font-size: 10pt">claramorell@vegademar.org</span></td>
<td style="width: 25%;text-align: center" colspan="2"><strong>IRENE MORALES</strong></p>
<p>Profesora del Aula Temporal de Adaptación Lingüística.</p>
<p><span style="font-size: 10pt">irenemoralesgarrido@vegademar.org</span></td>
</tr>
</tbody>
</table>
<p>Además forman parte del departamento de orientación, aunque adscritos a otros departamentos por motivos organizativos:</p>
<ul>
<li>Profesorado que imparte ámbitos de PMAR.</li>
<li>Profesorado que imparte programa de refuerzo de materias troncales en 1º y 4º de ESO.</li>
</ul>
<p>Desde el departamento de orientación se asesora en procesos de acción tutorial, inclusión, convivencia, procesos de enseñanza-aprendizaje y orientación vocacional, dirigiéndose al conjunto de la comunidad educativa (alumnado, profesorado y familias).&nbsp;</p>
<p>Además, puedes unirte a los Google Class Room destinados a los grupos de la ESO, PMAR o enseñanzas post-obligatorias para estar al tanto de todas las noticias de nuestro departamento. En este enlace encontrarás las claves: <a href="https://blogsaverroes.juntadeandalucia.es/orientacionvegademar/files/2021/11/Modern-Stickers-Classroom-Rules-Poster-6.pdf">Enlaces departamento de orientación Class Room</a></p>
<p>&nbsp;</p>

<p>El Departamento de Orientación está compuesto por el profesorado especialista en orientación educativa y en atención a la diversidad. Puedes contactar con nosotros y nosotras a través de correo electrónico, teléfono o con cita&#46;&#46;&#46;</p>
